-- Table structure for table `wppo_revslider_css`
--

CREATE TABLE `wppo_revslider_css` (
  `id` int(9) NOT NULL AUTO_INCREMENT,
  `handle` text NOT NULL,
  `settings` longtext DEFAULT NULL,
  `hover` longtext DEFAULT NULL,
  `advanced` longtext DEFAULT NULL,
  `params` longtext NOT NULL,
  PRIMARY KEY (`id`),
  KEY `handle_index` (`handle`(64))
) ENGINE=MyISAM AUTO_INCREMENT=110 DEFAULT CHARSET=utf8mb4 COLLATE=utf8mb4_unicode_520_ci;

--
-- Dumping data for table `wppo_revslider_css`
--

INSERT INTO `wppo_revslider_css` VALUES (1,'.tp-caption.medium_grey','{\"translated\":5,\"type\":\"text\",\"version\":\"4\"}','null','{\"idle\":{\"position\":\"absolute\",\"text-shadow\":\"0px 2px 5px rgba(0, 0, 0, 0.5)\",\"white-space\":\"nowrap\"},\"hover\":[]}','{\"color\":\"#fff\",\"font-weight\":\"700\",\"font-size\":\"20px\",\"line-height\":\"20px\",\"font-family\":\"Arial\",\"padding\":\"2px 4px\",\"margin\":\"0px\",\"border-width\":\"0px\",\"border-style\":\"none\",\"background-color\":\"#888\"}'),(2,'.tp-caption.small_text','{\"translated\":5,\"type\":\"text\",\"version\":\"4\"}','null','{\"idle\":{\"position\":\"absolute\",\"text-shadow\":\"0px 2px 5px rgba(0, 0, 0, 0.5)\",\"white-space\":\"nowrap\"},\"hover\":[]}','{\"color\":\"#fff\",\"font-weight\":\"700\",\"font-size\":\"14px\",\"line-height\":\"20px\",\"font-family\":\"Arial\",\"margin\":\"0px\",\"border-width\":\"0px\",\"border-style\":\"none\"}'),(3,'.tp-caption.medium_text','{\"translated\":5,\"type\":\"text\",\"version\":\"4\"}','null','{\"idle\":{\"position\":\"absolute\",\"text-shadow\":\"0px 2px 5px rgba(0, 0, 0, 0.5)\",\"white-space\":\"nowrap\"},\"hover\":[]}','{\"color\":\"#fff\",\"font-weight\":\"700\",\"font-size\":\"20px\",\"line-height\":\"20px\",\"font-family\":\"Arial\",\"margin\":\"0px\",\"border-width\":\"0px\",\"border-style\":\"none\"}'),(4,'.tp-caption.large_text','{\"translated\":5,\"type\":\"text\",\"version\":\"4\"}','null','{\"idle\":{\"position\":\"absolute\",\"text-shadow\":\"0px 2px 5px rgba(0, 0, 0, 0.5)\",\"white-space\":\"nowrap\"},\"hover\":[]}','{\"color\":\"#fff\",\"font-weight\":\"700\",\"font-size\":\"40px\",\"line-height\":\"40px\",\"font-family\":\"Arial\",\"margin\":\"0px\",\"border-width\":\"0px\",\"border-style\":\"none\"}'),(5,'.tp-caption.very_large_text','{\"translated\":5,\"type\":\"text\",\"version\":\"4\"}','null','{\"idle\":{\"position\":\"absolute\",\"text-shadow\":\"0px 2px 5px rgba(0, 0, 0, 0.5)\",\"white-space\":\"nowrap\",\"letter-spacing\":\"-2px\"},\"hover\":[]}','{\"color\":\"#fff\",\"font-weight\":\"700\",\"font-size\":\"60px\",\"line-height\":\"60px\",\"font-family\":\"Arial\",\"margin\":\"0px\",\"border-width\":\"0px\",\"border-style\":\"none\"}'),(6,'.tp-caption.very_big_white','{\"translated\":5,\"type\":\"text\",\"version\":\"4\"}','null','{\"idle\":{\"position\":\"absolute\",\"text-shadow\":\"none\",\"white-space\":\"nowrap\",\"padding-top\":\"1px\"},\"hover\":[]}','{\"color\":\"#fff\",\"font-weight\":\"800\",\"font-size\":\"60px\",\"line-height\":\"60px\",\"font-family\":\"Arial\",\"margin\":\"0px\",\"border-width\":\"0px\",\"border-style\":\"none\",\"padding\":\"0px 4px\",\"background-color\":\"#000\"}'),(7,'.tp-caption.very_big_black','{\"translated\":5,\"type\":\"text\",\"version\":\"4\"}','null','{\"idle\":{\"position\":\"absolute\",\"text-shadow\":\"none\",\"white-space\":\"nowrap\",\"padding-top\":\"1px\"},\"hover\":[]}','{\"color\":\"#000\",\"font-weight\":\"700\",\"font-size\":\"60px\",\"line-height\":\"60px\",\"font-family\":\"Arial\",\"margin\":\"0px\",\"border-width\":\"0px\",\"border-style\":\"none\",\"padding\":\"0px 4px\",\"background-color\":\"#fff\"}'),(8,'.tp-caption.modern_medium_fat','{\"translated\":5,\"type\":\"text\",\"version\":\"4\"}','null','{\"idle\":{\"position\":\"absolute\",\"text-shadow\":\"none\",\"white-space\":\"nowrap\"},\"hover\":[]}','{\"color\":\"#000\",\"font-weight\":\"800\",\"font-size\":\"24px\",\"line-height\":\"20px\",\"font-family\":\"\\\"Open Sans\\\", sans-serif\",\"margin\":\"0px\",\"border-width\":\"0px\",\"border-style\":\"none\"}'),(9,'.tp-caption.modern_medium_fat_white','{\"translated\":5,\"type\":\"text\",\"version\":\"4\"}','null','{\"idle\":{\"position\":\"absolute\",\"text-shadow\":\"none\",\"white-space\":\"nowrap\"},\"hover\":[]}','{\"color\":\"#fff\",\"font-weight\":\"800\",\"font-size\":\"24px\",\"line-height\":\"20px\",\"font-family\":\"\\\"Open Sans\\\", sans-serif\",\"margin\":\"0px\",\"border-width\":\"0px\",\"border-style\":\"none\"}'),(10,'.tp-caption.modern_medium_light','{\"translated\":5,\"type\":\"text\",\"version\":\"4\"}','null','{\"idle\":{\"position\":\"absolute\",\"text-shadow\":\"none\",\"white-space\":\"nowrap\"},\"hover\":[]}','{\"color\":\"#000\",\"font-weight\":\"300\",\"font-size\":\"24px\",\"line-height\":\"20px\",\"font-family\":\"\\\"Open Sans\\\", sans-serif\",\"margin\":\"0px\",\"border-width\":\"0px\",\"border-style\":\"none\"}'),(11,'.tp-caption.modern_big_bluebg','{\"translated\":5,\"type\":\"text\",\"version\":\"4\"}','null','{\"idle\":{\"position\":\"absolute\",\"text-shadow\":\"none\",\"letter-spacing\":\"0\"},\"hover\":[]}','{\"color\":\"#fff\",\"font-weight\":\"800\",\"font-size\":\"30px\",\"line-height\":\"36px\",\"font-family\":\"\\\"Open Sans\\\", sans-serif\",\"padding\":\"3px 10px\",\"margin\":\"0px\",\"border-width\":\"0px\",\"border-style\":\"none\",\"background-color\":\"#4e5b6c\"}'),(12,'.tp-caption.modern_big_redbg','{\"translated\":5,\"type\":\"text\",\"version\":\"4\"}','null','{\"idle\":{\"position\":\"absolute\",\"text-shadow\":\"none\",\"padding-top\":\"1px\",\"letter-spacing\":\"0\"},\"hover\":[]}','{\"color\":\"#fff\",\"font-weight\":\"300\",\"font-size\":\"30px\",\"line-height\":\"36px\",\"font-family\":\"\\\"Open Sans\\\", sans-serif\",\"padding\":\"3px 10px\",\"margin\":\"0px\",\"border-width\":\"0px\",\"border-style\":\"none\",\"background-color\":\"#de543e\"}'),(13,'.tp-caption.modern_small_text_dark','{\"translated\":5,\"type\":\"text\",\"version\":\"4\"}','null','{\"idle\":{\"position\":\"absolute\",\"text-shadow\":\"none\",\"white-space\":\"nowrap\"},\"hover\":[]}','{\"color\":\"#555\",\"font-size\":\"14px\",\"line-height\":\"22px\",\"font-family\":\"Arial\",\"margin\":\"0px\",\"border-width\":\"0px\",\"border-style\":\"none\"}'),(14,'.tp-caption.boxshadow','{\"translated\":5,\"type\":\"text\",\"version\":\"4\"}','null','{\"idle\":{\"-moz-box-shadow\":\"0px 0px 20px rgba(0, 0, 0, 0.5)\",\"-webkit-box-shadow\":\"0px 0px 20px rgba(0, 0, 0, 0.5)\",\"box-shadow\":\"0px 0px 20px rgba(0, 0, 0, 0.5)\"},\"hover\":[]}','[]'),(15,'.tp-caption.black','{\"translated\":5,\"type\":\"text\",\"version\":\"4\"}','null','{\"idle\":{\"text-shadow\":\"none\"},\"hover\":[]}','{\"color\":\"#000\"}'),(16,'.tp-caption.noshadow','{\"translated\":5,\"type\":\"text\",\"version\":\"4\"}','null','{\"idle\":{\"text-shadow\":\"none\"},\"hover\":[]}','[]'),(17,'.tp-caption.thinheadline_dark','{\"translated\":5,\"type\":\"text\",\"version\":\"4\"}','null','{\"idle\":{\"position\":\"absolute\",\"text-shadow\":\"none\"},\"hover\":[]}','{\"color\":\"rgba(0,0,0,0.85)\",\"font-weight\":\"300\",\"font-size\":\"30px\",\"line-height\":\"30px\",\"font-family\":\"\\\"Open Sans\\\"\",\"background-color\":\"transparent\"}'),(18,'.tp-caption.thintext_dark','{\"translated\":5,\"type\":\"text\",\"version\":\"4\"}','null','{\"idle\":{\"position\":\"absolute\",\"text-shadow\":\"none\"},\"hover\":[]}','{\"color\":\"rgba(0,0,0,0.85)\",\"font-weight\":\"300\",\"font-size\":\"16px\",\"line-height\":\"26px\",\"font-family\":\"\\\"Open Sans\\\"\",\"background-color\":\"transparent\"}'),(19,'.tp-caption.largeblackbg','{\"translated\":5,\"type\":\"text\",\"version\":\"4\"}','null','{\"idle\":{\"position\":\"absolute\",\"text-shadow\":\"none\",\"-webkit-border-radius\":\"0px\",\"-moz-border-radius\":\"0px\"},\"hover\":[]}','{\"color\":\"#fff\",\"font-weight\":\"300\",\"font-size\":\"50px\",\"line-height\":\"70px\",\"font-family\":\"\\\"Open Sans\\\"\",\"background-color\":\"#000\",\"padding\":\"0px 20px\",\"border-radius\":\"0px\"}'),(20,'.tp-caption.largepinkbg','{\"translated\":5,\"type\":\"text\",\"version\":\"4\"}','null','{\"idle\":{\"position\":\"absolute\",\"text-shadow\":\"none\",\"-webkit-border-radius\":\"0px\",\"-moz-border-radius\":\"0px\"},\"hover\":[]}','{\"color\":\"#fff\",\"font-weight\":\"300\",\"font-size\":\"50px\",\"line-height\":\"70px\",\"font-family\":\"\\\"Open Sans\\\"\",\"background-color\":\"#db4360\",\"padding\":\"0px 20px\",\"border-radius\":\"0px\"}'),(21,'.tp-caption.largewhitebg','{\"translated\":5,\"type\":\"text\",\"version\":\"4\"}','null','{\"idle\":{\"position\":\"absolute\",\"text-shadow\":\"none\",\"-webkit-border-radius\":\"0px\",\"-moz-border-radius\":\"0px\"},\"hover\":[]}','{\"color\":\"#000\",\"font-weight\":\"300\",\"font-size\":\"50px\",\"line-height\":\"70px\",\"font-family\":\"\\\"Open Sans\\\"\",\"background-color\":\"#fff\",\"padding\":\"0px 20px\",\"border-radius\":\"0px\"}'),(22,'.tp-caption.largegreenbg','{\"translated\":5,\"type\":\"text\",\"version\":\"4\"}','null','{\"idle\":{\"position\":\"absolute\",\"text-shadow\":\"none\",\"-webkit-border-radius\":\"0px\",\"-moz-border-radius\":\"0px\"},\"hover\":[]}','{\"color\":\"#fff\",\"font-weight\":\"300\",\"font-size\":\"50px\",\"line-height\":\"70px\",\"font-family\":\"\\\"Open Sans\\\"\",\"background-color\":\"#67ae73\",\"padding\":\"0px 20px\",\"border-radius\":\"0px\"}'),(23,'.tp-caption.excerpt','{\"translated\":5,\"type\":\"text\",\"version\":\"4\"}','null','{\"idle\":{\"text-shadow\":\"none\",\"letter-spacing\":\"-1.5px\",\"width\":\"150px\",\"white-space\":\"normal !important\",\"height\":\"auto\"},\"hover\":[]}','{\"font-size\":\"36px\",\"line-height\":\"36px\",\"font-weight\":\"700\",\"font-family\":\"Arial\",\"color\":\"#ffffff\",\"text-decoration\":\"none\",\"background-color\":\"rgba(0, 0, 0, 1)\",\"margin\":\"0px\",\"padding\":\"1px 4px 0px 4px\",\"border-width\":\"0px\",\"border-color\":\"rgb(255, 255, 255)\",\"border-style\":\"none\"}'),(24,'.tp-caption.large_bold_grey','{\"translated\":5,\"type\":\"text\",\"version\":\"4\"}','null','{\"idle\":{\"text-shadow\":\"none\"},\"hover\":[]}','{\"font-size\":\"60px\",\"line-height\":\"60px\",\"font-weight\":\"800\",\"font-family\":\"\\\"Open Sans\\\"\",\"color\":\"rgb(102, 102, 102)\",\"text-decoration\":\"none\",\"background-color\":\"transparent\",\"margin\":\"0px\",\"padding\":\"1px 4px 0px\",\"border-width\":\"0px\",\"border-color\":\"rgb(255, 214, 88)\",\"border-style\":\"none\"}'),(25,'.tp-caption.medium_thin_grey','{\"translated\":5,\"type\":\"text\",\"version\":\"4\"}','null','{\"idle\":{\"text-shadow\":\"none\"},\"hover\":[]}','{\"font-size\":\"34px\",\"line-height\":\"30px\",\"font-weight\":\"300\",\"font-family\":\"\\\"Open Sans\\\"\",\"color\":\"rgb(102, 102, 102)\",\"text-decoration\":\"none\",\"background-color\":\"transparent\",\"padding\":\"1px 4px 0px\",\"margin\":\"0px\",\"border-width\":\"0px\",\"border-color\":\"rgb(255, 214, 88)\",\"border-style\":\"none\"}'),(26,'.tp-caption.small_thin_grey','{\"translated\":5,\"type\":\"text\",\"version\":\"4\"}','null','{\"idle\":{\"text-shadow\":\"none\"},\"hover\":[]}','{\"font-size\":\"18px\",\"line-height\":\"26px\",\"font-weight\":\"300\",\"font-family\":\"\\\"Open Sans\\\"\",\"color\":\"rgb(117, 117, 117)\",\"text-decoration\":\"none\",\"background-color\":\"transparent\",\"padding\":\"1px 4px 0px\",\"margin\":\"0px\",\"border-width\":\"0px\",\"border-color\":\"rgb(255, 214, 88)\",\"border-style\":\"none\"}'),(27,'.tp-caption.lightgrey_divider','{\"translated\":5,\"type\":\"text\",\"version\":\"4\"}','null','{\"idle\":{\"width\":\"370px\",\"height\":\"3px\",\"background-position\":\"initial initial\",\"background-repeat\":\"initial initial\"},\"hover\":[]}','{\"text-decoration\":\"none\",\"background-color\":\"rgba(235, 235, 235, 1)\",\"border-width\":\"0px\",\"border-color\":\"rgb(34, 34, 34)\",\"border-style\":\"none\"}'),(28,'.tp-caption.large_bold_darkblue','{\"translated\":5,\"type\":\"text\",\"version\":\"4\"}','null','{\"idle\":[],\"hover\":[]}','{\"font-size\":\"58px\",\"line-height\":\"60px\",\"font-weight\":\"800\",\"font-family\":\"\\\"Open Sans\\\"\",\"color\":\"rgb(52, 73, 94)\",\"text-decoration\":\"none\",\"background-color\":\"transparent\",\"border-width\":\"0px\",\"border-color\":\"rgb(255, 214, 88)\",\"border-style\":\"none\"}'),(29,'.tp-caption.medium_bg_darkblue','{\"translated\":5,\"type\":\"text\",\"version\":\"4\"}','null','{\"idle\":[],\"hover\":[]}','{\"font-size\":\"20px\",\"line-height\":\"20px\",\"font-weight\":\"800\",\"font-family\":\"\\\"Open Sans\\\"\",\"color\":\"rgb(255, 255, 255)\",\"text-decoration\":\"none\",\"background-color\":\"rgb(52, 73, 94)\",\"padding\":\"10px\",\"border-width\":\"0px\",\"border-color\":\"rgb(255, 214, 88)\",\"border-style\":\"none\"}'),(30,'.tp-caption.medium_bold_red','{\"translated\":5,\"type\":\"text\",\"version\":\"4\"}','null','{\"idle\":[],\"hover\":[]}','{\"font-size\":\"24px\",\"line-height\":\"30px\",\"font-weight\":\"800\",\"font-family\":\"\\\"Open Sans\\\"\",\"color\":\"rgb(227, 58, 12)\",\"text-decoration\":\"none\",\"background-color\":\"transparent\",\"padding\":\"0px\",\"border-width\":\"0px\",\"border-color\":\"rgb(255, 214, 88)\",\"border-style\":\"none\"}'),(31,'.tp-caption.medium_light_red','{\"translated\":5,\"type\":\"text\",\"version\":\"4\"}','null','{\"idle\":[],\"hover\":[]}','{\"font-size\":\"21px\",\"line-height\":\"26px\",\"font-weight\":\"300\",\"font-family\":\"\\\"Open Sans\\\"\",\"color\":\"rgb(227, 58, 12)\",\"text-decoration\":\"none\",\"background-color\":\"transparent\",\"padding\":\"0px\",\"border-width\":\"0px\",\"border-color\":\"rgb(255, 214, 88)\",\"border-style\":\"none\"}'),(32,'.tp-caption.medium_bg_red','{\"translated\":5,\"type\":\"text\",\"version\":\"4\"}','null','{\"idle\":[],\"hover\":[]}','{\"font-size\":\"20px\",\"line-height\":\"20px\",\"font-weight\":\"800\",\"font-family\":\"\\\"Open Sans\\\"\",\"color\":\"rgb(255, 255, 255)\",\"text-decoration\":\"none\",\"background-color\":\"rgb(227, 58, 12)\",\"padding\":\"10px\",\"border-width\":\"0px\",\"border-color\":\"rgb(255, 214, 88)\",\"border-style\":\"none\"}'),(33,'.tp-caption.medium_bold_orange','{\"translated\":5,\"type\":\"text\",\"version\":\"4\"}','null','{\"idle\":[],\"hover\":[]}','{\"font-size\":\"24px\",\"line-height\":\"30px\",\"font-weight\":\"800\",\"font-family\":\"\\\"Open Sans\\\"\",\"color\":\"rgb(243, 156, 18)\",\"text-decoration\":\"none\",\"background-color\":\"transparent\",\"border-width\":\"0px\",\"border-color\":\"rgb(255, 214, 88)\",\"border-style\":\"none\"}'),(34,'.tp-caption.medium_bg_orange','{\"translated\":5,\"type\":\"text\",\"version\":\"4\"}','null','{\"idle\":[],\"hover\":[]}','{\"font-size\":\"20px\",\"line-height\":\"20px\",\"font-weight\":\"800\",\"font-family\":\"\\\"Open Sans\\\"\",\"color\":\"rgb(255, 255, 255)\",\"text-decoration\":\"none\",\"background-color\":\"rgb(243, 156, 18)\",\"padding\":\"10px\",\"border-width\":\"0px\",\"border-color\":\"rgb(255, 214, 88)\",\"border-style\":\"none\"}'),(35,'.tp-caption.grassfloor','{\"translated\":5,\"type\":\"text\",\"version\":\"4\"}','null','{\"idle\":{\"width\":\"4000px\",\"height\":\"150px\"},\"hover\":[]}','{\"text-decoration\":\"none\",\"background-color\":\"rgba(160, 179, 151, 1)\",\"border-width\":\"0px\",\"border-color\":\"rgb(34, 34, 34)\",\"border-style\":\"none\"}'),(36,'.tp-caption.large_bold_white','{\"translated\":5,\"type\":\"text\",\"version\":\"4\"}','null','{\"idle\":[],\"hover\":[]}','{\"font-size\":\"58px\",\"line-height\":\"60px\",\"font-weight\":\"800\",\"font-family\":\"\\\"Open Sans\\\"\",\"color\":\"rgb(255, 255, 255)\",\"text-decoration\":\"none\",\"background-color\":\"transparent\",\"border-width\":\"0px\",\"border-color\":\"rgb(255, 214, 88)\",\"border-style\":\"none\"}'),(37,'.tp-caption.medium_light_white','{\"translated\":5,\"type\":\"text\",\"version\":\"4\"}','null','{\"idle\":[],\"hover\":[]}','{\"font-size\":\"30px\",\"line-height\":\"36px\",\"font-weight\":\"300\",\"font-family\":\"\\\"Open Sans\\\"\",\"color\":\"rgb(255, 255, 255)\",\"text-decoration\":\"none\",\"background-color\":\"transparent\",\"padding\":\"0px\",\"border-width\":\"0px\",\"border-color\":\"rgb(255, 214, 88)\",\"border-style\":\"none\"}'),(38,'.tp-caption.mediumlarge_light_white','{\"translated\":5,\"type\":\"text\",\"version\":\"4\"}','null','{\"idle\":[],\"hover\":[]}','{\"font-size\":\"34px\",\"line-height\":\"40px\",\"font-weight\":\"300\",\"font-family\":\"\\\"Open Sans\\\"\",\"color\":\"rgb(255, 255, 255)\",\"text-decoration\":\"none\",\"background-color\":\"transparent\",\"padding\":\"0px\",\"border-width\":\"0px\",\"border-color\":\"rgb(255, 214, 88)\",\"border-style\":\"none\"}'),(39,'.tp-caption.mediumlarge_light_white_center','{\"translated\":5,\"type\":\"text\",\"version\":\"4\"}','null','{\"idle\":[],\"hover\":[]}','{\"font-size\":\"34px\",\"line-height\":\"40px\",\"font-weight\":\"300\",\"font-family\":\"\\\"Open Sans\\\"\",\"color\":\"#ffffff\",\"text-decoration\":\"none\",\"background-color\":\"transparent\",\"padding\":\"0px 0px 0px 0px\",\"text-align\":\"center\",\"border-width\":\"0px\",\"border-color\":\"rgb(255, 214, 88)\",\"border-style\":\"none\"}'),(40,'.tp-caption.medium_bg_asbestos','{\"translated\":5,\"type\":\"text\",\"version\":\"4\"}','null','{\"idle\":[],\"hover\":[]}','{\"font-size\":\"20px\",\"line-height\":\"20px\",\"font-weight\":\"800\",\"font-family\":\"\\\"Open Sans\\\"\",\"color\":\"rgb(255, 255, 255)\",\"text-decoration\":\"none\",\"background-color\":\"rgb(127, 140, 141)\",\"padding\":\"10px\",\"border-width\":\"0px\",\"border-color\":\"rgb(255, 214, 88)\",\"border-style\":\"none\"}'),(41,'.tp-caption.medium_light_black','{\"translated\":5,\"type\":\"text\",\"version\":\"4\"}','null','{\"idle\":[],\"hover\":[]}','{\"font-size\":\"30px\",\"line-height\":\"36px\",\"font-weight\":\"300\",\"font-family\":\"\\\"Open Sans\\\"\",\"color\":\"rgb(0, 0, 0)\",\"text-decoration\":\"none\",\"background-color\":\"transparent\",\"padding\":\"0px\",\"border-width\":\"0px\",\"border-color\":\"rgb(255, 214, 88)\",\"border-style\":\"none\"}'),(42,'.tp-caption.large_bold_black','{\"translated\":5,\"type\":\"text\",\"version\":\"4\"}','null','{\"idle\":[],\"hover\":[]}','{\"font-size\":\"58px\",\"line-height\":\"60px\",\"font-weight\":\"800\",\"font-family\":\"\\\"Open Sans\\\"\",\"color\":\"rgb(0, 0, 0)\",\"text-decoration\":\"none\",\"background-color\":\"transparent\",\"border-width\":\"0px\",\"border-color\":\"rgb(255, 214, 88)\",\"border-style\":\"none\"}'),(43,'.tp-caption.mediumlarge_light_darkblue','{\"translated\":5,\"type\":\"text\",\"version\":\"4\"}','null','{\"idle\":[],\"hover\":[]}','{\"font-size\":\"34px\",\"line-height\":\"40px\",\"font-weight\":\"300\",\"font-family\":\"\\\"Open Sans\\\"\",\"color\":\"rgb(52, 73, 94)\",\"text-decoration\":\"none\",\"background-color\":\"transparent\",\"padding\":\"0px\",\"border-width\":\"0px\",\"border-color\":\"rgb(255, 214, 88)\",\"border-style\":\"none\"}'),(44,'.tp-caption.small_light_white','{\"translated\":5,\"type\":\"text\",\"version\":\"4\"}','null','{\"idle\":[],\"hover\":[]}','{\"font-size\":\"17px\",\"line-height\":\"28px\",\"font-weight\":\"300\",\"font-family\":\"\\\"Open Sans\\\"\",\"color\":\"rgb(255, 255, 255)\",\"text-decoration\":\"none\",\"background-color\":\"transparent\",\"padding\":\"0px\",\"border-width\":\"0px\",\"border-color\":\"rgb(255, 214, 88)\",\"border-style\":\"none\"}'),(45,'.tp-caption.roundedimage','{\"translated\":5,\"type\":\"text\",\"version\":\"4\"}','null','{\"idle\":[],\"hover\":[]}','{\"border-width\":\"0px\",\"border-color\":\"rgb(34, 34, 34)\",\"border-style\":\"none\"}'),(46,'.tp-caption.large_bg_black','{\"translated\":5,\"type\":\"text\",\"version\":\"4\"}','null','{\"idle\":[],\"hover\":[]}','{\"font-size\":\"40px\",\"line-height\":\"40px\",\"font-weight\":\"800\",\"font-family\":\"\\\"Open Sans\\\"\",\"color\":\"rgb(255, 255, 255)\",\"text-decoration\":\"none\",\"background-color\":\"rgb(0, 0, 0)\",\"padding\":\"10px 20px 15px\",\"border-width\":\"0px\",\"border-color\":\"rgb(255, 214, 88)\",\"border-style\":\"none\"}'),(47,'.tp-caption.mediumwhitebg','{\"translated\":5,\"type\":\"text\",\"version\":\"4\"}','null','{\"idle\":{\"text-shadow\":\"none\"},\"hover\":[]}','{\"font-size\":\"30px\",\"line-height\":\"30px\",\"font-weight\":\"300\",\"font-family\":\"\\\"Open Sans\\\"\",\"color\":\"rgb(0, 0, 0)\",\"text-decoration\":\"none\",\"background-color\":\"rgb(255, 255, 255)\",\"padding\":\"5px 15px 10px\",\"border-width\":\"0px\",\"border-color\":\"rgb(0, 0, 0)\",\"border-style\":\"none\"}'),(48,'.tp-caption.MarkerDisplay','{\"translated\":5,\"type\":\"text\",\"version\":\"5.0\"}','{\"color\":\"#ff0000\",\"text-decoration\":\"none\",\"background-color\":\"transparent\",\"background-transparency\":\"1\",\"border-color\":\"transparent\",\"border-style\":\"none\",\"border-width\":\"0\",\"border-radius\":[\"0px\",\"0px\",\"0px\",\"0px\"],\"skewx\":\"0\",\"skewy\":\"0\",\"scalex\":\"1\",\"scaley\":\"1\",\"opacity\":\"1\",\"xrotate\":\"0\",\"yrotate\":\"0\",\"2d_rotation\":\"0\"}','{\"idle\":{\"text-shadow\":\"none\"},\"hover\":\"\"}','{\"font-style\":\"normal\",\"font-family\":\"Permanent Marker\",\"padding\":\"0px 0px 0px 0px\",\"text-decoration\":\"none\",\"background-color\":\"transparent\",\"background-transparency\":\"1\",\"border-color\":\"#000000\",\"border-style\":\"none\",\"border-width\":\"0px\",\"border-radius\":\"0px 0px 0px 0px\",\"z\":\"0\",\"skewx\":\"0\",\"skewy\":\"0\",\"scalex\":\"1\",\"scaley\":\"1\",\"opacity\":\"1\",\"xrotate\":\"0\",\"yrotate\":\"0\",\"2d_rotation\":\"0\",\"2d_origin_x\":\"50\",\"2d_origin_y\":\"50\",\"pers\":\"600\"}'),(49,'.tp-caption.Restaurant-Display','{\"hover\":\"false\",\"version\":\"5.0\",\"translated\":\"5\"}','{\"color\":\"#ffffff\",\"text-decoration\":\"none\",\"background-color\":\"transparent\",\"background-transparency\":\"0\",\"border-color\":\"transparent\",\"border-style\":\"none\",\"border-width\":\"0\",\"border-radius\":[\"0\",\"0\",\"0\",\"0\"],\"skewx\":\"0\",\"skewy\":\"0\",\"scalex\":\"1\",\"scaley\":\"1\",\"opacity\":\"1\",\"xrotate\":\"0\",\"yrotate\":\"0\",\"2d_rotation\":\"0\"}','{\"idle\":\"\",\"hover\":\"\"}','{\"color\":\"#ffffff\",\"font-size\":\"120px\",\"line-height\":\"120px\",\"font-weight\":\"700\",\"font-style\":\"normal\",\"font-family\":\"Roboto\",\"padding\":[\"0\",\"0\",\"0\",\"0\"],\"text-decoration\":\"none\",\"background-color\":\"transparent\",\"background-transparency\":\"1\",\"border-color\":\"transparent\",\"border-style\":\"none\",\"border-width\":\"0\",\"border-radius\":[\"0\",\"0\",\"0\",\"0\"],\"z\":\"0\",\"skewx\":\"0\",\"skewy\":\"0\",\"scalex\":\"1\",\"scaley\":\"1\",\"opacity\":\"1\",\"xrotate\":\"0\",\"yrotate\":\"0\",\"2d_rotation\":\"0\",\"2d_origin_x\":\"50\",\"2d_origin_y\":\"50\",\"pers\":\"600\"}'),(50,'.tp-caption.Restaurant-Cursive','{\"hover\":\"false\",\"version\":\"5.0\",\"translated\":\"5\"}','{\"color\":\"#ffffff\",\"text-decoration\":\"none\",\"background-color\":\"transparent\",\"background-transparency\":\"0\",\"border-color\":\"transparent\",\"border-style\":\"none\",\"border-width\":\"0\",\"border-radius\":[\"0\",\"0\",\"0\",\"0\"],\"skewx\":\"0\",\"skewy\":\"0\",\"scalex\":\"1\",\"scaley\":\"1\",\"opacity\":\"1\",\"xrotate\":\"0\",\"yrotate\":\"0\",\"2d_rotation\":\"0\"}','{\"idle\":{\"letter-spacing\":\"2px\"},\"hover\":\"\"}','{\"color\":\"#ffffff\",\"font-size\":\"30px\",\"line-height\":\"30px\",\"font-weight\":\"400\",\"font-style\":\"normal\",\"font-family\":\"Nothing you could do\",\"padding\":[\"0\",\"0\",\"0\",\"0\"],\"text-decoration\":\"none\",\"background-color\":\"transparent\",\"background-transparency\":\"1\",\"border-color\":\"transparent\",\"border-style\":\"none\",\"border-width\":\"0\",\"border-radius\":[\"0\",\"0\",\"0\",\"0\"],\"z\":\"0\",\"skewx\":\"0\",\"skewy\":\"0\",\"scalex\":\"1\",\"scaley\":\"1\",\"opacity\":\"1\",\"xrotate\":\"0\",\"yrotate\":\"0\",\"2d_rotation\":\"0\",\"2d_origin_x\":\"50\",\"2d_origin_y\":\"50\",\"pers\":\"600\"}'),(51,'.tp-caption.Restaurant-ScrollDownText','{\"hover\":\"false\",\"version\":\"5.0\",\"translated\":\"5\"}','{\"color\":\"#ffffff\",\"text-decoration\":\"none\",\"background-color\":\"transparent\",\"background-transparency\":\"0\",\"border-color\":\"transparent\",\"border-style\":\"none\",\"border-width\":\"0\",\"border-radius\":[\"0\",\"0\",\"0\",\"0\"],\"skewx\":\"0\",\"skewy\":\"0\",\"scalex\":\"1\",\"scaley\":\"1\",\"opacity\":\"1\",\"xrotate\":\"0\",\"yrotate\":\"0\",\"2d_rotation\":\"0\"}','{\"idle\":{\"letter-spacing\":\"2px\"},\"hover\":\"\"}','{\"color\":\"#ffffff\",\"font-size\":\"17px\",\"line-height\":\"17px\",\"font-weight\":\"400\",\"font-style\":\"normal\",\"font-family\":\"Roboto\",\"padding\":[\"0\",\"0\",\"0\",\"0\"],\"text-decoration\":\"none\",\"background-color\":\"transparent\",\"background-transparency\":\"1\",\"border-color\":\"transparent\",\"border-style\":\"none\",\"border-width\":\"0\",\"border-radius\":[\"0\",\"0\",\"0\",\"0\"],\"z\":\"0\",\"skewx\":\"0\",\"skewy\":\"0\",\"scalex\":\"1\",\"scaley\":\"1\",\"opacity\":\"1\",\"xrotate\":\"0\",\"yrotate\":\"0\",\"2d_rotation\":\"0\",\"2d_origin_x\":\"50\",\"2d_origin_y\":\"50\",\"pers\":\"600\"}'),(52,'.tp-caption.Restaurant-Description','{\"hover\":\"false\",\"version\":\"5.0\",\"translated\":\"5\"}','{\"color\":\"#ffffff\",\"text-decoration\":\"none\",\"background-color\":\"transparent\",\"background-transparency\":\"0\",\"border-color\":\"transparent\",\"border-style\":\"none\",\"border-width\":\"0\",\"border-radius\":[\"0\",\"0\",\"0\",\"0\"],\"skewx\":\"0\",\"skewy\":\"0\",\"scalex\":\"1\",\"scaley\":\"1\",\"opacity\":\"1\",\"xrotate\":\"0\",\"yrotate\":\"0\",\"2d_rotation\":\"0\"}','{\"idle\":{\"letter-spacing\":\"3px\"},\"hover\":\"\"}','{\"color\":\"#ffffff\",\"font-size\":\"20px\",\"line-height\":\"30px\",\"font-weight\":\"300\",\"font-style\":\"normal\",\"font-family\":\"Roboto\",\"padding\":[\"0\",\"0\",\"0\",\"0\"],\"text-decoration\":\"none\",\"background-color\":\"transparent\",\"background-transparency\":\"1\",\"border-color\":\"transparent\",\"border-style\":\"none\",\"border-width\":\"0\",\"border-radius\":[\"0\",\"0\",\"0\",\"0\"],\"z\":\"0\",\"skewx\":\"0\",\"skewy\":\"0\",\"scalex\":\"1\",\"scaley\":\"1\",\"opacity\":\"1\",\"xrotate\":\"0\",\"yrotate\":\"0\",\"2d_rotation\":\"0\",\"2d_origin_x\":\"50\",\"2d_origin_y\":\"50\",\"pers\":\"600\"}'),(53,'.tp-caption.Restaurant-Price','{\"hover\":\"false\",\"version\":\"5.0\",\"translated\":\"5\"}','{\"color\":\"#ffffff\",\"text-decoration\":\"none\",\"background-color\":\"transparent\",\"background-transparency\":\"0\",\"border-color\":\"transparent\",\"border-style\":\"none\",\"border-width\":\"0\",\"border-radius\":[\"0\",\"0\",\"0\",\"0\"],\"skewx\":\"0\",\"skewy\":\"0\",\"scalex\":\"1\",\"scaley\":\"1\",\"opacity\":\"1\",\"xrotate\":\"0\",\"yrotate\":\"0\",\"2d_rotation\":\"0\"}','{\"idle\":{\"letter-spacing\":\"3px\"},\"hover\":\"\"}','{\"color\":\"#ffffff\",\"font-size\":\"30px\",\"line-height\":\"30px\",\"font-weight\":\"300\",\"font-style\":\"normal\",\"font-family\":\"Roboto\",\"padding\":[\"0\",\"0\",\"0\",\"0\"],\"text-decoration\":\"none\",\"background-color\":\"transparent\",\"background-transparency\":\"1\",\"border-color\":\"transparent\",\"border-style\":\"none\",\"border-width\":\"0\",\"border-radius\":[\"0\",\"0\",\"0\",\"0\"],\"z\":\"0\",\"skewx\":\"0\",\"skewy\":\"0\",\"scalex\":\"1\",\"scaley\":\"1\",\"opacity\":\"1\",\"xrotate\":\"0\",\"yrotate\":\"0\",\"2d_rotation\":\"0\",\"2d_origin_x\":\"50\",\"2d_origin_y\":\"50\",\"pers\":\"600\"}'),(54,'.tp-caption.Restaurant-Menuitem','{\"hover\":\"false\",\"type\":\"text\",\"version\":\"5.0\",\"translated\":\"5\"}','{\"color\":\"#000000\",\"color-transparency\":\"1\",\"text-decoration\":\"none\",\"background-color\":\"#ffffff\",\"background-transparency\":\"1\",\"border-color\":\"transparent\",\"border-transparency\":\"1\",\"border-style\":\"none\",\"border-width\":\"0\",\"border-radius\":[\"0\",\"0\",\"0\",\"0\"],\"opacity\":\"1\",\"scalex\":\"1\",\"scaley\":\"1\",\"skewx\":\"0\",\"skewy\":\"0\",\"xrotate\":\"0\",\"yrotate\":\"0\",\"2d_rotation\":\"0\",\"pointer_events\":\"auto\",\"css_cursor\":\"pointer\",\"speed\":\"500\",\"easing\":\"power2.inOut\"}','{\"idle\":{\"letter-spacing\":\"2px\"},\"hover\":\"\"}','{\"color\":\"#ffffff\",\"color-transparency\":\"1\",\"font-size\":\"17px\",\"line-height\":\"17px\",\"font-weight\":\"400\",\"font-style\":\"normal\",\"font-family\":\"Roboto\",\"padding\":[\"10px\",\"30px\",\"10px\",\"30px\"],\"text-decoration\":\"none\",\"text-align\":\"left\",\"background-color\":\"#000000\",\"background-transparency\":\"1\",\"border-color\":\"transparent\",\"border-transparency\":\"1\",\"border-style\":\"none\",\"border-width\":\"0\",\"border-radius\":[\"0\",\"0\",\"0\",\"0\"],\"z\":\"0\",\"skewx\":\"0\",\"skewy\":\"0\",\"scalex\":\"1\",\"scaley\":\"1\",\"opacity\":\"1\",\"xrotate\":\"0\",\"yrotate\":\"0\",\"2d_rotation\":\"0\",\"2d_origin_x\":\"50\",\"2d_origin_y\":\"50\",\"pers\":\"600\",\"corner_left\":\"nothing\",\"corner_right\":\"nothing\",\"parallax\":\"-\"}'),(55,'.tp-caption.Furniture-LogoText','{\"hover\":\"false\",\"version\":\"5.0\",\"translated\":\"5\"}','{\"color\":\"#ffffff\",\"color-transparency\":\"1\",\"text-decoration\":\"none\",\"background-color\":\"transparent\",\"background-transparency\":\"0\",\"border-color\":\"transparent\",\"border-transparency\":\"1\",\"border-style\":\"none\",\"border-width\":\"0\",\"border-radius\":[\"0\",\"0\",\"0\",\"0\"],\"opacity\":\"1\",\"scalex\":\"1\",\"scaley\":\"1\",\"skewx\":\"0\",\"skewy\":\"0\",\"xrotate\":\"0\",\"yrotate\":\"0\",\"2d_rotation\":\"0\",\"speed\":\"0\",\"easing\":\"none\"}','{\"idle\":{\"text-shadow\":\"none\"},\"hover\":\"\"}','{\"color\":\"#e6cfa3\",\"color-transparency\":\"1\",\"font-size\":\"160px\",\"line-height\":\"150px\",\"font-weight\":\"300\",\"font-style\":\"normal\",\"font-family\":\"\\\"Raleway\\\"\",\"padding\":[\"0\",\"0\",\"0\",\"0\"],\"text-decoration\":\"none\",\"background-color\":\"transparent\",\"background-transparency\":\"1\",\"border-color\":\"transparent\",\"border-transparency\":\"1\",\"border-style\":\"none\",\"border-width\":\"0\",\"border-radius\":[\"0\",\"0\",\"0\",\"0\"],\"z\":\"0\",\"skewx\":\"0\",\"skewy\":\"0\",\"scalex\":\"1\",\"scaley\":\"1\",\"opacity\":\"1\",\"xrotate\":\"0\",\"yrotate\":\"0\",\"2d_rotation\":\"0\",\"2d_origin_x\":\"50\",\"2d_origin_y\":\"50\",\"pers\":\"600\"}'),(56,'.tp-caption.Furniture-Plus','{\"hover\":\"false\",\"version\":\"5.0\",\"translated\":\"5\"}','{\"color\":\"#ffffff\",\"color-transparency\":\"1\",\"text-decoration\":\"none\",\"background-color\":\"#000000\",\"background-transparency\":\"1\",\"border-color\":\"transparent\",\"border-transparency\":\"1\",\"border-style\":\"none\",\"border-width\":\"0\",\"border-radius\":[\"30px\",\"30px\",\"30px\",\"30px\"],\"opacity\":\"1\",\"scalex\":\"1\",\"scaley\":\"1\",\"skewx\":\"0\",\"skewy\":\"0\",\"xrotate\":\"0\",\"yrotate\":\"0\",\"2d_rotation\":\"0\",\"speed\":\"0.5\",\"easing\":\"none\"}','{\"idle\":{\"text-shadow\":\"none\",\"box-shadow\":\"rgba(0,0,0,0.1) 0 1px 3px\"},\"hover\":\"\"}','{\"color\":\"#e6cfa3\",\"color-transparency\":\"1\",\"font-size\":\"20\",\"line-height\":\"20px\",\"font-weight\":\"400\",\"font-style\":\"normal\",\"font-family\":\"\\\"Raleway\\\"\",\"padding\":[\"6px\",\"7px\",\"4px\",\"7px\"],\"text-decoration\":\"none\",\"background-color\":\"#ffffff\",\"background-transparency\":\"1\",\"border-color\":\"transparent\",\"border-transparency\":\"1\",\"border-style\":\"none\",\"border-width\":\"0\",\"border-radius\":[\"30px\",\"30px\",\"30px\",\"30px\"],\"z\":\"0\",\"skewx\":\"0\",\"skewy\":\"0\",\"scalex\":\"1\",\"scaley\":\"1\",\"opacity\":\"1\",\"xrotate\":\"0\",\"yrotate\":\"0\",\"2d_rotation\":\"0\",\"2d_origin_x\":\"50\",\"2d_origin_y\":\"50\",\"pers\":\"600\"}'),(57,'.tp-caption.Furniture-Title','{\"hover\":\"false\",\"version\":\"5.0\",\"translated\":\"5\"}','{\"color\":\"#ffffff\",\"color-transparency\":\"1\",\"text-decoration\":\"none\",\"background-color\":\"transparent\",\"background-transparency\":\"0\",\"border-color\":\"transparent\",\"border-transparency\":\"1\",\"border-style\":\"none\",\"border-width\":\"0\",\"border-radius\":[\"0\",\"0\",\"0\",\"0\"],\"opacity\":\"1\",\"scalex\":\"1\",\"scaley\":\"1\",\"skewx\":\"0\",\"skewy\":\"0\",\"xrotate\":\"0\",\"yrotate\":\"0\",\"2d_rotation\":\"0\",\"speed\":\"0\",\"easing\":\"none\"}','{\"idle\":{\"text-shadow\":\"none\",\"letter-spacing\":\"3px\"},\"hover\":\"\"}','{\"color\":\"#000000\",\"color-transparency\":\"1\",\"font-size\":\"20px\",\"line-height\":\"20px\",\"font-weight\":\"700\",\"font-style\":\"normal\",\"font-family\":\"\\\"Raleway\\\"\",\"padding\":[\"0\",\"0\",\"0\",\"0\"],\"text-decoration\":\"none\",\"background-color\":\"transparent\",\"background-transparency\":\"1\",\"border-color\":\"transparent\",\"border-transparency\":\"1\",\"border-style\":\"none\",\"border-width\":\"0\",\"border-radius\":[\"0\",\"0\",\"0\",\"0\"],\"z\":\"0\",\"skewx\":\"0\",\"skewy\":\"0\",\"scalex\":\"1\",\"scaley\":\"1\",\"opacity\":\"1\",\"xrotate\":\"0\",\"yrotate\":\"0\",\"2d_rotation\":\"0\",\"2d_origin_x\":\"50\",\"2d_origin_y\":\"50\",\"pers\":\"600\"}'),(58,'.tp-caption.Furniture-Subtitle','{\"hover\":\"false\",\"version\":\"5.0\",\"translated\":\"5\"}','{\"color\":\"#ffffff\",\"color-transparency\":\"1\",\"text-decoration\":\"none\",\"background-color\":\"transparent\",\"background-transparency\":\"0\",\"border-color\":\"transparent\",\"border-transparency\":\"1\",\"border-style\":\"none\",\"border-width\":\"0\",\"border-radius\":[\"0\",\"0\",\"0\",\"0\"],\"opacity\":\"1\",\"scalex\":\"1\",\"scaley\":\"1\",\"skewx\":\"0\",\"skewy\":\"0\",\"xrotate\":\"0\",\"yrotate\":\"0\",\"2d_rotation\":\"0\",\"speed\":\"0\",\"easing\":\"none\"}','{\"idle\":{\"text-shadow\":\"none\"},\"hover\":\"\"}','{\"color\":\"#000000\",\"color-transparency\":\"1\",\"font-size\":\"17px\",\"line-height\":\"20px\",\"font-weight\":\"300\",\"font-style\":\"normal\",\"font-family\":\"\\\"Raleway\\\"\",\"padding\":[\"0\",\"0\",\"0\",\"0\"],\"text-decoration\":\"none\",\"background-color\":\"transparent\",\"background-transparency\":\"1\",\"border-color\":\"transparent\",\"border-transparency\":\"1\",\"border-style\":\"none\",\"border-width\":\"0\",\"border-radius\":[\"0\",\"0\",\"0\",\"0\"],\"z\":\"0\",\"skewx\":\"0\",\"skewy\":\"0\",\"scalex\":\"1\",\"scaley\":\"1\",\"opacity\":\"1\",\"xrotate\":\"0\",\"yrotate\":\"0\",\"2d_rotation\":\"0\",\"2d_origin_x\":\"50\",\"2d_origin_y\":\"50\",\"pers\":\"600\"}'),(59,'.tp-caption.Gym-Display','{\"hover\":\"false\",\"version\":\"5.0\",\"translated\":\"5\"}','{\"color\":\"#ffffff\",\"color-transparency\":\"1\",\"text-decoration\":\"none\",\"background-color\":\"transparent\",\"background-transparency\":\"0\",\"border-color\":\"transparent\",\"border-transparency\":\"1\",\"border-style\":\"none\",\"border-width\":\"0\",\"border-radius\":[\"0\",\"0\",\"0\",\"0\"],\"opacity\":\"1\",\"scalex\":\"1\",\"scaley\":\"1\",\"skewx\":\"0\",\"skewy\":\"0\",\"xrotate\":\"0\",\"yrotate\":\"0\",\"2d_rotation\":\"0\",\"speed\":\"0\",\"easing\":\"none\"}','{\"idle\":\"\",\"hover\":\"\"}','{\"color\":\"#ffffff\",\"color-transparency\":\"1\",\"font-size\":\"80px\",\"line-height\":\"70px\",\"font-weight\":\"900\",\"font-style\":\"normal\",\"font-family\":\"Raleway\",\"padding\":[\"0\",\"0\",\"0\",\"0\"],\"text-decoration\":\"none\",\"background-color\":\"transparent\",\"background-transparency\":\"1\",\"border-color\":\"transparent\",\"border-transparency\":\"1\",\"border-style\":\"none\",\"border-width\":\"0\",\"border-radius\":[\"0\",\"0\",\"0\",\"0\"],\"z\":\"0\",\"skewx\":\"0\",\"skewy\":\"0\",\"scalex\":\"1\",\"scaley\":\"1\",\"opacity\":\"1\",\"xrotate\":\"0\",\"yrotate\":\"0\",\"2d_rotation\":\"0\",\"2d_origin_x\":\"50\",\"2d_origin_y\":\"50\",\"pers\":\"600\"}'),(60,'.tp-caption.Gym-Subline','{\"hover\":\"false\",\"version\":\"5.0\",\"translated\":\"5\"}','{\"color\":\"#ffffff\",\"color-transparency\":\"1\",\"text-decoration\":\"none\",\"background-color\":\"transparent\",\"background-transparency\":\"0\",\"border-color\":\"transparent\",\"border-transparency\":\"1\",\"border-style\":\"none\",\"border-width\":\"0\",\"border-radius\":[\"0\",\"0\",\"0\",\"0\"],\"opacity\":\"1\",\"scalex\":\"1\",\"scaley\":\"1\",\"skewx\":\"0\",\"skewy\":\"0\",\"xrotate\":\"0\",\"yrotate\":\"0\",\"2d_rotation\":\"0\",\"speed\":\"0\",\"easing\":\"none\"}','{\"idle\":{\"letter-spacing\":\"5px\"},\"hover\":\"\"}','{\"color\":\"#ffffff\",\"color-transparency\":\"1\",\"font-size\":\"30px\",\"line-height\":\"30px\",\"font-weight\":\"100\",\"font-style\":\"normal\",\"font-family\":\"Raleway\",\"padding\":[\"0\",\"0\",\"0\",\"0\"],\"text-decoration\":\"none\",\"background-color\":\"transparent\",\"background-transparency\":\"1\",\"border-color\":\"transparent\",\"border-transparency\":\"1\",\"border-style\":\"none\",\"border-width\":\"0\",\"border-radius\":[\"0\",\"0\",\"0\",\"0\"],\"z\":\"0\",\"skewx\":\"0\",\"skewy\":\"0\",\"scalex\":\"1\",\"scaley\":\"1\",\"opacity\":\"1\",\"xrotate\":\"0\",\"yrotate\":\"0\",\"2d_rotation\":\"0\",\"2d_origin_x\":\"50\",\"2d_origin_y\":\"50\",\"pers\":\"600\"}'),(61,'.tp-caption.Gym-SmallText','{\"hover\":\"false\",\"version\":\"5.0\",\"translated\":\"5\"}','{\"color\":\"#ffffff\",\"color-transparency\":\"1\",\"text-decoration\":\"none\",\"background-color\":\"transparent\",\"background-transparency\":\"0\",\"border-color\":\"transparent\",\"border-transparency\":\"1\",\"border-style\":\"none\",\"border-width\":\"0\",\"border-radius\":[\"0\",\"0\",\"0\",\"0\"],\"opacity\":\"1\",\"scalex\":\"1\",\"scaley\":\"1\",\"skewx\":\"0\",\"skewy\":\"0\",\"xrotate\":\"0\",\"yrotate\":\"0\",\"2d_rotation\":\"0\",\"speed\":\"0\",\"easing\":\"none\"}','{\"idle\":{\"text-shadow\":\"none\"},\"hover\":\"\"}','{\"color\":\"#ffffff\",\"color-transparency\":\"1\",\"font-size\":\"17px\",\"line-height\":\"22\",\"font-weight\":\"300\",\"font-style\":\"normal\",\"font-family\":\"Raleway\",\"padding\":[\"0\",\"0\",\"0\",\"0\"],\"text-decoration\":\"none\",\"background-color\":\"transparent\",\"background-transparency\":\"1\",\"border-color\":\"transparent\",\"border-transparency\":\"1\",\"border-style\":\"none\",\"border-width\":\"0\",\"border-radius\":[\"0\",\"0\",\"0\",\"0\"],\"z\":\"0\",\"skewx\":\"0\",\"skewy\":\"0\",\"scalex\":\"1\",\"scaley\":\"1\",\"opacity\":\"1\",\"xrotate\":\"0\",\"yrotate\":\"0\",\"2d_rotation\":\"0\",\"2d_origin_x\":\"50\",\"2d_origin_y\":\"50\",\"pers\":\"600\"}'),(62,'.tp-caption.Fashion-SmallText','{\"hover\":\"false\",\"version\":\"5.0\",\"translated\":\"5\"}','{\"color\":\"#ffffff\",\"color-transparency\":\"1\",\"text-decoration\":\"none\",\"background-color\":\"transparent\",\"background-transparency\":\"0\",\"border-color\":\"transparent\",\"border-transparency\":\"1\",\"border-style\":\"none\",\"border-width\":\"0\",\"border-radius\":[\"0\",\"0\",\"0\",\"0\"],\"opacity\":\"1\",\"scalex\":\"1\",\"scaley\":\"1\",\"skewx\":\"0\",\"skewy\":\"0\",\"xrotate\":\"0\",\"yrotate\":\"0\",\"2d_rotation\":\"0\",\"speed\":\"0\",\"easing\":\"none\"}','{\"idle\":{\"letter-spacing\":\"2px\"},\"hover\":\"\"}','{\"color\":\"#ffffff\",\"color-transparency\":\"1\",\"font-size\":\"12px\",\"line-height\":\"20px\",\"font-weight\":\"600\",\"font-style\":\"normal\",\"font-family\":\"Raleway\",\"padding\":[\"0\",\"0\",\"0\",\"0\"],\"text-decoration\":\"none\",\"background-color\":\"transparent\",\"background-transparency\":\"1\",\"border-color\":\"transparent\",\"border-transparency\":\"1\",\"border-style\":\"none\",\"border-width\":\"0\",\"border-radius\":[\"0\",\"0\",\"0\",\"0\"],\"z\":\"0\",\"skewx\":\"0\",\"skewy\":\"0\",\"scalex\":\"1\",\"scaley\":\"1\",\"opacity\":\"1\",\"xrotate\":\"0\",\"yrotate\":\"0\",\"2d_rotation\":\"0\",\"2d_origin_x\":\"50\",\"2d_origin_y\":\"50\",\"pers\":\"600\"}'),(63,'.tp-caption.Fashion-BigDisplay','{\"hover\":\"false\",\"version\":\"5.0\",\"translated\":\"5\"}','{\"color\":\"#ffffff\",\"color-transparency\":\"1\",\"text-decoration\":\"none\",\"background-color\":\"transparent\",\"background-transparency\":\"0\",\"border-color\":\"transparent\",\"border-transparency\":\"1\",\"border-style\":\"none\",\"border-width\":\"0\",\"border-radius\":[\"0\",\"0\",\"0\",\"0\"],\"opacity\":\"1\",\"scalex\":\"1\",\"scaley\":\"1\",\"skewx\":\"0\",\"skewy\":\"0\",\"xrotate\":\"0\",\"yrotate\":\"0\",\"2d_rotation\":\"0\",\"speed\":\"0\",\"easing\":\"none\"}','{\"idle\":{\"letter-spacing\":\"2px\"},\"hover\":\"\"}','{\"color\":\"#000000\",\"color-transparency\":\"1\",\"font-size\":\"60px\",\"line-height\":\"60px\",\"font-weight\":\"900\",\"font-style\":\"normal\",\"font-family\":\"Raleway\",\"padding\":[\"0\",\"0\",\"0\",\"0\"],\"text-decoration\":\"none\",\"background-color\":\"transparent\",\"background-transparency\":\"1\",\"border-color\":\"transparent\",\"border-transparency\":\"1\",\"border-style\":\"none\",\"border-width\":\"0\",\"border-radius\":[\"0\",\"0\",\"0\",\"0\"],\"z\":\"0\",\"skewx\":\"0\",\"skewy\":\"0\",\"scalex\":\"1\",\"scaley\":\"1\",\"opacity\":\"1\",\"xrotate\":\"0\",\"yrotate\":\"0\",\"2d_rotation\":\"0\",\"2d_origin_x\":\"50\",\"2d_origin_y\":\"50\",\"pers\":\"600\"}'),(64,'.tp-caption.Fashion-TextBlock','{\"hover\":\"false\",\"version\":\"5.0\",\"translated\":\"5\"}','{\"color\":\"#ffffff\",\"color-transparency\":\"1\",\"text-decoration\":\"none\",\"background-color\":\"transparent\",\"background-transparency\":\"0\",\"border-color\":\"transparent\",\"border-transparency\":\"1\",\"border-style\":\"none\",\"border-width\":\"0\",\"border-radius\":[\"0\",\"0\",\"0\",\"0\"],\"opacity\":\"1\",\"scalex\":\"1\",\"scaley\":\"1\",\"skewx\":\"0\",\"skewy\":\"0\",\"xrotate\":\"0\",\"yrotate\":\"0\",\"2d_rotation\":\"0\",\"speed\":\"0\",\"easing\":\"none\"}','{\"idle\":{\"letter-spacing\":\"2px\"},\"hover\":\"\"}','{\"color\":\"#000000\",\"color-transparency\":\"1\",\"font-size\":\"20px\",\"line-height\":\"40px\",\"font-weight\":\"400\",\"font-style\":\"normal\",\"font-family\":\"Raleway\",\"padding\":[\"0\",\"0\",\"0\",\"0\"],\"text-decoration\":\"none\",\"background-color\":\"transparent\",\"background-transparency\":\"1\",\"border-color\":\"transparent\",\"border-transparency\":\"1\",\"border-style\":\"none\",\"border-width\":\"0\",\"border-radius\":[\"0\",\"0\",\"0\",\"0\"],\"z\":\"0\",\"skewx\":\"0\",\"skewy\":\"0\",\"scalex\":\"1\",\"scaley\":\"1\",\"opacity\":\"1\",\"xrotate\":\"0\",\"yrotate\":\"0\",\"2d_rotation\":\"0\",\"2d_origin_x\":\"50\",\"2d_origin_y\":\"50\",\"pers\":\"600\"}'),(65,'.tp-caption.Sports-Display','{\"translated\":5,\"type\":\"text\",\"version\":\"5.0\"}','{\"color\":\"#ffffff\",\"color-transparency\":\"1\",\"text-decoration\":\"none\",\"background-color\":\"transparent\",\"background-transparency\":\"0\",\"border-color\":\"transparent\",\"border-transparency\":\"1\",\"border-style\":\"none\",\"border-width\":\"0\",\"border-radius\":[\"0\",\"0\",\"0\",\"0\"],\"opacity\":\"1\",\"scalex\":\"1\",\"scaley\":\"1\",\"skewx\":\"0\",\"skewy\":\"0\",\"xrotate\":\"0\",\"yrotate\":\"0\",\"2d_rotation\":\"0\",\"speed\":\"0\",\"easing\":\"none\"}','{\"idle\":{\"letter-spacing\":\"13px\"},\"hover\":\"\"}','{\"color\":\"#ffffff\",\"color-transparency\":\"1\",\"font-size\":\"130px\",\"line-height\":\"130px\",\"font-weight\":\"100\",\"font-style\":\"normal\",\"font-family\":\"\\\"Raleway\\\"\",\"padding\":\"0 0 0 0\",\"text-decoration\":\"none\",\"background-color\":\"transparent\",\"background-transparency\":\"1\",\"border-color\":\"transparent\",\"border-transparency\":\"1\",\"border-style\":\"none\",\"border-width\":\"0\",\"border-radius\":\"0 0 0 0\",\"z\":\"0\",\"skewx\":\"0\",\"skewy\":\"0\",\"scalex\":\"1\",\"scaley\":\"1\",\"opacity\":\"1\",\"xrotate\":\"0\",\"yrotate\":\"0\",\"2d_rotation\":\"0\",\"2d_origin_x\":\"50\",\"2d_origin_y\":\"50\",\"pers\":\"600\"}'),(66,'.tp-caption.Sports-DisplayFat','{\"translated\":5,\"type\":\"text\",\"version\":\"5.0\"}','{\"color\":\"#ffffff\",\"color-transparency\":\"1\",\"text-decoration\":\"none\",\"background-color\":\"transparent\",\"background-transparency\":\"0\",\"border-color\":\"transparent\",\"border-transparency\":\"1\",\"border-style\":\"none\",\"border-width\":\"0\",\"border-radius\":[\"0\",\"0\",\"0\",\"0\"],\"opacity\":\"1\",\"scalex\":\"1\",\"scaley\":\"1\",\"skewx\":\"0\",\"skewy\":\"0\",\"xrotate\":\"0\",\"yrotate\":\"0\",\"2d_rotation\":\"0\",\"speed\":\"0\",\"easing\":\"none\"}','{\"idle\":[\"\"],\"hover\":\"\"}','{\"color\":\"#ffffff\",\"color-transparency\":\"1\",\"font-size\":\"130px\",\"line-height\":\"130px\",\"font-weight\":\"900\",\"font-style\":\"normal\",\"font-family\":\"\\\"Raleway\\\"\",\"padding\":\"0 0 0 0\",\"text-decoration\":\"none\",\"background-color\":\"transparent\",\"background-transparency\":\"1\",\"border-color\":\"transparent\",\"border-transparency\":\"1\",\"border-style\":\"none\",\"border-width\":\"0\",\"border-radius\":\"0 0 0 0\",\"z\":\"0\",\"skewx\":\"0\",\"skewy\":\"0\",\"scalex\":\"1\",\"scaley\":\"1\",\"opacity\":\"1\",\"xrotate\":\"0\",\"yrotate\":\"0\",\"2d_rotation\":\"0\",\"2d_origin_x\":\"50\",\"2d_origin_y\":\"50\",\"pers\":\"600\"}'),(67,'.tp-caption.Sports-Subline','{\"translated\":5,\"type\":\"text\",\"version\":\"5.0\"}','{\"color\":\"#ffffff\",\"color-transparency\":\"1\",\"text-decoration\":\"none\",\"background-color\":\"transparent\",\"background-transparency\":\"0\",\"border-color\":\"transparent\",\"border-transparency\":\"1\",\"border-style\":\"none\",\"border-width\":\"0\",\"border-radius\":[\"0\",\"0\",\"0\",\"0\"],\"opacity\":\"1\",\"scalex\":\"1\",\"scaley\":\"1\",\"skewx\":\"0\",\"skewy\":\"0\",\"xrotate\":\"0\",\"yrotate\":\"0\",\"2d_rotation\":\"0\",\"speed\":\"0\",\"easing\":\"none\"}','{\"idle\":{\"letter-spacing\":\"4px\"},\"hover\":\"\"}','{\"color\":\"#000000\",\"color-transparency\":\"1\",\"font-size\":\"32px\",\"line-height\":\"32px\",\"font-weight\":\"400\",\"font-style\":\"normal\",\"font-family\":\"\\\"Raleway\\\"\",\"padding\":\"0 0 0 0\",\"text-decoration\":\"none\",\"background-color\":\"transparent\",\"background-transparency\":\"1\",\"border-color\":\"transparent\",\"border-transparency\":\"1\",\"border-style\":\"none\",\"border-width\":\"0\",\"border-radius\":\"0 0 0 0\",\"z\":\"0\",\"skewx\":\"0\",\"skewy\":\"0\",\"scalex\":\"1\",\"scaley\":\"1\",\"opacity\":\"1\",\"xrotate\":\"0\",\"yrotate\":\"0\",\"2d_rotation\":\"0\",\"2d_origin_x\":\"50\",\"2d_origin_y\":\"50\",\"pers\":\"600\"}'),(68,'.tp-caption.Instagram-Caption','{\"hover\":\"false\",\"version\":\"5.0\",\"translated\":\"5\"}','{\"color\":\"#ffffff\",\"color-transparency\":\"1\",\"text-decoration\":\"none\",\"background-color\":\"transparent\",\"background-transparency\":\"0\",\"border-color\":\"transparent\",\"border-transparency\":\"1\",\"border-style\":\"none\",\"border-width\":\"0\",\"border-radius\":[\"0\",\"0\",\"0\",\"0\"],\"opacity\":\"1\",\"scalex\":\"1\",\"scaley\":\"1\",\"skewx\":\"0\",\"skewy\":\"0\",\"xrotate\":\"0\",\"yrotate\":\"0\",\"2d_rotation\":\"0\",\"speed\":\"0\",\"easing\":\"none\"}','{\"idle\":\"\",\"hover\":\"\"}','{\"color\":\"#ffffff\",\"color-transparency\":\"1\",\"font-size\":\"20px\",\"line-height\":\"20px\",\"font-weight\":\"900\",\"font-style\":\"normal\",\"font-family\":\"Roboto\",\"padding\":[\"0\",\"0\",\"0\",\"0\"],\"text-decoration\":\"none\",\"background-color\":\"transparent\",\"background-transparency\":\"1\",\"border-color\":\"transparent\",\"border-transparency\":\"1\",\"border-style\":\"none\",\"border-width\":\"0\",\"border-radius\":[\"0\",\"0\",\"0\",\"0\"],\"z\":\"0\",\"skewx\":\"0\",\"skewy\":\"0\",\"scalex\":\"1\",\"scaley\":\"1\",\"opacity\":\"1\",\"xrotate\":\"0\",\"yrotate\":\"0\",\"2d_rotation\":\"0\",\"2d_origin_x\":\"50\",\"2d_origin_y\":\"50\",\"pers\":\"600\"}'),(69,'.tp-caption.News-Title','{\"hover\":\"false\",\"version\":\"5.0\",\"translated\":\"5\"}','{\"color\":\"#ffffff\",\"color-transparency\":\"1\",\"text-decoration\":\"none\",\"background-color\":\"transparent\",\"background-transparency\":\"0\",\"border-color\":\"transparent\",\"border-transparency\":\"1\",\"border-style\":\"none\",\"border-width\":\"0\",\"border-radius\":[\"0\",\"0\",\"0\",\"0\"],\"opacity\":\"1\",\"scalex\":\"1\",\"scaley\":\"1\",\"skewx\":\"0\",\"skewy\":\"0\",\"xrotate\":\"0\",\"yrotate\":\"0\",\"2d_rotation\":\"0\",\"speed\":\"0\",\"easing\":\"none\"}','{\"idle\":\"\",\"hover\":\"\"}','{\"color\":\"#ffffff\",\"color-transparency\":\"1\",\"font-size\":\"70px\",\"line-height\":\"60px\",\"font-weight\":\"400\",\"font-style\":\"normal\",\"font-family\":\"Roboto Slab\",\"padding\":[\"0\",\"0\",\"0\",\"0\"],\"text-decoration\":\"none\",\"background-color\":\"transparent\",\"background-transparency\":\"1\",\"border-color\":\"transparent\",\"border-transparency\":\"1\",\"border-style\":\"none\",\"border-width\":\"0\",\"border-radius\":[\"0\",\"0\",\"0\",\"0\"],\"z\":\"0\",\"skewx\":\"0\",\"skewy\":\"0\",\"scalex\":\"1\",\"scaley\":\"1\",\"opacity\":\"1\",\"xrotate\":\"0\",\"yrotate\":\"0\",\"2d_rotation\":\"0\",\"2d_origin_x\":\"50\",\"2d_origin_y\":\"50\",\"pers\":\"600\"}'),(70,'.tp-caption.News-Subtitle','{\"hover\":\"true\",\"version\":\"5.0\",\"translated\":\"5\"}','{\"color\":\"#ffffff\",\"color-transparency\":\"0.65\",\"text-decoration\":\"none\",\"background-color\":\"#ffffff\",\"background-transparency\":\"0\",\"border-color\":\"transparent\",\"border-transparency\":\"1\",\"border-style\":\"solid\",\"border-width\":\"0px\",\"border-radius\":[\"0\",\"0\",\"0px\",\"0\"],\"opacity\":\"1\",\"scalex\":\"1\",\"scaley\":\"1\",\"skewx\":\"0\",\"skewy\":\"0\",\"xrotate\":\"0\",\"yrotate\":\"0\",\"2d_rotation\":\"0\",\"speed\":\"300\",\"easing\":\"power3.inOut\"}','{\"idle\":\"\",\"hover\":\"\"}','{\"color\":\"#ffffff\",\"color-transparency\":\"1\",\"font-size\":\"15px\",\"line-height\":\"24px\",\"font-weight\":\"300\",\"font-style\":\"normal\",\"font-family\":\"Roboto Slab\",\"padding\":[\"0\",\"0\",\"0\",\"0\"],\"text-decoration\":\"none\",\"background-color\":\"#ffffff\",\"background-transparency\":\"0\",\"border-color\":\"transparent\",\"border-transparency\":\"1\",\"border-style\":\"none\",\"border-width\":\"0\",\"border-radius\":[\"0\",\"0\",\"0\",\"0\"],\"z\":\"0\",\"skewx\":\"0\",\"skewy\":\"0\",\"scalex\":\"1\",\"scaley\":\"1\",\"opacity\":\"1\",\"xrotate\":\"0\",\"yrotate\":\"0\",\"2d_rotation\":\"0\",\"2d_origin_x\":\"50\",\"2d_origin_y\":\"50\",\"pers\":\"600\"}'),(71,'.tp-caption.Photography-Display','{\"hover\":\"false\",\"version\":\"5.0\",\"translated\":\"5\"}','{\"color\":\"#ffffff\",\"color-transparency\":\"1\",\"text-decoration\":\"none\",\"background-color\":\"transparent\",\"background-transparency\":\"0\",\"border-color\":\"transparent\",\"border-transparency\":\"1\",\"border-style\":\"none\",\"border-width\":\"0\",\"border-radius\":[\"0\",\"0\",\"0\",\"0\"],\"opacity\":\"1\",\"scalex\":\"1\",\"scaley\":\"1\",\"skewx\":\"0\",\"skewy\":\"0\",\"xrotate\":\"0\",\"yrotate\":\"0\",\"2d_rotation\":\"0\",\"speed\":\"0\",\"easing\":\"none\"}','{\"idle\":{\"letter-spacing\":\"5px\"},\"hover\":\"\"}','{\"color\":\"#ffffff\",\"color-transparency\":\"1\",\"font-size\":\"80px\",\"line-height\":\"70px\",\"font-weight\":\"100\",\"font-style\":\"normal\",\"font-family\":\"Raleway\",\"padding\":[\"0\",\"0\",\"0\",\"0\"],\"text-decoration\":\"none\",\"background-color\":\"transparent\",\"background-transparency\":\"1\",\"border-color\":\"transparent\",\"border-transparency\":\"1\",\"border-style\":\"none\",\"border-width\":\"0\",\"border-radius\":[\"0\",\"0\",\"0\",\"0\"],\"z\":\"0\",\"skewx\":\"0\",\"skewy\":\"0\",\"scalex\":\"1\",\"scaley\":\"1\",\"opacity\":\"1\",\"xrotate\":\"0\",\"yrotate\":\"0\",\"2d_rotation\":\"0\",\"2d_origin_x\":\"50\",\"2d_origin_y\":\"50\",\"pers\":\"600\"}'),(72,'.tp-caption.Photography-Subline','{\"hover\":\"false\",\"version\":\"5.0\",\"translated\":\"5\"}','{\"color\":\"#ffffff\",\"color-transparency\":\"1\",\"text-decoration\":\"none\",\"background-color\":\"transparent\",\"background-transparency\":\"0\",\"border-color\":\"transparent\",\"border-transparency\":\"1\",\"border-style\":\"none\",\"border-width\":\"0\",\"border-radius\":[\"0\",\"0\",\"0\",\"0\"],\"opacity\":\"1\",\"scalex\":\"1\",\"scaley\":\"1\",\"skewx\":\"0\",\"skewy\":\"0\",\"xrotate\":\"0\",\"yrotate\":\"0\",\"2d_rotation\":\"0\",\"speed\":\"0\",\"easing\":\"none\"}','{\"idle\":{\"letter-spacing\":\"3px\"},\"hover\":\"\"}','{\"color\":\"#777777\",\"color-transparency\":\"1\",\"font-size\":\"20px\",\"line-height\":\"30px\",\"font-weight\":\"300\",\"font-style\":\"normal\",\"font-family\":\"Raleway\",\"padding\":[\"0\",\"0\",\"0\",\"0\"],\"text-decoration\":\"none\",\"background-color\":\"transparent\",\"background-transparency\":\"1\",\"border-color\":\"transparent\",\"border-transparency\":\"1\",\"border-style\":\"none\",\"border-width\":\"0\",\"border-radius\":[\"0\",\"0\",\"0\",\"0\"],\"z\":\"0\",\"skewx\":\"0\",\"skewy\":\"0\",\"scalex\":\"1\",\"scaley\":\"1\",\"opacity\":\"1\",\"xrotate\":\"0\",\"yrotate\":\"0\",\"2d_rotation\":\"0\",\"2d_origin_x\":\"50\",\"2d_origin_y\":\"50\",\"pers\":\"600\"}'),(73,'.tp-caption.Photography-ImageHover','{\"hover\":\"true\",\"version\":\"5.0\",\"translated\":\"5\"}','{\"color\":\"#ffffff\",\"color-transparency\":\"1\",\"text-decoration\":\"none\",\"background-color\":\"transparent\",\"background-transparency\":\"0\",\"border-color\":\"transparent\",\"border-transparency\":\"1\",\"border-style\":\"none\",\"border-width\":\"0\",\"border-radius\":[\"0\",\"0\",\"0\",\"0\"],\"opacity\":\"0.5\",\"scalex\":\"0.8\",\"scaley\":\"0.8\",\"skewx\":\"0\",\"skewy\":\"0\",\"xrotate\":\"0\",\"yrotate\":\"0\",\"2d_rotation\":\"0\",\"speed\":\"1000\",\"easing\":\"power3.inOut\"}','{\"idle\":\"\",\"hover\":\"\"}','{\"color\":\"#ffffff\",\"color-transparency\":\"1\",\"font-size\":\"20\",\"line-height\":\"22\",\"font-weight\":\"400\",\"font-style\":\"normal\",\"font-family\":\"\",\"padding\":[\"0\",\"0\",\"0\",\"0\"],\"text-decoration\":\"none\",\"background-color\":\"transparent\",\"background-transparency\":\"1\",\"border-color\":\"#ffffff\",\"border-transparency\":\"0\",\"border-style\":\"none\",\"border-width\":\"0px\",\"border-radius\":[\"0\",\"0\",\"0\",\"0\"],\"z\":\"0\",\"skewx\":\"0\",\"skewy\":\"0\",\"scalex\":\"1\",\"scaley\":\"1\",\"opacity\":\"1\",\"xrotate\":\"0\",\"yrotate\":\"0\",\"2d_rotation\":\"0\",\"2d_origin_x\":\"50\",\"2d_origin_y\":\"50\",\"pers\":\"600\"}'),(74,'.tp-caption.Photography-Menuitem','{\"hover\":\"true\",\"version\":\"5.0\",\"translated\":\"5\"}','{\"color\":\"#ffffff\",\"color-transparency\":\"1\",\"text-decoration\":\"none\",\"background-color\":\"#00ffde\",\"background-transparency\":\"0.65\",\"border-color\":\"transparent\",\"border-transparency\":\"1\",\"border-style\":\"none\",\"border-width\":\"0\",\"border-radius\":[\"0\",\"0\",\"0\",\"0\"],\"opacity\":\"1\",\"scalex\":\"1\",\"scaley\":\"1\",\"skewx\":\"0\",\"skewy\":\"0\",\"xrotate\":\"0\",\"yrotate\":\"0\",\"2d_rotation\":\"0\",\"pointer_events\":\"auto\",\"css_cursor\":\"pointer\",\"speed\":\"200\",\"easing\":\"none\"}','{\"idle\":{\"letter-spacing\":\"2px\"},\"hover\":\"\"}','{\"color\":\"#ffffff\",\"color-transparency\":\"1\",\"font-size\":\"20px\",\"line-height\":\"20px\",\"font-weight\":\"300\",\"font-style\":\"normal\",\"font-family\":\"Raleway\",\"padding\":[\"3px\",\"5px\",\"3px\",\"8px\"],\"text-decoration\":\"none\",\"background-color\":\"#000000\",\"background-transparency\":\"0.65\",\"border-color\":\"transparent\",\"border-transparency\":\"1\",\"border-style\":\"none\",\"border-width\":\"0\",\"border-radius\":[\"0\",\"0\",\"0\",\"0\"],\"z\":\"0\",\"skewx\":\"0\",\"skewy\":\"0\",\"scalex\":\"1\",\"scaley\":\"1\",\"opacity\":\"1\",\"xrotate\":\"0\",\"yrotate\":\"0\",\"2d_rotation\":\"0\",\"2d_origin_x\":\"50\",\"2d_origin_y\":\"50\",\"pers\":\"600\"}'),(75,'.tp-caption.Photography-Textblock','{\"hover\":\"false\",\"version\":\"5.0\",\"translated\":\"5\"}','{\"color\":\"#ffffff\",\"color-transparency\":\"1\",\"text-decoration\":\"none\",\"background-color\":\"transparent\",\"background-transparency\":\"0\",\"border-color\":\"transparent\",\"border-transparency\":\"1\",\"border-style\":\"none\",\"border-width\":\"0\",\"border-radius\":[\"0\",\"0\",\"0\",\"0\"],\"opacity\":\"1\",\"scalex\":\"1\",\"scaley\":\"1\",\"skewx\":\"0\",\"skewy\":\"0\",\"xrotate\":\"0\",\"yrotate\":\"0\",\"2d_rotation\":\"0\",\"speed\":\"0\",\"easing\":\"none\"}','{\"idle\":{\"letter-spacing\":\"2px\"},\"hover\":\"\"}','{\"color\":\"#fff\",\"color-transparency\":\"1\",\"font-size\":\"17px\",\"line-height\":\"30px\",\"font-weight\":\"300\",\"font-style\":\"normal\",\"font-family\":\"Raleway\",\"padding\":[\"0\",\"0\",\"0\",\"0\"],\"text-decoration\":\"none\",\"background-color\":\"transparent\",\"background-transparency\":\"1\",\"border-color\":\"transparent\",\"border-transparency\":\"1\",\"border-style\":\"none\",\"border-width\":\"0\",\"border-radius\":[\"0\",\"0\",\"0\",\"0\"],\"z\":\"0\",\"skewx\":\"0\",\"skewy\":\"0\",\"scalex\":\"1\",\"scaley\":\"1\",\"opacity\":\"1\",\"xrotate\":\"0\",\"yrotate\":\"0\",\"2d_rotation\":\"0\",\"2d_origin_x\":\"50\",\"2d_origin_y\":\"50\",\"pers\":\"600\"}'),(76,'.tp-caption.Photography-Subline-2','{\"hover\":\"false\",\"version\":\"5.0\",\"translated\":\"5\"}','{\"color\":\"#ffffff\",\"color-transparency\":\"1\",\"text-decoration\":\"none\",\"background-color\":\"transparent\",\"background-transparency\":\"0\",\"border-color\":\"transparent\",\"border-transparency\":\"1\",\"border-style\":\"none\",\"border-width\":\"0\",\"border-radius\":[\"0\",\"0\",\"0\",\"0\"],\"opacity\":\"1\",\"scalex\":\"1\",\"scaley\":\"1\",\"skewx\":\"0\",\"skewy\":\"0\",\"xrotate\":\"0\",\"yrotate\":\"0\",\"2d_rotation\":\"0\",\"pointer_events\":\"auto\",\"css_cursor\":\"auto\",\"speed\":\"0\",\"easing\":\"none\"}','{\"idle\":{\"letter-spacing\":\"3px\"},\"hover\":\"\"}','{\"color\":\"#ffffff\",\"color-transparency\":\"0.35\",\"font-size\":\"20px\",\"line-height\":\"30px\",\"font-weight\":\"300\",\"font-style\":\"normal\",\"font-family\":\"Raleway\",\"padding\":[\"0\",\"0\",\"0\",\"0\"],\"text-decoration\":\"none\",\"background-color\":\"transparent\",\"background-transparency\":\"1\",\"border-color\":\"transparent\",\"border-transparency\":\"1\",\"border-style\":\"none\",\"border-width\":\"0\",\"border-radius\":[\"0\",\"0\",\"0\",\"0\"],\"z\":\"0\",\"skewx\":\"0\",\"skewy\":\"0\",\"scalex\":\"1\",\"scaley\":\"1\",\"opacity\":\"1\",\"xrotate\":\"0\",\"yrotate\":\"0\",\"2d_rotation\":\"0\",\"2d_origin_x\":\"50\",\"2d_origin_y\":\"50\",\"pers\":\"600\"}'),(77,'.tp-caption.Photography-ImageHover2','{\"hover\":\"true\",\"version\":\"5.0\",\"translated\":\"5\"}','{\"color\":\"#ffffff\",\"color-transparency\":\"1\",\"text-decoration\":\"none\",\"background-color\":\"transparent\",\"background-transparency\":\"0\",\"border-color\":\"transparent\",\"border-transparency\":\"1\",\"border-style\":\"none\",\"border-width\":\"0\",\"border-radius\":[\"0\",\"0\",\"0\",\"0\"],\"opacity\":\"0.5\",\"scalex\":\"0.8\",\"scaley\":\"0.8\",\"skewx\":\"0\",\"skewy\":\"0\",\"xrotate\":\"0\",\"yrotate\":\"0\",\"2d_rotation\":\"0\",\"pointer_events\":\"auto\",\"css_cursor\":\"pointer\",\"speed\":\"500\",\"easing\":\"back.out\"}','{\"idle\":\"\",\"hover\":\"\"}','{\"color\":\"#ffffff\",\"color-transparency\":\"1\",\"font-size\":\"20\",\"line-height\":\"22\",\"font-weight\":\"400\",\"font-style\":\"normal\",\"font-family\":\"Arial\",\"padding\":[\"0\",\"0\",\"0\",\"0\"],\"text-decoration\":\"none\",\"background-color\":\"transparent\",\"background-transparency\":\"1\",\"border-color\":\"#ffffff\",\"border-transparency\":\"0\",\"border-style\":\"none\",\"border-width\":\"0px\",\"border-radius\":[\"0\",\"0\",\"0\",\"0\"],\"z\":\"0\",\"skewx\":\"0\",\"skewy\":\"0\",\"scalex\":\"1\",\"scaley\":\"1\",\"opacity\":\"1\",\"xrotate\":\"0\",\"yrotate\":\"0\",\"2d_rotation\":\"0\",\"2d_origin_x\":\"50\",\"2d_origin_y\":\"50\",\"pers\":\"600\"}'),(78,'.tp-caption.WebProduct-Title','{\"hover\":\"false\",\"version\":\"5.0\",\"translated\":\"5\"}','{\"color\":\"#ffffff\",\"color-transparency\":\"1\",\"text-decoration\":\"none\",\"background-color\":\"transparent\",\"background-transparency\":\"0\",\"border-color\":\"transparent\",\"border-transparency\":\"1\",\"border-style\":\"none\",\"border-width\":\"0\",\"border-radius\":[\"0\",\"0\",\"0\",\"0\"],\"opacity\":\"1\",\"scalex\":\"1\",\"scaley\":\"1\",\"skewx\":\"0\",\"skewy\":\"0\",\"xrotate\":\"0\",\"yrotate\":\"0\",\"2d_rotation\":\"0\",\"pointer_events\":\"auto\",\"css_cursor\":\"auto\",\"speed\":\"0\",\"easing\":\"none\"}','{\"idle\":\"\",\"hover\":\"\"}','{\"color\":\"#333333\",\"color-transparency\":\"1\",\"font-size\":\"90px\",\"line-height\":\"90px\",\"font-weight\":\"100\",\"font-style\":\"normal\",\"font-family\":\"Raleway\",\"padding\":[\"0\",\"0\",\"0\",\"0\"],\"text-decoration\":\"none\",\"background-color\":\"transparent\",\"background-transparency\":\"0\",\"border-color\":\"transparent\",\"border-transparency\":\"1\",\"border-style\":\"none\",\"border-width\":\"0\",\"border-radius\":[\"0\",\"0\",\"0\",\"0\"],\"z\":\"0\",\"skewx\":\"0\",\"skewy\":\"0\",\"scalex\":\"1\",\"scaley\":\"1\",\"opacity\":\"1\",\"xrotate\":\"0\",\"yrotate\":\"0\",\"2d_rotation\":\"0\",\"2d_origin_x\":\"50\",\"2d_origin_y\":\"50\",\"pers\":\"600\"}'),(79,'.tp-caption.WebProduct-SubTitle','{\"hover\":\"false\",\"version\":\"5.0\",\"translated\":\"5\"}','{\"color\":\"#ffffff\",\"color-transparency\":\"1\",\"text-decoration\":\"none\",\"background-color\":\"transparent\",\"background-transparency\":\"0\",\"border-color\":\"transparent\",\"border-transparency\":\"1\",\"border-style\":\"none\",\"border-width\":\"0\",\"border-radius\":[\"0\",\"0\",\"0\",\"0\"],\"opacity\":\"1\",\"scalex\":\"1\",\"scaley\":\"1\",\"skewx\":\"0\",\"skewy\":\"0\",\"xrotate\":\"0\",\"yrotate\":\"0\",\"2d_rotation\":\"0\",\"pointer_events\":\"auto\",\"css_cursor\":\"auto\",\"speed\":\"0\",\"easing\":\"none\"}','{\"idle\":\"\",\"hover\":\"\"}','{\"color\":\"#999999\",\"color-transparency\":\"1\",\"font-size\":\"15px\",\"line-height\":\"20px\",\"font-weight\":\"400\",\"font-style\":\"normal\",\"font-family\":\"Raleway\",\"padding\":[\"0\",\"0\",\"0\",\"0\"],\"text-decoration\":\"none\",\"background-color\":\"transparent\",\"background-transparency\":\"0\",\"border-color\":\"transparent\",\"border-transparency\":\"1\",\"border-style\":\"none\",\"border-width\":\"0\",\"border-radius\":[\"0\",\"0\",\"0\",\"0\"],\"z\":\"0\",\"skewx\":\"0\",\"skewy\":\"0\",\"scalex\":\"1\",\"scaley\":\"1\",\"opacity\":\"1\",\"xrotate\":\"0\",\"yrotate\":\"0\",\"2d_rotation\":\"0\",\"2d_origin_x\":\"50\",\"2d_origin_y\":\"50\",\"pers\":\"600\"}'),(80,'.tp-caption.WebProduct-Content','{\"hover\":\"false\",\"version\":\"5.0\",\"translated\":\"5\"}','{\"color\":\"#ffffff\",\"color-transparency\":\"1\",\"text-decoration\":\"none\",\"background-color\":\"transparent\",\"background-transparency\":\"0\",\"border-color\":\"transparent\",\"border-transparency\":\"1\",\"border-style\":\"none\",\"border-width\":\"0\",\"border-radius\":[\"0\",\"0\",\"0\",\"0\"],\"opacity\":\"1\",\"scalex\":\"1\",\"scaley\":\"1\",\"skewx\":\"0\",\"skewy\":\"0\",\"xrotate\":\"0\",\"yrotate\":\"0\",\"2d_rotation\":\"0\",\"pointer_events\":\"auto\",\"css_cursor\":\"auto\",\"speed\":\"0\",\"easing\":\"none\"}','{\"idle\":\"\",\"hover\":\"\"}','{\"color\":\"#999999\",\"color-transparency\":\"1\",\"font-size\":\"16px\",\"line-height\":\"24px\",\"font-weight\":\"600\",\"font-style\":\"normal\",\"font-family\":\"Raleway\",\"padding\":[\"0\",\"0\",\"0\",\"0\"],\"text-decoration\":\"none\",\"background-color\":\"transparent\",\"background-transparency\":\"0\",\"border-color\":\"transparent\",\"border-transparency\":\"1\",\"border-style\":\"none\",\"border-width\":\"0\",\"border-radius\":[\"0\",\"0\",\"0\",\"0\"],\"z\":\"0\",\"skewx\":\"0\",\"skewy\":\"0\",\"scalex\":\"1\",\"scaley\":\"1\",\"opacity\":\"1\",\"xrotate\":\"0\",\"yrotate\":\"0\",\"2d_rotation\":\"0\",\"2d_origin_x\":\"50\",\"2d_origin_y\":\"50\",\"pers\":\"600\"}'),(81,'.tp-caption.WebProduct-Menuitem','{\"hover\":\"true\",\"version\":\"5.0\",\"translated\":\"5\"}','{\"color\":\"#999999\",\"color-transparency\":\"1\",\"text-decoration\":\"none\",\"background-color\":\"#ffffff\",\"background-transparency\":\"1\",\"border-color\":\"transparent\",\"border-transparency\":\"1\",\"border-style\":\"none\",\"border-width\":\"0\",\"border-radius\":[\"0\",\"0\",\"0\",\"0\"],\"opacity\":\"1\",\"scalex\":\"1\",\"scaley\":\"1\",\"skewx\":\"0\",\"skewy\":\"0\",\"xrotate\":\"0\",\"yrotate\":\"0\",\"2d_rotation\":\"0\",\"pointer_events\":\"auto\",\"css_cursor\":\"pointer\",\"speed\":\"200\",\"easing\":\"none\"}','{\"idle\":{\"letter-spacing\":\"2px\"},\"hover\":\"\"}','{\"color\":\"#ffffff\",\"color-transparency\":\"1\",\"font-size\":\"15px\",\"line-height\":\"20px\",\"font-weight\":\"500\",\"font-style\":\"normal\",\"font-family\":\"Raleway\",\"padding\":[\"3px\",\"5px\",\"3px\",\"8px\"],\"text-decoration\":\"none\",\"text-align\":\"left\",\"background-color\":\"#333333\",\"background-transparency\":\"1\",\"border-color\":\"transparent\",\"border-transparency\":\"1\",\"border-style\":\"none\",\"border-width\":\"0\",\"border-radius\":[\"0\",\"0\",\"0\",\"0\"],\"z\":\"0\",\"skewx\":\"0\",\"skewy\":\"0\",\"scalex\":\"1\",\"scaley\":\"1\",\"opacity\":\"1\",\"xrotate\":\"0\",\"yrotate\":\"0\",\"2d_rotation\":\"0\",\"2d_origin_x\":\"50\",\"2d_origin_y\":\"50\",\"pers\":\"600\",\"corner_left\":\"nothing\",\"corner_right\":\"nothing\",\"parallax\":\"-\"}'),(82,'.tp-caption.WebProduct-Title-Light','{\"hover\":\"false\",\"version\":\"5.0\",\"translated\":\"5\"}','{\"color\":\"#ffffff\",\"color-transparency\":\"1\",\"text-decoration\":\"none\",\"background-color\":\"transparent\",\"background-transparency\":\"0\",\"border-color\":\"transparent\",\"border-transparency\":\"1\",\"border-style\":\"none\",\"border-width\":\"0\",\"border-radius\":[\"0\",\"0\",\"0\",\"0\"],\"opacity\":\"1\",\"scalex\":\"1\",\"scaley\":\"1\",\"skewx\":\"0\",\"skewy\":\"0\",\"xrotate\":\"0\",\"yrotate\":\"0\",\"2d_rotation\":\"0\",\"pointer_events\":\"auto\",\"css_cursor\":\"auto\",\"speed\":\"0\",\"easing\":\"none\"}','{\"idle\":\"\",\"hover\":\"\"}','{\"color\":\"#fff\",\"color-transparency\":\"1\",\"font-size\":\"90px\",\"line-height\":\"90px\",\"font-weight\":\"100\",\"font-style\":\"normal\",\"font-family\":\"Raleway\",\"padding\":[\"0\",\"0\",\"0\",\"0\"],\"text-decoration\":\"none\",\"text-align\":\"left\",\"background-color\":\"transparent\",\"background-transparency\":\"1\",\"border-color\":\"transparent\",\"border-transparency\":\"1\",\"border-style\":\"none\",\"border-width\":\"0\",\"border-radius\":[\"0\",\"0\",\"0\",\"0\"],\"z\":\"0\",\"skewx\":\"0\",\"skewy\":\"0\",\"scalex\":\"1\",\"scaley\":\"1\",\"opacity\":\"1\",\"xrotate\":\"0\",\"yrotate\":\"0\",\"2d_rotation\":\"0\",\"2d_origin_x\":\"50\",\"2d_origin_y\":\"50\",\"pers\":\"600\",\"corner_left\":\"nothing\",\"corner_right\":\"nothing\",\"parallax\":\"-\"}'),(83,'.tp-caption.WebProduct-SubTitle-Light','{\"hover\":\"false\",\"version\":\"5.0\",\"translated\":\"5\"}','{\"color\":\"#ffffff\",\"color-transparency\":\"1\",\"text-decoration\":\"none\",\"background-color\":\"transparent\",\"background-transparency\":\"0\",\"border-color\":\"transparent\",\"border-transparency\":\"1\",\"border-style\":\"none\",\"border-width\":\"0\",\"border-radius\":[\"0\",\"0\",\"0\",\"0\"],\"opacity\":\"1\",\"scalex\":\"1\",\"scaley\":\"1\",\"skewx\":\"0\",\"skewy\":\"0\",\"xrotate\":\"0\",\"yrotate\":\"0\",\"2d_rotation\":\"0\",\"pointer_events\":\"auto\",\"css_cursor\":\"auto\",\"speed\":\"0\",\"easing\":\"none\"}','{\"idle\":\"\",\"hover\":\"\"}','{\"color\":\"#ffffff\",\"color-transparency\":\"0.35\",\"font-size\":\"15px\",\"line-height\":\"20px\",\"font-weight\":\"400\",\"font-style\":\"normal\",\"font-family\":\"Raleway\",\"padding\":[\"0\",\"0\",\"0\",\"0\"],\"text-decoration\":\"none\",\"text-align\":\"left\",\"background-color\":\"transparent\",\"background-transparency\":\"1\",\"border-color\":\"transparent\",\"border-transparency\":\"1\",\"border-style\":\"none\",\"border-width\":\"0\",\"border-radius\":[\"0\",\"0\",\"0\",\"0\"],\"z\":\"0\",\"skewx\":\"0\",\"skewy\":\"0\",\"scalex\":\"1\",\"scaley\":\"1\",\"opacity\":\"1\",\"xrotate\":\"0\",\"yrotate\":\"0\",\"2d_rotation\":\"0\",\"2d_origin_x\":\"50\",\"2d_origin_y\":\"50\",\"pers\":\"600\",\"corner_left\":\"nothing\",\"parallax\":\"-\"}'),(84,'.tp-caption.WebProduct-Content-Light','{\"hover\":\"false\",\"version\":\"5.0\",\"translated\":\"5\"}','{\"color\":\"#ffffff\",\"color-transparency\":\"1\",\"text-decoration\":\"none\",\"background-color\":\"transparent\",\"background-transparency\":\"0\",\"border-color\":\"transparent\",\"border-transparency\":\"1\",\"border-style\":\"none\",\"border-width\":\"0\",\"border-radius\":[\"0\",\"0\",\"0\",\"0\"],\"opacity\":\"1\",\"scalex\":\"1\",\"scaley\":\"1\",\"skewx\":\"0\",\"skewy\":\"0\",\"xrotate\":\"0\",\"yrotate\":\"0\",\"2d_rotation\":\"0\",\"pointer_events\":\"auto\",\"css_cursor\":\"auto\",\"speed\":\"0\",\"easing\":\"none\"}','{\"idle\":\"\",\"hover\":\"\"}','{\"color\":\"#ffffff\",\"color-transparency\":\"0.65\",\"font-size\":\"16px\",\"line-height\":\"24px\",\"font-weight\":\"600\",\"font-style\":\"normal\",\"font-family\":\"Raleway\",\"padding\":[\"0\",\"0\",\"0\",\"0\"],\"text-decoration\":\"none\",\"text-align\":\"left\",\"background-color\":\"transparent\",\"background-transparency\":\"1\",\"border-color\":\"transparent\",\"border-transparency\":\"1\",\"border-style\":\"none\",\"border-width\":\"0\",\"border-radius\":[\"0\",\"0\",\"0\",\"0\"],\"z\":\"0\",\"skewx\":\"0\",\"skewy\":\"0\",\"scalex\":\"1\",\"scaley\":\"1\",\"opacity\":\"1\",\"xrotate\":\"0\",\"yrotate\":\"0\",\"2d_rotation\":\"0\",\"2d_origin_x\":\"50\",\"2d_origin_y\":\"50\",\"pers\":\"600\",\"corner_left\":\"nothing\",\"parallax\":\"-\"}'),(85,'.tp-caption.FatRounded','{\"hover\":\"true\",\"type\":\"text\",\"version\":\"5.0\",\"translated\":\"5\"}','{\"color\":\"#fff\",\"color-transparency\":\"1\",\"text-decoration\":\"none\",\"background-color\":\"#000000\",\"background-transparency\":\"1\",\"border-color\":\"#d3d3d3\",\"border-transparency\":\"1\",\"border-style\":\"none\",\"border-width\":\"0px\",\"border-radius\":[\"50px\",\"50px\",\"50px\",\"50px\"],\"opacity\":\"1\",\"scalex\":\"1\",\"scaley\":\"1\",\"skewx\":\"0\",\"skewy\":\"0\",\"xrotate\":\"0\",\"yrotate\":\"0\",\"2d_rotation\":\"0\",\"pointer_events\":\"auto\",\"css_cursor\":\"pointer\",\"speed\":\"300\",\"easing\":\"none\"}','{\"idle\":{\"text-shadow\":\"none\"},\"hover\":\"\"}','{\"color\":\"#fff\",\"color-transparency\":\"1\",\"font-size\":\"30px\",\"line-height\":\"30px\",\"font-weight\":\"900\",\"font-style\":\"normal\",\"font-family\":\"Raleway\",\"padding\":[\"20px\",\"22px\",\"20px\",\"25px\"],\"text-decoration\":\"none\",\"text-align\":\"left\",\"background-color\":\"#000000\",\"background-transparency\":\"0.5\",\"border-color\":\"#d3d3d3\",\"border-transparency\":\"1\",\"border-style\":\"none\",\"border-width\":\"0px\",\"border-radius\":[\"50px\",\"50px\",\"50px\",\"50px\"],\"z\":\"0\",\"skewx\":\"0\",\"skewy\":\"0\",\"scalex\":\"1\",\"scaley\":\"1\",\"opacity\":\"1\",\"xrotate\":\"0\",\"yrotate\":\"0\",\"2d_rotation\":\"0\",\"2d_origin_x\":\"50\",\"2d_origin_y\":\"50\",\"pers\":\"600\",\"corner_left\":\"nothing\",\"corner_right\":\"nothing\",\"parallax\":\"-\"}'),(86,'.tp-caption.NotGeneric-Title','{\"translated\":5,\"type\":\"text\",\"version\":\"5.0\"}','{\"color\":\"#ffffff\",\"color-transparency\":\"1\",\"text-decoration\":\"none\",\"background-color\":\"transparent\",\"background-transparency\":\"0\",\"border-color\":\"transparent\",\"border-transparency\":\"1\",\"border-style\":\"none\",\"border-width\":\"0\",\"border-radius\":[\"0\",\"0\",\"0\",\"0\"],\"opacity\":\"1\",\"scalex\":\"1\",\"scaley\":\"1\",\"skewx\":\"0\",\"skewy\":\"0\",\"xrotate\":\"0\",\"yrotate\":\"0\",\"2d_rotation\":\"0\",\"pointer_events\":\"auto\",\"css_cursor\":\"auto\",\"speed\":\"0\",\"easing\":\"none\"}','{\"idle\":\"[object Object]\",\"hover\":\"\"}','{\"color\":\"#ffffff\",\"color-transparency\":\"1\",\"font-size\":\"70px\",\"line-height\":\"70px\",\"font-weight\":\"800\",\"font-style\":\"normal\",\"font-family\":\"Raleway\",\"padding\":\"10px 0px 10px 0\",\"text-decoration\":\"none\",\"background-color\":\"transparent\",\"background-transparency\":\"1\",\"border-color\":\"transparent\",\"border-transparency\":\"1\",\"border-style\":\"none\",\"border-width\":\"0\",\"border-radius\":\"0 0 0 0\",\"z\":\"0\",\"skewx\":\"0\",\"skewy\":\"0\",\"scalex\":\"1\",\"scaley\":\"1\",\"opacity\":\"1\",\"xrotate\":\"0\",\"yrotate\":\"0\",\"2d_rotation\":\"0\",\"2d_origin_x\":\"50\",\"2d_origin_y\":\"50\",\"pers\":\"600\",\"corner_left\":\"nothing\",\"corner_right\":\"nothing\",\"parallax\":\"-\"}'),(87,'.tp-caption.NotGeneric-SubTitle','{\"translated\":5,\"type\":\"text\",\"version\":\"5.0\"}','{\"color\":\"#ffffff\",\"color-transparency\":\"1\",\"text-decoration\":\"none\",\"background-color\":\"transparent\",\"background-transparency\":\"0\",\"border-color\":\"transparent\",\"border-transparency\":\"1\",\"border-style\":\"none\",\"border-width\":\"0\",\"border-radius\":[\"0\",\"0\",\"0\",\"0\"],\"opacity\":\"1\",\"scalex\":\"1\",\"scaley\":\"1\",\"skewx\":\"0\",\"skewy\":\"0\",\"xrotate\":\"0\",\"yrotate\":\"0\",\"2d_rotation\":\"0\",\"pointer_events\":\"auto\",\"css_cursor\":\"auto\",\"speed\":\"0\",\"easing\":\"none\"}','{\"idle\":{\"letter-spacing\":\"4px\",\"text-align\":\"left\"},\"hover\":\"\"}','{\"color\":\"#ffffff\",\"color-transparency\":\"1\",\"font-size\":\"13px\",\"line-height\":\"20px\",\"font-weight\":\"500\",\"font-style\":\"normal\",\"font-family\":\"Raleway\",\"padding\":\"0 0 0 0\",\"text-decoration\":\"none\",\"background-color\":\"transparent\",\"background-transparency\":\"1\",\"border-color\":\"transparent\",\"border-transparency\":\"1\",\"border-style\":\"none\",\"border-width\":\"0\",\"border-radius\":\"0 0 0 0\",\"z\":\"0\",\"skewx\":\"0\",\"skewy\":\"0\",\"scalex\":\"1\",\"scaley\":\"1\",\"opacity\":\"1\",\"xrotate\":\"0\",\"yrotate\":\"0\",\"2d_rotation\":\"0\",\"2d_origin_x\":\"50\",\"2d_origin_y\":\"50\",\"pers\":\"600\",\"corner_left\":\"nothing\",\"corner_right\":\"nothing\",\"parallax\":\"-\"}'),(88,'.tp-caption.NotGeneric-CallToAction','{\"hover\":\"true\",\"translated\":5,\"type\":\"text\",\"version\":\"5.0\"}','{\"color\":\"#ffffff\",\"color-transparency\":\"1\",\"text-decoration\":\"none\",\"background-color\":\"transparent\",\"background-transparency\":\"0\",\"border-color\":\"#ffffff\",\"border-transparency\":\"1\",\"border-style\":\"solid\",\"border-width\":\"1\",\"border-radius\":\"0px 0px 0px 0px\",\"opacity\":\"1\",\"scalex\":\"1\",\"scaley\":\"1\",\"skewx\":\"0\",\"skewy\":\"0\",\"xrotate\":\"0\",\"yrotate\":\"0\",\"2d_rotation\":\"0\",\"pointer_events\":\"auto\",\"css_cursor\":\"pointer\",\"speed\":\"300\",\"easing\":\"power3.out\"}','{\"idle\":{\"letter-spacing\":\"3px\",\"text-align\":\"left\"},\"hover\":\"\"}','{\"color\":\"#ffffff\",\"color-transparency\":\"1\",\"font-size\":\"14px\",\"line-height\":\"14px\",\"font-weight\":\"500\",\"font-style\":\"normal\",\"font-family\":\"Raleway\",\"padding\":\"10px 30px 10px 30px\",\"text-decoration\":\"none\",\"background-color\":\"#000000\",\"background-transparency\":\"0\",\"border-color\":\"#ffffff\",\"border-transparency\":\"0.5\",\"border-style\":\"solid\",\"border-width\":\"1\",\"border-radius\":\"0px 0px 0px 0px\",\"z\":\"0\",\"skewx\":\"0\",\"skewy\":\"0\",\"scalex\":\"1\",\"scaley\":\"1\",\"opacity\":\"1\",\"xrotate\":\"0\",\"yrotate\":\"0\",\"2d_rotation\":\"0\",\"2d_origin_x\":\"50\",\"2d_origin_y\":\"50\",\"pers\":\"600\",\"corner_left\":\"nothing\",\"corner_right\":\"nothing\",\"parallax\":\"-\"}'),(89,'.tp-caption.NotGeneric-Icon','{\"translated\":5,\"type\":\"text\",\"version\":\"5.0\"}','{\"color\":\"#ffffff\",\"color-transparency\":\"1\",\"text-decoration\":\"none\",\"background-color\":\"transparent\",\"background-transparency\":\"0\",\"border-color\":\"#ffffff\",\"border-transparency\":\"1\",\"border-style\":\"solid\",\"border-width\":\"1\",\"border-radius\":[\"0px\",\"0px\",\"0px\",\"0px\"],\"opacity\":\"1\",\"scalex\":\"1\",\"scaley\":\"1\",\"skewx\":\"0\",\"skewy\":\"0\",\"xrotate\":\"0\",\"yrotate\":\"0\",\"2d_rotation\":\"0\",\"pointer_events\":\"auto\",\"css_cursor\":\"default\",\"speed\":\"300\",\"easing\":\"power3.out\"}','{\"idle\":{\"letter-spacing\":\"3px\",\"text-align\":\"left\"},\"hover\":\"\"}','{\"color\":\"#ffffff\",\"color-transparency\":\"1\",\"font-size\":\"30px\",\"line-height\":\"30px\",\"font-weight\":\"400\",\"font-style\":\"normal\",\"font-family\":\"Raleway\",\"padding\":\"0px 0px 0px 0px\",\"text-decoration\":\"none\",\"background-color\":\"#000000\",\"background-transparency\":\"0\",\"border-color\":\"#ffffff\",\"border-transparency\":\"0\",\"border-style\":\"solid\",\"border-width\":\"0px\",\"border-radius\":\"0px 0px 0px 0px\",\"z\":\"0\",\"skewx\":\"0\",\"skewy\":\"0\",\"scalex\":\"1\",\"scaley\":\"1\",\"opacity\":\"1\",\"xrotate\":\"0\",\"yrotate\":\"0\",\"2d_rotation\":\"0\",\"2d_origin_x\":\"50\",\"2d_origin_y\":\"50\",\"pers\":\"600\",\"corner_left\":\"nothing\",\"corner_right\":\"nothing\",\"parallax\":\"-\"}'),(90,'.tp-caption.NotGeneric-Menuitem','{\"hover\":\"true\",\"translated\":5,\"type\":\"text\",\"version\":\"5.0\"}','{\"color\":\"#ffffff\",\"color-transparency\":\"1\",\"text-decoration\":\"none\",\"background-color\":\"#000000\",\"background-transparency\":\"0\",\"border-color\":\"#ffffff\",\"border-transparency\":\"1\",\"border-style\":\"solid\",\"border-width\":\"1px\",\"border-radius\":\"0px 0px 0px 0px\",\"opacity\":\"1\",\"scalex\":\"1\",\"scaley\":\"1\",\"skewx\":\"0\",\"skewy\":\"0\",\"xrotate\":\"0\",\"yrotate\":\"0\",\"2d_rotation\":\"0\",\"pointer_events\":\"auto\",\"css_cursor\":\"pointer\",\"speed\":\"300\",\"easing\":\"power1.inOut\"}','{\"idle\":{\"letter-spacing\":\"3px\",\"text-align\":\"left\"},\"hover\":\"\"}','{\"color\":\"#ffffff\",\"color-transparency\":\"1\",\"font-size\":\"14px\",\"line-height\":\"14px\",\"font-weight\":\"500\",\"font-style\":\"normal\",\"font-family\":\"Raleway\",\"padding\":\"27px 30px 27px 30px\",\"text-decoration\":\"none\",\"background-color\":\"#000000\",\"background-transparency\":\"0\",\"border-color\":\"#ffffff\",\"border-transparency\":\"0.15\",\"border-style\":\"solid\",\"border-width\":\"1px\",\"border-radius\":\"0px 0px 0px 0px\",\"z\":\"0\",\"skewx\":\"0\",\"skewy\":\"0\",\"scalex\":\"1\",\"scaley\":\"1\",\"opacity\":\"1\",\"xrotate\":\"0\",\"yrotate\":\"0\",\"2d_rotation\":\"0\",\"2d_origin_x\":\"50\",\"2d_origin_y\":\"50\",\"pers\":\"600\",\"corner_left\":\"nothing\",\"corner_right\":\"nothing\",\"parallax\":\"-\"}'),(91,'.tp-caption.MarkerStyle','{\"translated\":5,\"type\":\"text\",\"version\":\"5.0\"}','{\"color\":\"#ffffff\",\"color-transparency\":\"1\",\"text-decoration\":\"none\",\"background-color\":\"transparent\",\"background-transparency\":\"0\",\"border-color\":\"transparent\",\"border-transparency\":\"1\",\"border-style\":\"none\",\"border-width\":\"0\",\"border-radius\":[\"0\",\"0\",\"0\",\"0\"],\"opacity\":\"1\",\"scalex\":\"1\",\"scaley\":\"1\",\"skewx\":\"0\",\"skewy\":\"0\",\"xrotate\":\"0\",\"yrotate\":\"0\",\"2d_rotation\":\"0\",\"pointer_events\":\"auto\",\"css_cursor\":\"auto\",\"speed\":\"0\",\"easing\":\"none\"}','{\"idle\":{\"text-align\":\"left\",\"0\":\"\"},\"hover\":\"\"}','{\"color\":\"#ffffff\",\"color-transparency\":\"1\",\"font-size\":\"17px\",\"line-height\":\"30px\",\"font-weight\":\"100\",\"font-style\":\"normal\",\"font-family\":\"\\\"Permanent Marker\\\"\",\"padding\":\"0 0 0 0\",\"text-decoration\":\"none\",\"background-color\":\"transparent\",\"background-transparency\":\"1\",\"border-color\":\"transparent\",\"border-transparency\":\"1\",\"border-style\":\"none\",\"border-width\":\"0\",\"border-radius\":\"0 0 0 0\",\"z\":\"0\",\"skewx\":\"0\",\"skewy\":\"0\",\"scalex\":\"1\",\"scaley\":\"1\",\"opacity\":\"1\",\"xrotate\":\"0\",\"yrotate\":\"0\",\"2d_rotation\":\"0\",\"2d_origin_x\":\"50\",\"2d_origin_y\":\"50\",\"pers\":\"600\",\"corner_left\":\"nothing\",\"corner_right\":\"nothing\",\"parallax\":\"-\"}'),(92,'.tp-caption.Gym-Menuitem','{\"hover\":\"true\",\"type\":\"text\",\"version\":\"5.0\",\"translated\":\"5\"}','{\"color\":\"#ffffff\",\"color-transparency\":\"1\",\"text-decoration\":\"none\",\"background-color\":\"#000000\",\"background-transparency\":\"1\",\"border-color\":\"#ffffff\",\"border-transparency\":\"0.25\",\"border-style\":\"solid\",\"border-width\":\"2px\",\"border-radius\":[\"3px\",\"3px\",\"3px\",\"3px\"],\"opacity\":\"1\",\"scalex\":\"1\",\"scaley\":\"1\",\"skewx\":\"0\",\"skewy\":\"0\",\"xrotate\":\"0\",\"yrotate\":\"0\",\"2d_rotation\":\"0\",\"pointer_events\":\"auto\",\"css_cursor\":\"pointer\",\"speed\":\"200\",\"easing\":\"none\"}','{\"idle\":{\"letter-spacing\":\"2px\"},\"hover\":\"\"}','{\"color\":\"#ffffff\",\"color-transparency\":\"1\",\"font-size\":\"20px\",\"line-height\":\"20px\",\"font-weight\":\"300\",\"font-style\":\"normal\",\"font-family\":\"Raleway\",\"padding\":[\"3px\",\"5px\",\"3px\",\"8px\"],\"text-decoration\":\"none\",\"text-align\":\"left\",\"background-color\":\"#000000\",\"background-transparency\":\"1\",\"border-color\":\"#ffffff\",\"border-transparency\":\"0\",\"border-style\":\"solid\",\"border-width\":\"2px\",\"border-radius\":[\"3px\",\"3px\",\"3px\",\"3px\"],\"z\":\"0\",\"skewx\":\"0\",\"skewy\":\"0\",\"scalex\":\"1\",\"scaley\":\"1\",\"opacity\":\"1\",\"xrotate\":\"0\",\"yrotate\":\"0\",\"2d_rotation\":\"0\",\"2d_origin_x\":\"50\",\"2d_origin_y\":\"50\",\"pers\":\"600\",\"corner_left\":\"nothing\",\"corner_right\":\"nothing\",\"parallax\":\"-\"}'),(93,'.tp-caption.Newspaper-Button','{\"hover\":\"true\",\"type\":\"button\",\"version\":\"5.0\",\"translated\":\"5\"}','{\"color\":\"#000000\",\"color-transparency\":\"1\",\"text-decoration\":\"none\",\"background-color\":\"#FFFFFF\",\"background-transparency\":\"1\",\"border-color\":\"#ffffff\",\"border-transparency\":\"1\",\"border-style\":\"solid\",\"border-width\":\"1px\",\"border-radius\":[\"0px\",\"0px\",\"0px\",\"0px\"],\"opacity\":\"1\",\"scalex\":\"1\",\"scaley\":\"1\",\"skewx\":\"0\",\"skewy\":\"0\",\"xrotate\":\"0\",\"yrotate\":\"0\",\"2d_rotation\":\"0\",\"pointer_events\":\"auto\",\"css_cursor\":\"pointer\",\"speed\":\"300\",\"easing\":\"power1.inOut\"}','{\"idle\":{\"letter-spacing\":\"2px\"},\"hover\":\"\"}','{\"color\":\"#ffffff\",\"color-transparency\":\"1\",\"font-size\":\"13px\",\"line-height\":\"17px\",\"font-weight\":\"700\",\"font-style\":\"normal\",\"font-family\":\"Roboto\",\"padding\":[\"12px\",\"35px\",\"12px\",\"35px\"],\"text-decoration\":\"none\",\"text-align\":\"left\",\"background-color\":\"#ffffff\",\"background-transparency\":\"0\",\"border-color\":\"#ffffff\",\"border-transparency\":\"0.25\",\"border-style\":\"solid\",\"border-width\":\"1px\",\"border-radius\":[\"0px\",\"0px\",\"0px\",\"0px\"],\"z\":\"0\",\"skewx\":\"0\",\"skewy\":\"0\",\"scalex\":\"1\",\"scaley\":\"1\",\"opacity\":\"1\",\"xrotate\":\"0\",\"yrotate\":\"0\",\"2d_rotation\":\"0\",\"2d_origin_x\":\"50\",\"2d_origin_y\":\"50\",\"pers\":\"600\",\"corner_left\":\"nothing\",\"corner_right\":\"nothing\",\"parallax\":\"-\"}'),(94,'.tp-caption.Newspaper-Subtitle','{\"hover\":\"false\",\"type\":\"text\",\"version\":\"5.0\",\"translated\":\"5\"}','{\"color\":\"#ffffff\",\"color-transparency\":\"1\",\"text-decoration\":\"none\",\"background-color\":\"transparent\",\"background-transparency\":\"0\",\"border-color\":\"transparent\",\"border-transparency\":\"1\",\"border-style\":\"none\",\"border-width\":\"0\",\"border-radius\":[\"0\",\"0\",\"0\",\"0\"],\"opacity\":\"1\",\"scalex\":\"1\",\"scaley\":\"1\",\"skewx\":\"0\",\"skewy\":\"0\",\"xrotate\":\"0\",\"yrotate\":\"0\",\"2d_rotation\":\"0\",\"pointer_events\":\"auto\",\"css_cursor\":\"auto\",\"speed\":\"0\",\"easing\":\"none\"}','{\"idle\":\"\",\"hover\":\"\"}','{\"color\":\"#a8d8ee\",\"color-transparency\":\"1\",\"font-size\":\"15px\",\"line-height\":\"20px\",\"font-weight\":\"900\",\"font-style\":\"normal\",\"font-family\":\"Roboto\",\"padding\":[\"0\",\"0\",\"0\",\"0\"],\"text-decoration\":\"none\",\"text-align\":\"left\",\"background-color\":\"transparent\",\"background-transparency\":\"1\",\"border-color\":\"transparent\",\"border-transparency\":\"1\",\"border-style\":\"none\",\"border-width\":\"0\",\"border-radius\":[\"0\",\"0\",\"0\",\"0\"],\"z\":\"0\",\"skewx\":\"0\",\"skewy\":\"0\",\"scalex\":\"1\",\"scaley\":\"1\",\"opacity\":\"1\",\"xrotate\":\"0\",\"yrotate\":\"0\",\"2d_rotation\":\"0\",\"2d_origin_x\":\"50\",\"2d_origin_y\":\"50\",\"pers\":\"600\",\"corner_left\":\"nothing\",\"corner_right\":\"nothing\",\"parallax\":\"-\"}'),(95,'.tp-caption.Newspaper-Title','{\"hover\":\"false\",\"type\":\"text\",\"version\":\"5.0\",\"translated\":\"5\"}','{\"color\":\"#ffffff\",\"color-transparency\":\"1\",\"text-decoration\":\"none\",\"background-color\":\"transparent\",\"background-transparency\":\"0\",\"border-color\":\"transparent\",\"border-transparency\":\"1\",\"border-style\":\"none\",\"border-width\":\"0\",\"border-radius\":[\"0\",\"0\",\"0\",\"0\"],\"opacity\":\"1\",\"scalex\":\"1\",\"scaley\":\"1\",\"skewx\":\"0\",\"skewy\":\"0\",\"xrotate\":\"0\",\"yrotate\":\"0\",\"2d_rotation\":\"0\",\"pointer_events\":\"auto\",\"css_cursor\":\"auto\",\"speed\":\"0\",\"easing\":\"none\"}','{\"idle\":\"\",\"hover\":\"\"}','{\"color\":\"#fff\",\"color-transparency\":\"1\",\"font-size\":\"50px\",\"line-height\":\"55px\",\"font-weight\":\"400\",\"font-style\":\"normal\",\"font-family\":\"\\\"Roboto Slab\\\"\",\"padding\":[\"0\",\"0\",\"10px\",\"0\"],\"text-decoration\":\"none\",\"text-align\":\"left\",\"background-color\":\"transparent\",\"background-transparency\":\"1\",\"border-color\":\"transparent\",\"border-transparency\":\"1\",\"border-style\":\"none\",\"border-width\":\"0\",\"border-radius\":[\"0\",\"0\",\"0\",\"0\"],\"z\":\"0\",\"skewx\":\"0\",\"skewy\":\"0\",\"scalex\":\"1\",\"scaley\":\"1\",\"opacity\":\"1\",\"xrotate\":\"0\",\"yrotate\":\"0\",\"2d_rotation\":\"0\",\"2d_origin_x\":\"50\",\"2d_origin_y\":\"50\",\"pers\":\"600\",\"corner_left\":\"nothing\",\"corner_right\":\"nothing\",\"parallax\":\"-\"}'),(96,'.tp-caption.Newspaper-Title-Centered','{\"hover\":\"false\",\"type\":\"text\",\"version\":\"5.0\",\"translated\":\"5\"}','{\"color\":\"#ffffff\",\"color-transparency\":\"1\",\"text-decoration\":\"none\",\"background-color\":\"transparent\",\"background-transparency\":\"0\",\"border-color\":\"transparent\",\"border-transparency\":\"1\",\"border-style\":\"none\",\"border-width\":\"0\",\"border-radius\":[\"0\",\"0\",\"0\",\"0\"],\"opacity\":\"1\",\"scalex\":\"1\",\"scaley\":\"1\",\"skewx\":\"0\",\"skewy\":\"0\",\"xrotate\":\"0\",\"yrotate\":\"0\",\"2d_rotation\":\"0\",\"pointer_events\":\"auto\",\"css_cursor\":\"auto\",\"speed\":\"0\",\"easing\":\"none\"}','{\"idle\":\"\",\"hover\":\"\"}','{\"color\":\"#fff\",\"color-transparency\":\"1\",\"font-size\":\"50px\",\"line-height\":\"55px\",\"font-weight\":\"400\",\"font-style\":\"normal\",\"font-family\":\"\\\"Roboto Slab\\\"\",\"padding\":[\"0\",\"0\",\"10px\",\"0\"],\"text-decoration\":\"none\",\"text-align\":\"center\",\"background-color\":\"transparent\",\"background-transparency\":\"1\",\"border-color\":\"transparent\",\"border-transparency\":\"1\",\"border-style\":\"none\",\"border-width\":\"0\",\"border-radius\":[\"0\",\"0\",\"0\",\"0\"],\"z\":\"0\",\"skewx\":\"0\",\"skewy\":\"0\",\"scalex\":\"1\",\"scaley\":\"1\",\"opacity\":\"1\",\"xrotate\":\"0\",\"yrotate\":\"0\",\"2d_rotation\":\"0\",\"2d_origin_x\":\"50\",\"2d_origin_y\":\"50\",\"pers\":\"600\",\"corner_left\":\"nothing\",\"corner_right\":\"nothing\",\"parallax\":\"-\"}'),(97,'.tp-caption.Hero-Button','{\"hover\":\"true\",\"type\":\"button\",\"version\":\"5.0\",\"translated\":\"5\"}','{\"color\":\"#000000\",\"color-transparency\":\"1\",\"text-decoration\":\"none\",\"background-color\":\"#ffffff\",\"background-transparency\":\"1\",\"border-color\":\"#ffffff\",\"border-transparency\":\"1\",\"border-style\":\"solid\",\"border-width\":\"1\",\"border-radius\":[\"0px\",\"0px\",\"0px\",\"0px\"],\"opacity\":\"1\",\"scalex\":\"1\",\"scaley\":\"1\",\"skewx\":\"0\",\"skewy\":\"0\",\"xrotate\":\"0\",\"yrotate\":\"0\",\"2d_rotation\":\"0\",\"pointer_events\":\"auto\",\"css_cursor\":\"pointer\",\"speed\":\"300\",\"easing\":\"power1.inOut\"}','{\"idle\":{\"letter-spacing\":\"3px\"},\"hover\":\"\"}','{\"color\":\"#ffffff\",\"color-transparency\":\"1\",\"font-size\":\"14px\",\"line-height\":\"14px\",\"font-weight\":\"500\",\"font-style\":\"normal\",\"font-family\":\"Raleway\",\"padding\":[\"10px\",\"30px\",\"10px\",\"30px\"],\"text-decoration\":\"none\",\"text-align\":\"left\",\"background-color\":\"#000000\",\"background-transparency\":\"0\",\"border-color\":\"#ffffff\",\"border-transparency\":\"0.5\",\"border-style\":\"solid\",\"border-width\":\"1\",\"border-radius\":[\"0px\",\"0px\",\"0px\",\"0px\"],\"z\":\"0\",\"skewx\":\"0\",\"skewy\":\"0\",\"scalex\":\"1\",\"scaley\":\"1\",\"opacity\":\"1\",\"xrotate\":\"0\",\"yrotate\":\"0\",\"2d_rotation\":\"0\",\"2d_origin_x\":\"50\",\"2d_origin_y\":\"50\",\"pers\":\"600\",\"corner_left\":\"nothing\",\"corner_right\":\"nothing\",\"parallax\":\"-\"}'),(98,'.tp-caption.Video-Title','{\"hover\":\"false\",\"type\":\"text\",\"version\":\"5.0\",\"translated\":\"5\"}','{\"color\":\"#ffffff\",\"color-transparency\":\"1\",\"text-decoration\":\"none\",\"background-color\":\"transparent\",\"background-transparency\":\"0\",\"border-color\":\"transparent\",\"border-transparency\":\"1\",\"border-style\":\"none\",\"border-width\":\"0\",\"border-radius\":[\"0\",\"0\",\"0\",\"0\"],\"opacity\":\"1\",\"scalex\":\"1\",\"scaley\":\"1\",\"skewx\":\"0\",\"skewy\":\"0\",\"xrotate\":\"0\",\"yrotate\":\"0\",\"2d_rotation\":\"0\",\"pointer_events\":\"auto\",\"css_cursor\":\"auto\",\"speed\":\"0\",\"easing\":\"none\"}','{\"idle\":\"\",\"hover\":\"\"}','{\"color\":\"#fff\",\"color-transparency\":\"1\",\"font-size\":\"30px\",\"line-height\":\"30px\",\"font-weight\":\"900\",\"font-style\":\"normal\",\"font-family\":\"Raleway\",\"padding\":[\"5px\",\"5px\",\"5px\",\"5px\"],\"text-decoration\":\"none\",\"text-align\":\"left\",\"background-color\":\"#000000\",\"background-transparency\":\"1\",\"border-color\":\"transparent\",\"border-transparency\":\"1\",\"border-style\":\"none\",\"border-width\":\"0\",\"border-radius\":[\"0\",\"0\",\"0\",\"0\"],\"z\":\"0\",\"skewx\":\"0\",\"skewy\":\"0\",\"scalex\":\"1\",\"scaley\":\"1\",\"opacity\":\"1\",\"xrotate\":\"0\",\"yrotate\":\"0\",\"2d_rotation\":\"0\",\"2d_origin_x\":\"-20%\",\"2d_origin_y\":\"50\",\"pers\":\"600\",\"corner_left\":\"nothing\",\"corner_right\":\"nothing\",\"parallax\":\"-\"}'),(99,'.tp-caption.Video-SubTitle','{\"hover\":\"false\",\"type\":\"text\",\"version\":\"5.0\",\"translated\":\"5\"}','{\"color\":\"#ffffff\",\"color-transparency\":\"1\",\"text-decoration\":\"none\",\"background-color\":\"transparent\",\"background-transparency\":\"0\",\"border-color\":\"transparent\",\"border-transparency\":\"1\",\"border-style\":\"none\",\"border-width\":\"0\",\"border-radius\":[\"0\",\"0\",\"0\",\"0\"],\"opacity\":\"1\",\"scalex\":\"1\",\"scaley\":\"1\",\"skewx\":\"0\",\"skewy\":\"0\",\"xrotate\":\"0\",\"yrotate\":\"0\",\"2d_rotation\":\"0\",\"pointer_events\":\"auto\",\"css_cursor\":\"auto\",\"speed\":\"0\",\"easing\":\"none\"}','{\"idle\":{\"letter-spacing\":\"2px\"},\"hover\":\"\"}','{\"color\":\"#ffffff\",\"color-transparency\":\"1\",\"font-size\":\"12px\",\"line-height\":\"12px\",\"font-weight\":\"600\",\"font-style\":\"normal\",\"font-family\":\"Raleway\",\"padding\":[\"5px\",\"5px\",\"5px\",\"5px\"],\"text-decoration\":\"none\",\"text-align\":\"left\",\"background-color\":\"#000000\",\"background-transparency\":\"0.35\",\"border-color\":\"transparent\",\"border-transparency\":\"1\",\"border-style\":\"none\",\"border-width\":\"0\",\"border-radius\":[\"0\",\"0\",\"0\",\"0\"],\"z\":\"0\",\"skewx\":\"0\",\"skewy\":\"0\",\"scalex\":\"1\",\"scaley\":\"1\",\"opacity\":\"1\",\"xrotate\":\"0\",\"yrotate\":\"0\",\"2d_rotation\":\"0\",\"2d_origin_x\":\"-20%\",\"2d_origin_y\":\"50\",\"pers\":\"600\",\"corner_left\":\"nothing\",\"corner_right\":\"nothing\",\"parallax\":\"-\"}'),(100,'.tp-caption.NotGeneric-Button','{\"hover\":\"true\",\"type\":\"button\",\"version\":\"5.0\",\"translated\":\"5\"}','{\"color\":\"#ffffff\",\"color-transparency\":\"1\",\"text-decoration\":\"none\",\"background-color\":\"transparent\",\"background-transparency\":\"0\",\"border-color\":\"#ffffff\",\"border-transparency\":\"1\",\"border-style\":\"solid\",\"border-width\":\"1\",\"border-radius\":[\"0px\",\"0px\",\"0px\",\"0px\"],\"opacity\":\"1\",\"scalex\":\"1\",\"scaley\":\"1\",\"skewx\":\"0\",\"skewy\":\"0\",\"xrotate\":\"0\",\"yrotate\":\"0\",\"2d_rotation\":\"0\",\"pointer_events\":\"auto\",\"css_cursor\":\"pointer\",\"speed\":\"300\",\"easing\":\"power1.inOut\"}','{\"idle\":{\"letter-spacing\":\"3px\",\"text-align\":\"left\"},\"hover\":\"\"}','{\"color\":\"#ffffff\",\"color-transparency\":\"1\",\"font-size\":\"14px\",\"line-height\":\"14px\",\"font-weight\":\"500\",\"font-style\":\"normal\",\"font-family\":\"Raleway\",\"padding\":[\"10px\",\"30px\",\"10px\",\"30px\"],\"text-decoration\":\"none\",\"text-align\":\"left\",\"background-color\":\"#000000\",\"background-transparency\":\"0\",\"border-color\":\"#ffffff\",\"border-transparency\":\"0.5\",\"border-style\":\"solid\",\"border-width\":\"1\",\"border-radius\":[\"0px\",\"0px\",\"0px\",\"0px\"],\"z\":\"0\",\"skewx\":\"0\",\"skewy\":\"0\",\"scalex\":\"1\",\"scaley\":\"1\",\"opacity\":\"1\",\"xrotate\":\"0\",\"yrotate\":\"0\",\"2d_rotation\":\"0\",\"2d_origin_x\":\"50\",\"2d_origin_y\":\"50\",\"pers\":\"600\",\"corner_left\":\"nothing\",\"corner_right\":\"nothing\",\"parallax\":\"-\"}'),(101,'.tp-caption.NotGeneric-BigButton','{\"hover\":\"true\",\"type\":\"button\",\"version\":\"5.0\",\"translated\":\"5\"}','{\"color\":\"#ffffff\",\"color-transparency\":\"1\",\"text-decoration\":\"none\",\"background-color\":\"#000000\",\"background-transparency\":\"0\",\"border-color\":\"#ffffff\",\"border-transparency\":\"1\",\"border-style\":\"solid\",\"border-width\":\"1px\",\"border-radius\":[\"0px\",\"0px\",\"0px\",\"0px\"],\"opacity\":\"1\",\"scalex\":\"1\",\"scaley\":\"1\",\"skewx\":\"0\",\"skewy\":\"0\",\"xrotate\":\"0\",\"yrotate\":\"0\",\"2d_rotation\":\"0\",\"pointer_events\":\"auto\",\"css_cursor\":\"pointer\",\"speed\":\"300\",\"easing\":\"power1.inOut\"}','{\"idle\":{\"letter-spacing\":\"3px\"},\"hover\":\"\"}','{\"color\":\"#ffffff\",\"color-transparency\":\"1\",\"font-size\":\"14px\",\"line-height\":\"14px\",\"font-weight\":\"500\",\"font-style\":\"normal\",\"font-family\":\"Raleway\",\"padding\":[\"27px\",\"30px\",\"27px\",\"30px\"],\"text-decoration\":\"none\",\"text-align\":\"left\",\"background-color\":\"#000000\",\"background-transparency\":\"0\",\"border-color\":\"#ffffff\",\"border-transparency\":\"0.15\",\"border-style\":\"solid\",\"border-width\":\"1px\",\"border-radius\":[\"0px\",\"0px\",\"0px\",\"0px\"],\"z\":\"0\",\"skewx\":\"0\",\"skewy\":\"0\",\"scalex\":\"1\",\"scaley\":\"1\",\"opacity\":\"1\",\"xrotate\":\"0\",\"yrotate\":\"0\",\"2d_rotation\":\"0\",\"2d_origin_x\":\"50\",\"2d_origin_y\":\"50\",\"pers\":\"600\",\"corner_left\":\"nothing\",\"corner_right\":\"nothing\",\"parallax\":\"-\"}'),(102,'.tp-caption.WebProduct-Button','{\"hover\":\"true\",\"type\":\"button\",\"version\":\"5.0\",\"translated\":\"5\"}','{\"color\":\"#333333\",\"color-transparency\":\"1\",\"text-decoration\":\"none\",\"background-color\":\"#ffffff\",\"background-transparency\":\"1\",\"border-color\":\"#000000\",\"border-transparency\":\"1\",\"border-style\":\"none\",\"border-width\":\"2\",\"border-radius\":[\"0\",\"0\",\"0\",\"0\"],\"opacity\":\"1\",\"scalex\":\"1\",\"scaley\":\"1\",\"skewx\":\"0\",\"skewy\":\"0\",\"xrotate\":\"0\",\"yrotate\":\"0\",\"2d_rotation\":\"0\",\"pointer_events\":\"auto\",\"css_cursor\":\"auto\",\"speed\":\"300\",\"easing\":\"none\"}','{\"idle\":{\"letter-spacing\":\"1px\"},\"hover\":\"\"}','{\"color\":\"#ffffff\",\"color-transparency\":\"1\",\"font-size\":\"16px\",\"line-height\":\"48px\",\"font-weight\":\"600\",\"font-style\":\"normal\",\"font-family\":\"Raleway\",\"padding\":[\"0px\",\"40px\",\"0px\",\"40px\"],\"text-decoration\":\"none\",\"text-align\":\"left\",\"background-color\":\"#333333\",\"background-transparency\":\"1\",\"border-color\":\"#000000\",\"border-transparency\":\"1\",\"border-style\":\"none\",\"border-width\":\"2\",\"border-radius\":[\"0\",\"0\",\"0\",\"0\"],\"z\":\"0\",\"skewx\":\"0\",\"skewy\":\"0\",\"scalex\":\"1\",\"scaley\":\"1\",\"opacity\":\"1\",\"xrotate\":\"0\",\"yrotate\":\"0\",\"2d_rotation\":\"0\",\"2d_origin_x\":\"50\",\"2d_origin_y\":\"50\",\"pers\":\"600\",\"corner_left\":\"nothing\",\"corner_right\":\"nothing\",\"parallax\":\"-\"}'),(103,'.tp-caption.Restaurant-Button','{\"hover\":\"true\",\"type\":\"button\",\"version\":\"5.0\",\"translated\":\"5\"}','{\"color\":\"#ffffff\",\"color-transparency\":\"1\",\"text-decoration\":\"none\",\"background-color\":\"#000000\",\"background-transparency\":\"0\",\"border-color\":\"#ffe081\",\"border-transparency\":\"1\",\"border-style\":\"solid\",\"border-width\":\"2\",\"border-radius\":[\"0px\",\"0px\",\"0px\",\"0px\"],\"opacity\":\"1\",\"scalex\":\"1\",\"scaley\":\"1\",\"skewx\":\"0\",\"skewy\":\"0\",\"xrotate\":\"0\",\"yrotate\":\"0\",\"2d_rotation\":\"0\",\"pointer_events\":\"auto\",\"css_cursor\":\"auto\",\"speed\":\"300\",\"easing\":\"none\"}','{\"idle\":{\"letter-spacing\":\"3px\"},\"hover\":\"\"}','{\"color\":\"#ffffff\",\"color-transparency\":\"1\",\"font-size\":\"17px\",\"line-height\":\"17px\",\"font-weight\":\"500\",\"font-style\":\"normal\",\"font-family\":\"Roboto\",\"padding\":[\"12px\",\"35px\",\"12px\",\"35px\"],\"text-decoration\":\"none\",\"text-align\":\"left\",\"background-color\":\"#0a0a0a\",\"background-transparency\":\"0\",\"border-color\":\"#ffffff\",\"border-transparency\":\"0.5\",\"border-style\":\"solid\",\"border-width\":\"2\",\"border-radius\":[\"0px\",\"0px\",\"0px\",\"0px\"],\"z\":\"0\",\"skewx\":\"0\",\"skewy\":\"0\",\"scalex\":\"1\",\"scaley\":\"1\",\"opacity\":\"1\",\"xrotate\":\"0\",\"yrotate\":\"0\",\"2d_rotation\":\"0\",\"2d_origin_x\":\"50\",\"2d_origin_y\":\"50\",\"pers\":\"600\",\"corner_left\":\"nothing\",\"corner_right\":\"nothing\",\"parallax\":\"-\"}'),(104,'.tp-caption.Gym-Button','{\"hover\":\"true\",\"type\":\"button\",\"version\":\"5.0\",\"translated\":\"5\"}','{\"color\":\"#ffffff\",\"color-transparency\":\"1\",\"text-decoration\":\"none\",\"background-color\":\"#72a800\",\"background-transparency\":\"1\",\"border-color\":\"#000000\",\"border-transparency\":\"0\",\"border-style\":\"solid\",\"border-width\":\"0\",\"border-radius\":[\"30px\",\"30px\",\"30px\",\"30px\"],\"opacity\":\"1\",\"scalex\":\"1\",\"scaley\":\"1\",\"skewx\":\"0\",\"skewy\":\"0\",\"xrotate\":\"0\",\"yrotate\":\"0\",\"2d_rotation\":\"0\",\"pointer_events\":\"auto\",\"css_cursor\":\"pointer\",\"speed\":\"300\",\"easing\":\"power1.inOut\"}','{\"idle\":{\"letter-spacing\":\"1px\"},\"hover\":\"\"}','{\"color\":\"#ffffff\",\"color-transparency\":\"1\",\"font-size\":\"15px\",\"line-height\":\"15px\",\"font-weight\":\"600\",\"font-style\":\"normal\",\"font-family\":\"Raleway\",\"padding\":[\"13px\",\"35px\",\"13px\",\"35px\"],\"text-decoration\":\"none\",\"text-align\":\"left\",\"background-color\":\"#8bc027\",\"background-transparency\":\"1\",\"border-color\":\"#000000\",\"border-transparency\":\"0\",\"border-style\":\"solid\",\"border-width\":\"0\",\"border-radius\":[\"30px\",\"30px\",\"30px\",\"30px\"],\"z\":\"0\",\"skewx\":\"0\",\"skewy\":\"0\",\"scalex\":\"1\",\"scaley\":\"1\",\"opacity\":\"1\",\"xrotate\":\"0\",\"yrotate\":\"0\",\"2d_rotation\":\"0\",\"2d_origin_x\":\"50\",\"2d_origin_y\":\"50\",\"pers\":\"600\",\"corner_left\":\"nothing\",\"corner_right\":\"nothing\",\"parallax\":\"-\"}'),(105,'.tp-caption.Gym-Button-Light','{\"hover\":\"true\",\"type\":\"button\",\"version\":\"5.0\",\"translated\":\"5\"}','{\"color\":\"#ffffff\",\"color-transparency\":\"1\",\"text-decoration\":\"none\",\"background-color\":\"#72a800\",\"background-transparency\":\"0\",\"border-color\":\"#8bc027\",\"border-transparency\":\"1\",\"border-style\":\"solid\",\"border-width\":\"2px\",\"border-radius\":[\"30px\",\"30px\",\"30px\",\"30px\"],\"opacity\":\"1\",\"scalex\":\"1\",\"scaley\":\"1\",\"skewx\":\"0\",\"skewy\":\"0\",\"xrotate\":\"0\",\"yrotate\":\"0\",\"2d_rotation\":\"0\",\"pointer_events\":\"auto\",\"css_cursor\":\"pointer\",\"speed\":\"300\",\"easing\":\"power2.inOut\"}','{\"idle\":\"\",\"hover\":\"\"}','{\"color\":\"#ffffff\",\"color-transparency\":\"1\",\"font-size\":\"15px\",\"line-height\":\"15px\",\"font-weight\":\"600\",\"font-style\":\"normal\",\"font-family\":\"Raleway\",\"padding\":[\"12px\",\"35px\",\"12px\",\"35px\"],\"text-decoration\":\"none\",\"text-align\":\"left\",\"background-color\":\"transparent\",\"background-transparency\":\"0\",\"border-color\":\"#ffffff\",\"border-transparency\":\"0.25\",\"border-style\":\"solid\",\"border-width\":\"2px\",\"border-radius\":[\"30px\",\"30px\",\"30px\",\"30px\"],\"z\":\"0\",\"skewx\":\"0\",\"skewy\":\"0\",\"scalex\":\"1\",\"scaley\":\"1\",\"opacity\":\"1\",\"xrotate\":\"0\",\"yrotate\":\"0\",\"2d_rotation\":\"0\",\"2d_origin_x\":\"50\",\"2d_origin_y\":\"50\",\"pers\":\"600\",\"corner_left\":\"nothing\",\"corner_right\":\"nothing\",\"parallax\":\"-\"}'),(106,'.tp-caption.Sports-Button-Light','{\"hover\":\"true\",\"type\":\"button\",\"version\":\"5.0\",\"translated\":\"5\"}','{\"color\":\"#ffffff\",\"color-transparency\":\"1\",\"text-decoration\":\"none\",\"background-color\":\"#000000\",\"background-transparency\":\"0\",\"border-color\":\"#ffffff\",\"border-transparency\":\"1\",\"border-style\":\"solid\",\"border-width\":\"2\",\"border-radius\":[\"0px\",\"0px\",\"0px\",\"0px\"],\"opacity\":\"1\",\"scalex\":\"1\",\"scaley\":\"1\",\"skewx\":\"0\",\"skewy\":\"0\",\"xrotate\":\"0\",\"yrotate\":\"0\",\"2d_rotation\":\"0\",\"pointer_events\":\"auto\",\"css_cursor\":\"auto\",\"speed\":\"500\",\"easing\":\"none\"}','{\"idle\":{\"letter-spacing\":\"2px\"},\"hover\":\"\"}','{\"color\":\"#ffffff\",\"color-transparency\":\"1\",\"font-size\":\"17px\",\"line-height\":\"17px\",\"font-weight\":\"600\",\"font-style\":\"normal\",\"font-family\":\"Raleway\",\"padding\":[\"12px\",\"35px\",\"12px\",\"35px\"],\"text-decoration\":\"none\",\"text-align\":\"left\",\"background-color\":\"#000000\",\"background-transparency\":\"0\",\"border-color\":\"#ffffff\",\"border-transparency\":\"0.5\",\"border-style\":\"solid\",\"border-width\":\"2\",\"border-radius\":[\"0px\",\"0px\",\"0px\",\"0px\"],\"z\":\"0\",\"skewx\":\"0\",\"skewy\":\"0\",\"scalex\":\"1\",\"scaley\":\"1\",\"opacity\":\"1\",\"xrotate\":\"0\",\"yrotate\":\"0\",\"2d_rotation\":\"0\",\"2d_origin_x\":\"50\",\"2d_origin_y\":\"50\",\"pers\":\"600\",\"corner_left\":\"nothing\",\"corner_right\":\"nothing\",\"parallax\":\"-\"}'),(107,'.tp-caption.Sports-Button-Red','{\"hover\":\"true\",\"type\":\"button\",\"version\":\"5.0\",\"translated\":\"5\"}','{\"color\":\"#ffffff\",\"color-transparency\":\"1\",\"text-decoration\":\"none\",\"background-color\":\"#000000\",\"background-transparency\":\"1\",\"border-color\":\"#000000\",\"border-transparency\":\"1\",\"border-style\":\"solid\",\"border-width\":\"2\",\"border-radius\":[\"0px\",\"0px\",\"0px\",\"0px\"],\"opacity\":\"1\",\"scalex\":\"1\",\"scaley\":\"1\",\"skewx\":\"0\",\"skewy\":\"0\",\"xrotate\":\"0\",\"yrotate\":\"0\",\"2d_rotation\":\"0\",\"pointer_events\":\"auto\",\"css_cursor\":\"auto\",\"speed\":\"500\",\"easing\":\"none\"}','{\"idle\":{\"letter-spacing\":\"2px\"},\"hover\":\"\"}','{\"color\":\"#ffffff\",\"color-transparency\":\"1\",\"font-size\":\"17px\",\"line-height\":\"17px\",\"font-weight\":\"600\",\"font-style\":\"normal\",\"font-family\":\"Raleway\",\"padding\":[\"12px\",\"35px\",\"12px\",\"35px\"],\"text-decoration\":\"none\",\"text-align\":\"left\",\"background-color\":\"#db1c22\",\"background-transparency\":\"1\",\"border-color\":\"#db1c22\",\"border-transparency\":\"0\",\"border-style\":\"solid\",\"border-width\":\"2px\",\"border-radius\":[\"0px\",\"0px\",\"0px\",\"0px\"],\"z\":\"0\",\"skewx\":\"0\",\"skewy\":\"0\",\"scalex\":\"1\",\"scaley\":\"1\",\"opacity\":\"1\",\"xrotate\":\"0\",\"yrotate\":\"0\",\"2d_rotation\":\"0\",\"2d_origin_x\":\"50\",\"2d_origin_y\":\"50\",\"pers\":\"600\",\"corner_left\":\"nothing\",\"corner_right\":\"nothing\",\"parallax\":\"-\"}'),(108,'.tp-caption.Photography-Button','{\"hover\":\"true\",\"type\":\"button\",\"version\":\"5.0\",\"translated\":\"5\"}','{\"color\":\"#ffffff\",\"color-transparency\":\"1\",\"text-decoration\":\"none\",\"background-color\":\"#000000\",\"background-transparency\":\"0\",\"border-color\":\"#ffffff\",\"border-transparency\":\"1\",\"border-style\":\"solid\",\"border-width\":\"1px\",\"border-radius\":[\"30px\",\"30px\",\"30px\",\"30px\"],\"opacity\":\"1\",\"scalex\":\"1\",\"scaley\":\"1\",\"skewx\":\"0\",\"skewy\":\"0\",\"xrotate\":\"0\",\"yrotate\":\"0\",\"2d_rotation\":\"0\",\"pointer_events\":\"auto\",\"css_cursor\":\"auto\",\"speed\":\"300\",\"easing\":\"power3.out\"}','{\"idle\":{\"letter-spacing\":\"1px\"},\"hover\":\"\"}','{\"color\":\"#ffffff\",\"color-transparency\":\"1\",\"font-size\":\"15px\",\"line-height\":\"15px\",\"font-weight\":\"600\",\"font-style\":\"normal\",\"font-family\":\"Raleway\",\"padding\":[\"13px\",\"35px\",\"13px\",\"35px\"],\"text-decoration\":\"none\",\"text-align\":\"left\",\"background-color\":\"#000000\",\"background-transparency\":\"0\",\"border-color\":\"#ffffff\",\"border-transparency\":\"0.25\",\"border-style\":\"solid\",\"border-width\":\"1px\",\"border-radius\":[\"30px\",\"30px\",\"30px\",\"30px\"],\"z\":\"0\",\"skewx\":\"0\",\"skewy\":\"0\",\"scalex\":\"1\",\"scaley\":\"1\",\"opacity\":\"1\",\"xrotate\":\"0\",\"yrotate\":\"0\",\"2d_rotation\":\"0\",\"2d_origin_x\":\"50\",\"2d_origin_y\":\"50\",\"pers\":\"600\",\"corner_left\":\"nothing\",\"corner_right\":\"nothing\",\"parallax\":\"-\"}'),(109,'.tp-caption.Newspaper-Button-2','{\"hover\":\"true\",\"type\":\"button\",\"version\":\"5.0\",\"translated\":\"5\"}','{\"color\":\"#ffffff\",\"color-transparency\":\"1\",\"text-decoration\":\"none\",\"background-color\":\"#000000\",\"background-transparency\":\"0\",\"border-color\":\"#ffffff\",\"border-transparency\":\"1\",\"border-style\":\"solid\",\"border-width\":\"2\",\"border-radius\":[\"3px\",\"3px\",\"3px\",\"3px\"],\"opacity\":\"1\",\"scalex\":\"1\",\"scaley\":\"1\",\"skewx\":\"0\",\"skewy\":\"0\",\"xrotate\":\"0\",\"yrotate\":\"0\",\"2d_rotation\":\"0\",\"pointer_events\":\"auto\",\"css_cursor\":\"pointer\",\"speed\":\"300\",\"easing\":\"none\"}','{\"idle\":\"\",\"hover\":\"\"}','{\"color\":\"#ffffff\",\"color-transparency\":\"1\",\"font-size\":\"15px\",\"line-height\":\"15px\",\"font-weight\":\"900\",\"font-style\":\"normal\",\"font-family\":\"Roboto\",\"padding\":[\"10px\",\"30px\",\"10px\",\"30px\"],\"text-decoration\":\"none\",\"text-align\":\"left\",\"background-color\":\"#000000\",\"background-transparency\":\"0\",\"border-color\":\"#ffffff\",\"border-transparency\":\"0.5\",\"border-style\":\"solid\",\"border-width\":\"2\",\"border-radius\":[\"3px\",\"3px\",\"3px\",\"3px\"],\"z\":\"0\",\"skewx\":\"0\",\"skewy\":\"0\",\"scalex\":\"1\",\"scaley\":\"1\",\"opacity\":\"1\",\"xrotate\":\"0\",\"yrotate\":\"0\",\"2d_rotation\":\"0\",\"2d_origin_x\":\"50\",\"2d_origin_y\":\"50\",\"pers\":\"600\",\"corner_left\":\"nothing\",\"corner_right\":\"nothing\",\"parallax\":\"-\"}');

--
-- Table structure for table `wppo_revslider_layer_animations`
--

CREATE TABLE `wppo_revslider_layer_animations` (
  `id` int(9) NOT NULL AUTO_INCREMENT,
  `handle` text NOT NULL,
  `params` text NOT NULL,
  `settings` text DEFAULT NULL,
  PRIMARY KEY (`id`)
) ENGINE=MyISAM DEFAULT CHARSET=utf8mb4 COLLATE=utf8mb4_unicode_520_ci;

--
-- Dumping data for table `wppo_revslider_layer_animations`
--


--
-- Table structure for table `wppo_revslider_navigations`
--

CREATE TABLE `wppo_revslider_navigations` (
  `id` int(9) NOT NULL AUTO_INCREMENT,
  `name` varchar(191) NOT NULL,
  `handle` varchar(191) NOT NULL,
  `type` varchar(191) NOT NULL,
  `css` longtext NOT NULL,
  `markup` longtext NOT NULL,
  `settings` longtext DEFAULT NULL,
  PRIMARY KEY (`id`)
) ENGINE=MyISAM DEFAULT CHARSET=utf8mb4 COLLATE=utf8mb4_unicode_520_ci;

--
-- Dumping data for table `wppo_revslider_navigations`
--


--
-- Table structure for table `wppo_revslider_sliders`
--

CREATE TABLE `wppo_revslider_sliders` (
  `id` int(9) NOT NULL AUTO_INCREMENT,
  `title` tinytext NOT NULL,
  `alias` tinytext DEFAULT NULL,
  `params` longtext NOT NULL,
  `settings` text DEFAULT NULL,
  `type` varchar(191) NOT NULL DEFAULT '',
  PRIMARY KEY (`id`),
  KEY `type_index` (`type`(8))
) ENGINE=MyISAM DEFAULT CHARSET=utf8mb4 COLLATE=utf8mb4_unicode_520_ci;

--
-- Dumping data for table `wppo_revslider_sliders`
--


--
-- Table structure for table `wppo_revslider_sliders7`
--

CREATE TABLE `wppo_revslider_sliders7` (
  `id` int(9) NOT NULL AUTO_INCREMENT,
  `title` tinytext NOT NULL,
  `alias` tinytext DEFAULT NULL,
  `params` longtext NOT NULL,
  `settings` text DEFAULT NULL,
  `type` varchar(191) NOT NULL DEFAULT '',
  PRIMARY KEY (`id`),
  KEY `type_index` (`type`(8))
) ENGINE=MyISAM DEFAULT CHARSET=utf8mb4 COLLATE=utf8mb4_unicode_520_ci;

--
-- Dumping data for table `wppo_revslider_sliders7`
--


--
-- Table structure for table `wppo_revslider_slides`
--

CREATE TABLE `wppo_revslider_slides` (
  `id` int(9) NOT NULL AUTO_INCREMENT,
  `slider_id` int(9) NOT NULL,
  `slide_order` int(11) NOT NULL,
  `params` longtext NOT NULL,
  `layers` longtext NOT NULL,
  `settings` text NOT NULL DEFAULT '',
  PRIMARY KEY (`id`),
  KEY `slider_id_index` (`slider_id`)
) ENGINE=MyISAM DEFAULT CHARSET=utf8mb4 COLLATE=utf8mb4_unicode_520_ci;

--
-- Dumping data for table `wppo_revslider_slides`
--


--
-- Table structure for table `wppo_revslider_slides7`
--

CREATE TABLE `wppo_revslider_slides7` (
  `id` int(9) NOT NULL AUTO_INCREMENT,
  `slider_id` int(11) NOT NULL,
  `slide_order` int(11) NOT NULL,
  `params` longtext NOT NULL,
  `layers` longtext NOT NULL,
  `settings` text NOT NULL DEFAULT '',
  `static` varchar(191) NOT NULL DEFAULT '',
  PRIMARY KEY (`id`),
  KEY `slider_id_index` (`slider_id`)
) ENGINE=MyISAM DEFAULT CHARSET=utf8mb4 COLLATE=utf8mb4_unicode_520_ci;

--
-- Dumping data for table `wppo_revslider_slides7`
--


--
-- Table structure for table `wppo_revslider_static_slides`
--

CREATE TABLE `wppo_revslider_static_slides` (
  `id` int(9) NOT NULL AUTO_INCREMENT,
  `slider_id` int(9) NOT NULL,
  `params` longtext NOT NULL,
  `layers` longtext NOT NULL,
  `settings` text NOT NULL,
  PRIMARY KEY (`id`),
  KEY `slider_id_index` (`slider_id`)
) ENGINE=MyISAM DEFAULT CHARSET=utf8mb4 COLLATE=utf8mb4_unicode_520_ci;

--
-- Dumping data for table `wppo_revslider_static_slides`
--


--
-- Table structure for table `wppo_simple_auction_log`
--

CREATE TABLE `wppo_simple_auction_log` (
  `id` bigint(20) unsigned NOT NULL AUTO_INCREMENT,
  `userid` bigint(20) unsigned NOT NULL,
  `auction_id` bigint(20) unsigned DEFAULT NULL,
  `bid` decimal(32,4) DEFAULT NULL,
  `date` timestamp NOT NULL DEFAULT current_timestamp() ON UPDATE current_timestamp(),
  `proxy` tinyint(1) DEFAULT NULL,
  PRIMARY KEY (`id`),
  KEY `auction_id` (`auction_id`) USING BTREE,
  KEY `userid` (`userid`) USING BTREE
) ENGINE=MyISAM DEFAULT CHARSET=utf8mb4 COLLATE=utf8mb4_unicode_520_ci;

--
-- Dumping data for table `wppo_simple_auction_log`
--


--
-- Table structure for table `wppo_social_users`
--

CREATE TABLE `wppo_social_users` (
  `social_users_id` int(11) NOT NULL AUTO_INCREMENT,
  `ID` int(11) NOT NULL,
  `type` varchar(20) NOT NULL,
  `identifier` varchar(100) NOT NULL,
  `register_date` datetime DEFAULT NULL,
  `login_date` datetime DEFAULT NULL,
  `link_date` datetime DEFAULT NULL,
  PRIMARY KEY (`social_users_id`),
  KEY `ID` (`ID`,`type`),
  KEY `identifier` (`identifier`)
) ENGINE=MyISAM DEFAULT CHARSET=utf8mb4 COLLATE=utf8mb4_unicode_520_ci;

--
-- Dumping data for table `wppo_social_users`
--


--
-- Table structure for table `wppo_stripe_tax_for_wc_calculate_tax`
--

CREATE TABLE `wppo_stripe_tax_for_wc_calculate_tax` (
  `id` bigint(20) NOT NULL AUTO_INCREMENT,
  `time` bigint(20) NOT NULL,
  `calculate_tax_md5` char(32) NOT NULL,
  `tax_registrations_md5` char(32) NOT NULL,
  `tax_settings_md5` char(32) NOT NULL,
  `api_key_md5` char(32) NOT NULL,
  `request` longtext NOT NULL,
  `response` longtext NOT NULL,
  PRIMARY KEY (`id`),
  UNIQUE KEY `calculate_tax_uindex` (`calculate_tax_md5`,`tax_registrations_md5`,`tax_settings_md5`),
  KEY `idx_time` (`time`)
) ENGINE=MyISAM DEFAULT CHARSET=utf8mb4 COLLATE=utf8mb4_unicode_520_ci;

--
-- Dumping data for table `wppo_stripe_tax_for_wc_calculate_tax`
--


--
-- Table structure for table `wppo_stripe_tax_for_wc_options`
--

CREATE TABLE `wppo_stripe_tax_for_wc_options` (
  `option_name` varchar(191) NOT NULL,
  `option_value` longtext NOT NULL,
  PRIMARY KEY (`option_name`)
) ENGINE=MyISAM DEFAULT CHARSET=utf8mb4 COLLATE=utf8mb4_unicode_520_ci;

--
-- Dumping data for table `wppo_stripe_tax_for_wc_options`
--


--
-- Table structure for table `wppo_stripe_tax_for_wc_products`
--

CREATE TABLE `wppo_stripe_tax_for_wc_products` (
  `product_id` bigint(20) unsigned NOT NULL,
  `tax_code` char(13) NOT NULL DEFAULT '',
  `tax_behavior` enum('','exclusive','inclusive') NOT NULL DEFAULT '',
  PRIMARY KEY (`product_id`)
) ENGINE=MyISAM DEFAULT CHARSET=utf8mb4 COLLATE=utf8mb4_unicode_520_ci;

--
-- Dumping data for table `wppo_stripe_tax_for_wc_products`
--


--
-- Table structure for table `wppo_stripe_tax_for_wc_tax_codes`
--

CREATE TABLE `wppo_stripe_tax_for_wc_tax_codes` (
  `id` char(13) NOT NULL,
  `name` text NOT NULL,
  `description` longtext NOT NULL,
  PRIMARY KEY (`id`)
) ENGINE=MyISAM DEFAULT CHARSET=utf8mb4 COLLATE=utf8mb4_unicode_520_ci;

--
-- Dumping data for table `wppo_stripe_tax_for_wc_tax_codes`
--


--
-- Table structure for table `wppo_stripe_tax_for_wc_tax_transactions`
--

CREATE TABLE `wppo_stripe_tax_for_wc_tax_transactions` (
  `order_id` bigint(20) unsigned NOT NULL,
  `tax_calculation` longtext NOT NULL,
  `tax_transaction` longtext NOT NULL,
  KEY `idx_order_id` (`order_id`)
) ENGINE=MyISAM DEFAULT CHARSET=utf8mb4 COLLATE=utf8mb4_unicode_520_ci;

--
-- Dumping data for table `wppo_stripe_tax_for_wc_tax_transactions`
--


--
-- Table structure for table `wppo_term_relationships`
--

CREATE TABLE `wppo_term_relationships` (
  `object_id` bigint(20) unsigned NOT NULL DEFAULT 0,
  `term_taxonomy_id` bigint(20) unsigned NOT NULL DEFAULT 0,
  `term_order` int(11) NOT NULL DEFAULT 0,
  PRIMARY KEY (`object_id`,`term_taxonomy_id`),
  KEY `term_taxonomy_id` (`term_taxonomy_id`)
) ENGINE=MyISAM DEFAULT CHARSET=utf8mb4 COLLATE=utf8mb4_unicode_520_ci;

--
-- Dumping data for table `wppo_term_relationships`
--

INSERT INTO `wppo_term_relationships` VALUES (7225,153,0),(7225,21,0),(7225,160,0),(72,19,0),(7201,20,0),(85,20,0),(84,20,0),(7228,160,0),(96,2,0),(96,22,0),(96,23,0),(96,24,0),(96,25,0),(96,26,0),(96,27,0),(96,28,0),(96,21,0),(99,2,0),(99,22,0),(99,29,0),(99,24,0),(99,30,0),(99,31,0),(99,32,0),(99,27,0),(99,28,0),(99,21,0),(102,2,0),(102,22,0),(102,33,0),(102,24,0),(102,30,0),(102,31,0),(102,27,0),(102,28,0),(102,21,0),(105,2,0),(105,22,0),(105,34,0),(105,35,0),(105,30,0),(105,31,0),(105,27,0),(105,28,0),(105,21,0),(108,2,0),(108,22,0),(108,36,0),(108,24,0),(108,37,0),(108,38,0),(108,39,0),(108,27,0),(108,28,0),(108,21,0),(111,2,0),(111,22,0),(111,40,0),(111,24,0),(111,30,0),(111,31,0),(111,27,0),(111,28,0),(111,21,0),(114,2,0),(114,22,0),(114,41,0),(114,24,0),(114,25,0),(114,26,0),(114,42,0),(114,27,0),(114,28,0),(114,21,0),(117,2,0),(117,22,0),(117,43,0),(117,24,0),(117,25,0),(117,26,0),(117,44,0),(117,27,0),(117,28,0),(117,21,0),(120,2,0),(120,22,0),(120,43,0),(120,24,0),(120,25,0),(120,26,0),(120,44,0),(120,27,0),(120,28,0),(120,21,0),(123,2,0),(123,22,0),(123,45,0),(123,35,0),(123,30,0),(123,31,0),(123,27,0),(123,28,0),(123,21,0),(126,2,0),(126,22,0),(126,46,0),(126,24,0),(126,30,0),(126,31,0),(126,47,0),(126,27,0),(126,28,0),(126,21,0),(129,2,0),(129,22,0),(129,48,0),(129,24,0),(129,25,0),(129,26,0),(129,44,0),(129,27,0),(129,28,0),(129,21,0),(132,2,0),(132,22,0),(132,49,0),(132,24,0),(132,25,0),(132,26,0),(132,44,0),(132,27,0),(132,28,0),(132,21,0),(135,2,0),(135,22,0),(135,41,0),(135,24,0),(135,25,0),(135,50,0),(135,27,0),(135,28,0),(135,21,0),(138,2,0),(138,22,0),(138,51,0),(138,24,0),(138,25,0),(138,26,0),(138,27,0),(138,28,0),(138,21,0),(141,2,0),(141,22,0),(141,52,0),(141,24,0),(141,25,0),(141,26,0),(141,44,0),(141,27,0),(141,28,0),(141,21,0),(144,2,0),(144,22,0),(144,53,0),(144,35,0),(144,30,0),(144,54,0),(144,55,0),(144,27,0),(144,28,0),(144,21,0),(147,2,0),(147,22,0),(147,56,0),(147,24,0),(147,25,0),(147,26,0),(147,27,0),(147,28,0),(147,21,0),(150,2,0),(150,22,0),(150,57,0),(150,24,0),(150,25,0),(150,26,0),(150,58,0),(150,27,0),(150,28,0),(150,21,0),(153,2,0),(153,22,0),(153,56,0),(153,24,0),(153,25,0),(153,26,0),(153,27,0),(153,28,0),(153,21,0),(7283,437,0),(156,22,0),(156,59,0),(156,24,0),(156,25,0),(156,26,0),(156,60,0),(156,27,0),(156,28,0),(156,21,0),(159,2,0),(159,22,0),(159,61,0),(159,24,0),(159,25,0),(159,62,0),(159,27,0),(159,28,0),(159,21,0),(162,2,0),(162,22,0),(162,61,0),(162,24,0),(162,25,0),(162,26,0),(162,27,0),(162,28,0),(162,21,0),(165,2,0),(165,22,0),(165,63,0),(165,24,0),(165,25,0),(165,64,0),(165,65,0),(165,27,0),(165,28,0),(165,21,0),(168,2,0),(168,22,0),(168,36,0),(168,24,0),(168,37,0),(168,38,0),(168,66,0),(168,27,0),(168,28,0),(168,21,0),(177,2,0),(177,22,0),(177,67,0),(177,24,0),(177,25,0),(177,26,0),(177,42,0),(177,27,0),(177,28,0),(177,21,0),(180,2,0),(180,22,0),(180,68,0),(180,24,0),(180,25,0),(180,26,0),(180,42,0),(180,27,0),(180,28,0),(180,21,0),(183,2,0),(183,22,0),(183,69,0),(183,24,0),(183,25,0),(183,26,0),(183,39,0),(183,27,0),(183,28,0),(183,21,0),(186,2,0),(186,22,0),(186,70,0),(186,24,0),(186,25,0),(186,26,0),(186,42,0),(186,27,0),(186,28,0),(186,21,0),(189,2,0),(189,22,0),(189,71,0),(189,24,0),(189,25,0),(189,26,0),(189,39,0),(189,27,0),(189,28,0),(189,21,0),(192,2,0),(192,22,0),(192,72,0),(192,24,0),(192,30,0),(192,73,0),(192,74,0),(192,27,0),(192,28,0),(192,21,0),(195,2,0),(195,22,0),(195,75,0),(195,24,0),(195,30,0),(195,73,0),(195,74,0),(195,27,0),(195,28,0),(195,21,0),(198,2,0),(198,22,0),(198,76,0),(198,24,0),(198,25,0),(198,26,0),(198,77,0),(198,27,0),(198,28,0),(198,21,0),(156,16,0),(201,22,0),(201,51,0),(201,24,0),(201,25,0),(201,26,0),(201,77,0),(201,27,0),(201,28,0),(201,21,0),(204,2,0),(204,22,0),(204,78,0),(204,24,0),(204,25,0),(204,26,0),(204,77,0),(204,27,0),(204,28,0),(204,21,0),(207,2,0),(207,22,0),(207,79,0),(207,24,0),(207,25,0),(207,26,0),(207,44,0),(207,27,0),(207,28,0),(207,21,0),(210,2,0),(210,22,0),(210,80,0),(210,24,0),(210,25,0),(210,26,0),(210,77,0),(210,27,0),(210,28,0),(210,21,0),(213,2,0),(213,22,0),(213,79,0),(213,24,0),(213,25,0),(213,26,0),(213,77,0),(213,27,0),(213,28,0),(213,21,0),(216,2,0),(216,22,0),(216,81,0),(216,24,0),(216,25,0),(216,26,0),(216,82,0),(216,27,0),(216,28,0),(216,21,0),(219,2,0),(219,22,0),(219,83,0),(219,24,0),(219,25,0),(219,26,0),(219,82,0),(219,27,0),(219,28,0),(219,21,0),(222,2,0),(222,22,0),(222,84,0),(222,24,0),(222,25,0),(222,26,0),(222,85,0),(222,27,0),(222,28,0),(222,21,0),(225,2,0),(225,22,0),(225,63,0),(225,24,0),(225,25,0),(225,26,0),(225,82,0),(225,27,0),(225,28,0),(225,21,0),(228,2,0),(228,22,0),(228,86,0),(228,24,0),(228,25,0),(228,26,0),(228,82,0),(228,27,0),(228,28,0),(228,21,0),(231,2,0),(231,22,0),(231,87,0),(231,24,0),(231,25,0),(231,26,0),(231,85,0),(231,27,0),(231,28,0),(231,21,0),(234,2,0),(234,22,0),(234,81,0),(234,24,0),(234,25,0),(234,26,0),(234,82,0),(234,27,0),(234,28,0),(234,21,0),(237,2,0),(237,22,0),(237,88,0),(237,24,0),(237,25,0),(237,26,0),(237,85,0),(237,27,0),(237,28,0),(237,21,0),(240,2,0),(240,22,0),(240,89,0),(240,24,0),(240,25,0),(240,26,0),(240,82,0),(240,27,0),(240,28,0),(240,21,0),(243,2,0),(243,22,0),(243,59,0),(243,24,0),(243,25,0),(243,26,0),(243,90,0),(243,27,0),(243,28,0),(243,21,0),(246,2,0),(246,22,0),(246,89,0),(246,24,0),(246,25,0),(246,26,0),(246,85,0),(246,27,0),(246,28,0),(246,21,0),(249,2,0),(249,22,0),(249,91,0),(249,92,0),(249,25,0),(249,93,0),(249,27,0),(249,28,0),(249,21,0),(252,2,0),(252,22,0),(252,94,0),(252,92,0),(252,25,0),(252,93,0),(252,27,0),(252,28,0),(252,21,0),(255,2,0),(255,22,0),(255,95,0),(255,92,0),(255,25,0),(255,93,0),(255,27,0),(255,28,0),(255,21,0),(258,2,0),(258,22,0),(258,96,0),(258,92,0),(258,25,0),(258,93,0),(258,27,0),(258,28,0),(258,21,0),(261,2,0),(261,22,0),(261,97,0),(261,92,0),(261,25,0),(261,93,0),(261,27,0),(261,28,0),(261,21,0),(264,2,0),(264,22,0),(264,98,0),(264,92,0),(264,25,0),(264,93,0),(264,27,0),(264,28,0),(264,21,0),(267,2,0),(267,22,0),(267,99,0),(267,92,0),(267,25,0),(267,93,0),(267,27,0),(267,28,0),(267,21,0),(270,2,0),(270,22,0),(270,100,0),(270,101,0),(270,30,0),(270,102,0),(270,103,0),(270,27,0),(270,28,0),(270,21,0),(273,2,0),(273,22,0),(273,104,0),(273,92,0),(273,25,0),(273,93,0),(273,27,0),(273,28,0),(273,21,0),(276,2,0),(276,22,0),(276,105,0),(276,24,0),(276,25,0),(276,26,0),(276,27,0),(276,28,0),(276,21,0),(279,2,0),(279,22,0),(279,106,0),(279,24,0),(279,25,0),(279,26,0),(279,27,0),(279,28,0),(279,21,0),(282,2,0),(282,22,0),(282,59,0),(282,24,0),(282,25,0),(282,26,0),(282,39,0),(282,27,0),(282,28,0),(282,21,0),(285,2,0),(285,22,0),(285,59,0),(285,24,0),(285,25,0),(285,26,0),(285,27,0),(285,28,0),(285,21,0),(288,2,0),(288,22,0),(288,57,0),(288,24,0),(288,25,0),(288,26,0),(288,27,0),(288,28,0),(288,21,0),(291,2,0),(291,22,0),(291,107,0),(291,92,0),(291,25,0),(291,93,0),(291,108,0),(291,27,0),(291,28,0),(291,21,0),(294,2,0),(294,22,0),(294,94,0),(294,92,0),(294,25,0),(294,93,0),(294,27,0),(294,28,0),(294,21,0),(297,2,0),(297,22,0),(297,109,0),(297,24,0),(297,30,0),(297,110,0),(297,111,0),(297,27,0),(297,28,0),(297,21,0),(300,2,0),(300,22,0),(300,112,0),(300,92,0),(300,25,0),(300,93,0),(300,113,0),(300,27,0),(300,28,0),(300,21,0),(303,2,0),(303,22,0),(303,114,0),(303,35,0),(303,30,0),(303,115,0),(303,116,0),(303,27,0),(303,28,0),(303,21,0),(306,2,0),(306,22,0),(306,117,0),(306,35,0),(306,30,0),(306,118,0),(306,119,0),(306,27,0),(306,28,0),(306,21,0),(309,2,0),(309,22,0),(309,120,0),(309,35,0),(309,30,0),(309,118,0),(309,119,0),(309,27,0),(309,28,0),(309,21,0),(312,2,0),(312,22,0),(312,121,0),(312,24,0),(312,25,0),(309,155,0),(312,42,0),(312,27,0),(312,28,0),(312,21,0),(315,2,0),(315,22,0),(315,123,0),(315,24,0),(315,25,0),(315,26,0),(312,155,0),(315,27,0),(315,28,0),(315,21,0),(318,2,0),(318,22,0),(318,67,0),(318,24,0),(318,25,0),(318,26,0),(318,42,0),(318,27,0),(318,28,0),(318,21,0),(321,2,0),(321,22,0),(321,68,0),(321,24,0),(321,25,0),(321,26,0),(321,39,0),(321,27,0),(321,28,0),(321,21,0),(324,2,0),(324,22,0),(324,124,0),(324,24,0),(324,30,0),(324,54,0),(324,125,0),(324,27,0),(324,28,0),(324,21,0),(327,2,0),(327,22,0),(327,126,0),(327,24,0),(327,30,0),(327,54,0),(327,127,0),(327,27,0),(327,28,0),(327,21,0),(330,2,0),(330,22,0),(330,128,0),(330,24,0),(330,30,0),(330,54,0),(330,127,0),(330,27,0),(330,28,0),(330,21,0),(333,2,0),(333,22,0),(333,129,0),(333,24,0),(333,30,0),(333,54,0),(333,127,0),(333,27,0),(333,28,0),(333,21,0),(336,2,0),(336,22,0),(336,130,0),(336,24,0),(336,30,0),(336,54,0),(336,131,0),(336,27,0),(336,28,0),(336,21,0),(339,2,0),(339,22,0),(339,132,0),(339,24,0),(339,30,0),(339,54,0),(339,131,0),(339,27,0),(339,28,0),(339,21,0),(342,2,0),(342,22,0),(342,133,0),(342,24,0),(342,30,0),(342,54,0),(342,134,0),(342,27,0),(342,28,0),(342,21,0),(345,2,0),(345,22,0),(345,135,0),(345,24,0),(345,30,0),(345,54,0),(345,134,0),(345,27,0),(345,28,0),(345,21,0),(348,2,0),(348,22,0),(348,136,0),(348,92,0),(348,25,0),(348,93,0),(348,137,0),(348,27,0),(348,28,0),(348,21,0),(351,2,0),(351,22,0),(351,138,0),(351,92,0),(351,25,0),(351,93,0),(351,113,0),(351,27,0),(351,28,0),(351,21,0),(354,2,0),(354,22,0),(354,139,0),(354,24,0),(354,30,0),(354,31,0),(354,140,0),(354,27,0),(354,28,0),(354,21,0),(357,2,0),(357,22,0),(357,141,0),(357,24,0),(357,30,0),(357,102,0),(357,142,0),(357,27,0),(357,28,0),(357,21,0),(360,2,0),(360,22,0),(360,143,0),(360,24,0),(360,30,0),(360,102,0),(360,142,0),(360,27,0),(360,28,0),(360,21,0),(363,2,0),(363,22,0),(363,144,0),(363,35,0),(363,30,0),(363,31,0),(363,145,0),(363,27,0),(363,28,0),(363,21,0),(366,2,0),(366,22,0),(366,146,0),(366,35,0),(366,30,0),(366,147,0),(366,27,0),(366,28,0),(366,21,0),(369,2,0),(369,22,0),(369,148,0),(369,24,0),(369,25,0),(369,26,0),(369,85,0),(369,27,0),(369,28,0),(369,21,0),(372,2,0),(372,22,0),(372,149,0),(372,24,0),(372,25,0),(372,26,0),(372,150,0),(372,27,0),(372,28,0),(372,21,0),(375,2,0),(375,22,0),(375,88,0),(375,24,0),(375,25,0),(375,26,0),(375,85,0),(375,27,0),(375,28,0),(375,21,0),(378,2,0),(378,22,0),(378,86,0),(378,24,0),(378,25,0),(378,26,0),(378,85,0),(378,27,0),(378,28,0),(378,21,0),(381,2,0),(381,22,0),(381,151,0),(381,24,0),(381,25,0),(381,26,0),(381,85,0),(381,27,0),(381,28,0),(381,21,0),(7188,20,0),(7189,20,0),(7190,20,0),(7191,20,0),(7192,20,0),(381,155,0),(378,155,0),(375,155,0),(372,155,0),(369,155,0),(366,158,0),(7193,20,0),(363,158,0),(201,16,0),(360,158,0),(156,390,0),(357,158,0),(243,390,0),(354,158,0),(282,390,0),(351,153,0),(7219,2,0),(348,153,0),(7219,15,0),(345,154,0),(7219,391,0),(342,154,0),(7219,101,0),(339,154,0),(7219,30,0),(336,154,0),(7219,392,0),(333,154,0),(7219,27,0),(330,154,0),(7219,28,0),(327,154,0),(7222,2,0),(324,154,0),(7222,15,0),(321,155,0),(7222,393,0),(318,155,0),(7222,101,0),(315,155,0),(7222,392,0),(7222,30,0),(312,437,0),(309,437,0),(306,155,0),(7222,27,0),(303,155,0),(7222,28,0),(300,153,0),(7225,2,0),(294,153,0),(7225,394,0),(291,153,0),(7225,101,0),(273,153,0),(7228,15,0),(267,153,0),(7228,101,0),(264,153,0),(7228,30,0),(297,154,0),(7225,15,0),(288,155,0),(7225,30,0),(285,155,0),(7225,392,0),(282,155,0),(7225,27,0),(279,155,0),(7225,28,0),(276,155,0),(7228,2,0),(270,158,0),(7228,395,0),(261,153,0),(7228,392,0),(258,153,0),(7228,27,0),(255,153,0),(7228,28,0),(252,153,0),(7231,2,0),(249,153,0),(7231,21,0),(246,155,0),(7231,396,0),(243,155,0),(7231,35,0),(240,155,0),(7231,30,0),(237,155,0),(7231,397,0),(234,155,0),(7231,398,0),(231,155,0),(7231,27,0),(228,155,0),(7231,28,0),(225,155,0),(7234,2,0),(222,155,0),(7234,15,0),(219,155,0),(7234,399,0),(216,155,0),(7234,35,0),(213,155,0),(7234,30,0),(210,155,0),(7234,397,0),(207,155,0),(7234,398,0),(204,155,0),(7234,27,0),(201,155,0),(7234,28,0),(198,155,0),(7237,2,0),(195,155,0),(7237,15,0),(192,155,0),(7237,400,0),(189,155,0),(7237,35,0),(186,155,0),(7237,30,0),(183,155,0),(7237,397,0),(180,155,0),(7237,398,0),(177,155,0),(7237,27,0),(7237,28,0),(7240,2,0),(168,155,0),(7240,15,0),(165,155,0),(7240,401,0),(162,155,0),(7240,35,0),(159,155,0),(7240,30,0),(156,155,0),(7240,397,0),(153,155,0),(7240,402,0),(150,155,0),(7240,27,0),(147,155,0),(7240,28,0),(144,154,0),(7243,2,0),(141,155,0),(7243,15,0),(138,155,0),(7243,403,0),(135,155,0),(7243,35,0),(132,155,0),(7243,30,0),(129,155,0),(7243,397,0),(120,155,0),(7243,28,0),(117,155,0),(7246,2,0),(114,155,0),(7246,15,0),(108,155,0),(7246,35,0),(96,155,0),(7246,27,0),(126,158,0),(7243,402,0),(123,158,0),(7243,27,0),(111,158,0),(7246,404,0),(105,158,0),(7246,30,0),(102,158,0),(7246,397,0),(99,158,0),(7246,402,0),(6993,377,0),(6994,377,0),(7082,377,0),(7083,377,0),(7084,374,0),(7085,374,0),(7086,374,0),(7087,376,0),(7088,372,0),(7089,372,0),(7090,372,0),(7091,372,0),(7092,372,0),(7252,15,0),(7252,2,0),(7249,28,0),(7249,27,0),(7187,20,0),(7252,101,0),(7504,159,0),(7252,392,0),(7252,406,0),(7252,30,0),(7504,102,0),(7255,2,0),(7252,27,0),(7255,407,0),(7255,15,0),(7252,28,0),(7255,409,0),(7255,101,0),(7255,27,0),(7255,30,0),(7255,408,0),(7258,15,0),(7255,28,0),(7258,411,0),(7258,101,0),(7258,410,0),(7258,30,0),(7258,2,0),(7261,2,0),(7258,409,0),(7261,15,0),(7258,27,0),(7258,28,0),(7261,411,0),(7261,412,0),(7261,409,0),(7261,101,0),(7261,30,0),(7261,28,0),(7261,27,0),(7264,413,0),(7264,15,0),(7264,2,0),(7264,414,0),(7264,101,0),(7264,27,0),(7264,415,0),(7264,25,0),(7267,15,0),(7264,28,0),(7267,101,0),(7267,416,0),(7267,2,0),(7267,414,0),(7267,25,0),(7267,28,0),(7267,417,0),(7267,27,0),(7270,2,0),(7270,414,0),(7270,25,0),(7270,413,0),(7270,101,0),(7270,15,0),(7270,418,0),(7273,416,0),(7273,15,0),(7273,2,0),(7270,28,0),(7270,27,0),(7273,419,0),(7273,28,0),(7273,101,0),(7273,27,0),(7273,414,0),(7273,25,0),(7273,160,0),(7270,153,0),(7231,157,0),(7270,21,0),(7273,153,0),(7273,21,0),(7270,160,0),(7267,21,0),(7267,153,0),(7267,160,0),(7264,21,0),(7264,153,0),(7264,160,0),(7261,21,0),(7261,153,0),(7261,160,0),(7255,153,0),(7255,160,0),(7252,21,0),(7252,153,0),(7252,160,0),(7249,21,0),(7249,153,0),(7249,160,0),(7228,21,0),(7228,153,0),(7258,21,0),(7258,153,0),(7258,160,0),(7255,21,0),(7113,377,0),(7114,377,0),(7115,377,0),(7116,376,0),(7117,373,0),(7118,373,0),(7119,373,0),(7120,373,0),(7121,376,0),(7249,392,0),(7249,30,0),(7249,101,0),(7249,405,0),(7194,20,0),(7249,15,0),(7249,2,0),(7246,28,0),(7222,21,0),(7222,153,0),(7222,160,0),(7219,21,0),(7219,153,0),(7219,160,0),(7246,21,0),(7246,157,0),(7246,421,0),(7246,420,0),(7246,422,0),(7246,423,0),(7246,424,0),(7243,21,0),(7243,157,0),(7243,421,0),(7243,420,0),(7243,422,0),(7243,423,0),(7243,424,0),(7240,21,0),(7240,157,0),(7240,421,0),(7240,420,0),(7240,422,0),(7240,423,0),(7240,424,0),(7237,21,0),(7237,157,0),(7237,421,0),(7237,420,0),(7237,422,0),(7237,423,0),(7237,424,0),(7234,21,0),(7234,157,0),(7234,421,0),(7234,420,0),(7234,422,0),(7234,423,0),(7234,424,0),(7231,421,0),(7231,420,0),(7231,422,0),(7231,423,0),(7231,424,0),(7280,2,0),(7280,15,0),(7280,425,0),(7280,101,0),(7280,25,0),(7280,414,0),(7280,27,0),(7280,28,0),(7283,435,0),(7283,15,0),(7283,426,0),(7283,101,0),(7283,25,0),(7283,414,0),(7283,427,0),(7283,27,0),(7283,28,0),(7286,2,0),(7286,15,0),(7286,428,0),(7286,101,0),(7286,25,0),(7286,414,0),(7286,27,0),(7286,28,0),(7289,2,0),(7289,15,0),(7289,428,0),(7289,101,0),(7289,25,0),(7289,414,0),(7289,27,0),(7289,28,0),(7292,2,0),(7292,15,0),(7292,429,0),(7292,101,0),(7292,25,0),(7292,430,0),(7292,27,0),(7292,28,0),(7295,2,0),(7295,15,0),(7295,429,0),(7295,101,0),(7295,25,0),(7295,414,0),(7295,27,0),(7295,28,0),(7298,2,0),(7298,15,0),(7298,431,0),(7298,101,0),(7298,25,0),(7298,432,0),(7298,27,0),(7298,28,0),(7301,2,0),(7301,15,0),(7301,431,0),(7301,101,0),(7301,25,0),(7301,433,0),(7301,415,0),(7301,27,0),(7301,28,0),(7304,2,0),(7304,15,0),(7304,425,0),(7304,101,0),(7304,25,0),(7304,414,0),(7304,418,0),(7304,27,0),(7304,28,0),(7304,21,0),(7304,153,0),(7304,160,0),(7301,21,0),(7301,153,0),(7301,160,0),(7298,21,0),(7298,153,0),(7298,160,0),(7295,21,0),(7295,153,0),(7295,160,0),(7292,21,0),(7292,153,0),(7292,160,0),(7289,21,0),(7289,153,0),(7289,160,0),(7286,21,0),(7286,153,0),(7286,160,0),(7283,21,0),(7283,153,0),(7283,160,0),(7280,21,0),(7280,153,0),(7280,160,0),(7321,2,0),(7321,6,0),(7321,7,0),(201,436,0),(156,436,0),(7321,15,0),(7283,16,0),(8527,20,0),(7362,20,0),(7286,437,0),(7289,437,0),(7292,437,0),(7295,437,0),(7298,437,0),(7301,437,0),(7304,437,0),(7321,437,0),(7321,21,0),(7249,437,0),(7252,437,0),(7255,437,0),(7258,437,0),(7261,437,0),(7264,437,0),(7267,437,0),(7270,437,0),(7273,437,0),(7280,437,0),(7219,437,0),(7222,437,0),(7225,437,0),(7228,437,0),(7231,437,0),(7234,437,0),(7237,437,0),(7240,437,0),(7243,437,0),(7246,437,0),(201,437,0),(168,437,0),(165,437,0),(162,437,0),(159,437,0),(156,437,0),(153,437,0),(150,437,0),(147,437,0),(198,437,0),(195,437,0),(192,437,0),(189,437,0),(186,437,0),(183,437,0),(180,437,0),(177,437,0),(144,437,0),(261,437,0),(258,437,0),(255,437,0),(252,437,0),(249,437,0),(225,437,0),(222,437,0),(219,437,0),(216,437,0),(213,437,0),(228,437,0),(231,437,0),(234,437,0),(237,437,0),(240,437,0),(243,437,0),(246,437,0),(204,437,0),(207,437,0),(210,437,0),(321,437,0),(318,437,0),(315,437,0),(315,42,0),(306,437,0),(303,437,0),(273,437,0),(291,437,0),(294,437,0),(300,437,0),(264,437,0),(267,437,0),(297,437,0),(276,437,0),(279,437,0),(282,437,0),(285,437,0),(288,437,0),(270,437,0),(381,437,0),(378,437,0),(375,437,0),(372,437,0),(369,437,0),(354,437,0),(357,437,0),(360,437,0),(363,437,0),(366,437,0),(351,437,0),(348,437,0),(333,437,0),(336,437,0),(339,437,0),(342,437,0),(345,437,0),(330,437,0),(327,437,0),(324,437,0),(96,437,0),(99,437,0),(102,437,0),(105,437,0),(108,437,0),(111,437,0),(114,437,0),(117,437,0),(120,437,0),(123,437,0),(126,437,0),(126,438,0),(129,437,0),(129,438,0),(132,437,0),(132,438,0),(135,437,0),(135,438,0),(138,437,0),(138,438,0),(141,437,0),(141,438,0),(351,438,0),(348,438,0),(333,438,0),(336,438,0),(339,438,0),(342,438,0),(345,438,0),(330,438,0),(327,438,0),(324,438,0),(96,438,0),(99,438,0),(102,438,0),(105,438,0),(108,438,0),(111,438,0),(114,438,0),(117,438,0),(120,438,0),(123,438,0),(300,438,0),(264,438,0),(267,438,0),(297,438,0),(276,438,0),(279,438,0),(282,438,0),(285,438,0),(288,438,0),(270,438,0),(381,438,0),(378,438,0),(375,438,0),(372,438,0),(369,438,0),(354,438,0),(357,438,0),(360,438,0),(363,438,0),(366,438,0),(228,438,0),(231,438,0),(234,438,0),(237,438,0),(240,438,0),(243,438,0),(246,438,0),(204,438,0),(207,438,0),(210,438,0),(321,438,0),(318,438,0),(315,438,0),(312,438,0),(309,438,0),(306,438,0),(303,438,0),(273,438,0),(291,438,0),(294,438,0),(198,438,0),(195,438,0),(192,438,0),(189,438,0),(186,438,0),(183,438,0),(180,438,0),(177,438,0),(144,438,0),(261,438,0),(258,438,0),(255,438,0),(252,438,0),(249,438,0),(225,438,0),(222,438,0),(219,438,0),(216,438,0),(213,438,0),(7246,438,0),(7243,438,0),(7240,438,0),(7237,438,0),(7234,438,0),(7231,438,0),(7228,438,0),(7225,438,0),(7222,438,0),(7219,438,0),(201,438,0),(168,438,0),(165,438,0),(162,438,0),(159,438,0),(156,438,0),(153,438,0),(150,438,0),(147,438,0),(7280,438,0),(7283,438,0),(7286,438,0),(7289,438,0),(7292,438,0),(7295,438,0),(7298,438,0),(7301,438,0),(7304,438,0),(7273,438,0),(7270,438,0),(7267,438,0),(7264,438,0),(7261,438,0),(7258,438,0),(7255,438,0),(7252,438,0),(7249,438,0),(7381,2,0),(7381,15,0),(7381,439,0),(7381,24,0),(7381,30,0),(7381,102,0),(7381,440,0),(7381,27,0),(7381,28,0),(7384,2,0),(7384,15,0),(7384,441,0),(7384,24,0),(7384,30,0),(7384,102,0),(7384,440,0),(7384,27,0),(7384,28,0),(7387,2,0),(7387,15,0),(7387,442,0),(7387,24,0),(7387,30,0),(7387,102,0),(7387,440,0),(7387,27,0),(7387,28,0),(7390,2,0),(7390,15,0),(7390,443,0),(7390,24,0),(7390,30,0),(7390,102,0),(7390,440,0),(7390,27,0),(7390,28,0),(7393,2,0),(7393,15,0),(7393,444,0),(7393,24,0),(7393,30,0),(7393,102,0),(7393,440,0),(7393,27,0),(7393,28,0),(7396,2,0),(7396,15,0),(7396,445,0),(7396,24,0),(7396,30,0),(7396,102,0),(7396,440,0),(7396,27,0),(7396,28,0),(7399,2,0),(7399,15,0),(7399,446,0),(7399,24,0),(7399,30,0),(7399,102,0),(7399,440,0),(7399,27,0),(7399,28,0),(7402,2,0),(7402,15,0),(7402,447,0),(7402,24,0),(7402,30,0),(7402,102,0),(7402,440,0),(7402,27,0),(7402,28,0),(7405,2,0),(7405,15,0),(7405,448,0),(7405,24,0),(7405,30,0),(7405,102,0),(7405,440,0),(7405,27,0),(7405,28,0),(7408,2,0),(7408,15,0),(7408,449,0),(7408,24,0),(7408,30,0),(7408,102,0),(7408,440,0),(7408,27,0),(7408,28,0),(7411,2,0),(7411,15,0),(7411,450,0),(7411,24,0),(7411,30,0),(7411,102,0),(7411,440,0),(7411,27,0),(7411,28,0),(7414,2,0),(7414,15,0),(7414,451,0),(7414,24,0),(7414,30,0),(7414,102,0),(7414,440,0),(7414,27,0),(7414,28,0),(7417,2,0),(7417,15,0),(7417,452,0),(7417,24,0),(7417,30,0),(7417,102,0),(7417,440,0),(7417,27,0),(7417,28,0),(7420,2,0),(7420,15,0),(7420,453,0),(7420,24,0),(7420,30,0),(7420,102,0),(7420,440,0),(7420,27,0),(7420,28,0),(7423,2,0),(7423,15,0),(7423,454,0),(7423,24,0),(7423,30,0),(7423,102,0),(7423,440,0),(7423,27,0),(7423,28,0),(7426,2,0),(7426,15,0),(7426,455,0),(7426,24,0),(7426,30,0),(7426,102,0),(7426,440,0),(7426,27,0),(7426,28,0),(7429,2,0),(7429,15,0),(7429,456,0),(7429,24,0),(7429,30,0),(7429,102,0),(7429,440,0),(7429,27,0),(7429,28,0),(7432,2,0),(7432,15,0),(7432,457,0),(7432,24,0),(7432,30,0),(7432,102,0),(7432,440,0),(7432,27,0),(7432,28,0),(7435,2,0),(7435,15,0),(7435,458,0),(7435,24,0),(7435,30,0),(7435,102,0),(7435,440,0),(7435,27,0),(7435,28,0),(7438,2,0),(7438,15,0),(7438,459,0),(7438,24,0),(7438,30,0),(7438,102,0),(7438,440,0),(7438,27,0),(7438,28,0),(7441,2,0),(7441,15,0),(7441,460,0),(7441,24,0),(7441,30,0),(7441,102,0),(7441,27,0),(7441,28,0),(7444,2,0),(7444,15,0),(7444,461,0),(7444,24,0),(7444,30,0),(7444,102,0),(7444,440,0),(7444,27,0),(7444,28,0),(7447,2,0),(7447,15,0),(7447,462,0),(7447,24,0),(7447,30,0),(7447,102,0),(7447,440,0),(7447,27,0),(7447,28,0),(7450,2,0),(7450,15,0),(7450,463,0),(7450,24,0),(7450,30,0),(7450,102,0),(7450,440,0),(7450,27,0),(7450,28,0),(7453,2,0),(7453,15,0),(7453,464,0),(7453,24,0),(7453,30,0),(7453,102,0),(7453,440,0),(7453,27,0),(7453,28,0),(7456,2,0),(7456,15,0),(7456,465,0),(7456,24,0),(7456,30,0),(7456,102,0),(7456,440,0),(7456,27,0),(7456,28,0),(7459,2,0),(7459,15,0),(7459,466,0),(7459,24,0),(7459,30,0),(7459,102,0),(7459,440,0),(7459,27,0),(7459,28,0),(7462,2,0),(7462,15,0),(7462,467,0),(7462,24,0),(7462,30,0),(7462,102,0),(7462,440,0),(7462,27,0),(7462,28,0),(7465,2,0),(7465,15,0),(7465,468,0),(7465,24,0),(7465,30,0),(7465,102,0),(7465,440,0),(7465,27,0),(7465,28,0),(7468,2,0),(7468,15,0),(7468,469,0),(7468,24,0),(7468,30,0),(7468,102,0),(7468,440,0),(7468,27,0),(7468,28,0),(7471,2,0),(7471,15,0),(7471,470,0),(7471,24,0),(7471,30,0),(7471,102,0),(7471,440,0),(7471,27,0),(7471,28,0),(7474,2,0),(7474,15,0),(7474,471,0),(7474,24,0),(7474,30,0),(7474,102,0),(7474,440,0),(7474,27,0),(7474,28,0),(7477,2,0),(7477,15,0),(7477,141,0),(7477,24,0),(7477,30,0),(7477,102,0),(7477,440,0),(7477,27,0),(7477,28,0),(7480,2,0),(7480,15,0),(7480,472,0),(7480,24,0),(7480,30,0),(7480,102,0),(7480,440,0),(7480,27,0),(7480,28,0),(7483,2,0),(7483,15,0),(7483,473,0),(7483,24,0),(7483,30,0),(7483,102,0),(7483,440,0),(7483,27,0),(7483,28,0),(7486,2,0),(7486,15,0),(7486,474,0),(7486,24,0),(7486,30,0),(7486,102,0),(7486,440,0),(7486,27,0),(7486,28,0),(7489,2,0),(7489,15,0),(7489,475,0),(7489,24,0),(7489,30,0),(7489,102,0),(7489,440,0),(7489,27,0),(7489,28,0),(7492,2,0),(7492,15,0),(7492,476,0),(7492,24,0),(7492,30,0),(7492,102,0),(7492,440,0),(7492,27,0),(7492,28,0),(7495,2,0),(7495,15,0),(7495,477,0),(7495,24,0),(7495,30,0),(7495,102,0),(7495,440,0),(7495,27,0),(7495,28,0),(7498,2,0),(7498,15,0),(7498,478,0),(7498,24,0),(7498,30,0),(7498,102,0),(7498,440,0),(7498,27,0),(7498,28,0),(7501,2,0),(7501,15,0),(7501,479,0),(7501,24,0),(7501,30,0),(7501,102,0),(7501,440,0),(7501,27,0),(7501,28,0),(7504,2,0),(7504,15,0),(7504,480,0),(7504,24,0),(7504,30,0),(7501,159,0),(7504,482,0),(7504,27,0),(7504,28,0),(7498,159,0),(7495,159,0),(7492,159,0),(7489,159,0),(7486,159,0),(7483,159,0),(7480,159,0),(7477,159,0),(7474,159,0),(7471,159,0),(7468,159,0),(7465,159,0),(7462,159,0),(7459,159,0),(7456,159,0),(7453,159,0),(7450,159,0),(7447,159,0),(7444,159,0),(7441,159,0),(7438,159,0),(7435,159,0),(7432,159,0),(7429,159,0),(7426,159,0),(7423,159,0),(7420,159,0),(7417,159,0),(7414,159,0),(7411,159,0),(7408,159,0),(7405,159,0),(7402,159,0),(7399,159,0),(7396,159,0),(7393,159,0),(7390,159,0),(7387,159,0),(7444,21,0),(7444,158,0),(7441,21,0),(7441,158,0),(7438,21,0),(7438,158,0),(7435,21,0),(7435,158,0),(7432,21,0),(7432,158,0),(7429,21,0),(7429,158,0),(7426,21,0),(7426,158,0),(7423,21,0),(7423,158,0),(7420,21,0),(7420,158,0),(7417,21,0),(7417,158,0),(7414,21,0),(7414,158,0),(7411,21,0),(7411,158,0),(7408,21,0),(7408,158,0),(7405,21,0),(7405,158,0),(7402,21,0),(7402,158,0),(7399,21,0),(7399,158,0),(7396,21,0),(7396,158,0),(7393,21,0),(7393,158,0),(7390,21,0),(7390,158,0),(7387,21,0),(7387,158,0),(7504,21,0),(7504,158,0),(7501,21,0),(7501,158,0),(7498,21,0),(7498,158,0),(7495,21,0),(7495,158,0),(7492,21,0),(7492,158,0),(7489,21,0),(7489,158,0),(7486,21,0),(7486,158,0),(7483,21,0),(7483,158,0),(7480,21,0),(7480,158,0),(7477,21,0),(7477,158,0),(7474,21,0),(7474,158,0),(7471,21,0),(7471,158,0),(7468,21,0),(7468,158,0),(7465,21,0),(7465,158,0),(7462,21,0),(7462,158,0),(7459,21,0),(7459,158,0),(7456,21,0),(7456,158,0),(7453,21,0),(7453,158,0),(7450,21,0),(7450,158,0),(7447,21,0),(7447,158,0),(7384,21,0),(7384,158,0),(7381,21,0),(7381,158,0),(7508,2,0),(7508,15,0),(7508,483,0),(7508,24,0),(7508,30,0),(7508,102,0),(7508,27,0),(7508,28,0),(7511,2,0),(7511,15,0),(7511,484,0),(7511,24,0),(7511,30,0),(7511,102,0),(7511,27,0),(7511,28,0),(7514,2,0),(7514,15,0),(7514,485,0),(7514,24,0),(7514,486,0),(7514,102,0),(7514,27,0),(7514,28,0),(7517,2,0),(7517,15,0),(7517,487,0),(7517,24,0),(7517,30,0),(7517,102,0),(7517,27,0),(7517,28,0),(7520,2,0),(7520,15,0),(7520,488,0),(7520,24,0),(7520,30,0),(7520,102,0),(7520,27,0),(7520,28,0),(7523,2,0),(7523,15,0),(7523,489,0),(7523,24,0),(7523,30,0),(7523,102,0),(7523,27,0),(7523,28,0),(7526,2,0),(7526,15,0),(7526,490,0),(7526,24,0),(7526,25,0),(7526,26,0),(7526,491,0),(7526,27,0),(7526,28,0),(7529,2,0),(7529,15,0),(7529,492,0),(7529,24,0),(7529,25,0),(7529,26,0),(7529,491,0),(7529,27,0),(7529,28,0),(7532,2,0),(7532,15,0),(7532,493,0),(7532,24,0),(7532,25,0),(7532,26,0),(7532,491,0),(7532,27,0),(7532,28,0),(7535,2,0),(7535,15,0),(7535,494,0),(7535,24,0),(7535,25,0),(7535,26,0),(7535,491,0),(7535,27,0),(7535,28,0),(7538,2,0),(7538,15,0),(7538,495,0),(7538,24,0),(7538,25,0),(7538,26,0),(7538,491,0),(7538,27,0),(7538,28,0),(7541,2,0),(7541,15,0),(7541,496,0),(7541,24,0),(7541,25,0),(7541,26,0),(7541,491,0),(7541,27,0),(7541,28,0),(7544,2,0),(7544,15,0),(7544,497,0),(7544,24,0),(7544,25,0),(7544,26,0),(7544,491,0),(7544,27,0),(7544,28,0),(7547,2,0),(7547,15,0),(7547,498,0),(7547,24,0),(7547,25,0),(7547,26,0),(7547,491,0),(7547,27,0),(7547,28,0),(7550,2,0),(7550,15,0),(7550,499,0),(7550,24,0),(7550,25,0),(7550,26,0),(7550,491,0),(7550,27,0),(7550,28,0),(7553,2,0),(7553,15,0),(7553,500,0),(7553,24,0),(7553,25,0),(7553,26,0),(7553,491,0),(7553,27,0),(7553,28,0),(7556,2,0),(7556,15,0),(7556,501,0),(7556,24,0),(7556,25,0),(7556,26,0),(7556,491,0),(7556,27,0),(7556,28,0),(7559,2,0),(7559,15,0),(7559,502,0),(7559,24,0),(7559,25,0),(7559,26,0),(7559,491,0),(7559,27,0),(7559,28,0),(7562,2,0),(7562,15,0),(7562,503,0),(7562,24,0),(7562,25,0),(7562,26,0),(7562,491,0),(7562,27,0),(7562,28,0),(7565,2,0),(7565,15,0),(7565,490,0),(7565,24,0),(7565,25,0),(7565,26,0),(7565,491,0),(7565,27,0),(7565,28,0),(7568,2,0),(7568,15,0),(7568,504,0),(7568,24,0),(7568,25,0),(7568,26,0),(7568,491,0),(7568,27,0),(7568,28,0),(7571,2,0),(7571,15,0),(7571,71,0),(7571,24,0),(7571,25,0),(7571,26,0),(7571,491,0),(7571,27,0),(7571,28,0),(7574,2,0),(7574,15,0),(7574,505,0),(7574,24,0),(7574,25,0),(7574,26,0),(7574,491,0),(7574,27,0),(7574,28,0),(7577,2,0),(7577,15,0),(7577,506,0),(7577,24,0),(7577,25,0),(7577,26,0),(7577,491,0),(7577,27,0),(7577,28,0),(7580,2,0),(7580,15,0),(7580,507,0),(7580,24,0),(7580,25,0),(7580,26,0),(7580,491,0),(7580,27,0),(7580,28,0),(7583,2,0),(7583,15,0),(7583,504,0),(7583,24,0),(7583,25,0),(7583,26,0),(7583,491,0),(7583,27,0),(7583,28,0),(7586,2,0),(7586,15,0),(7586,508,0),(7586,24,0),(7586,25,0),(7586,26,0),(7586,491,0),(7586,27,0),(7586,28,0),(7589,2,0),(7589,15,0),(7589,509,0),(7589,24,0),(7589,25,0),(7589,26,0),(7589,491,0),(7589,27,0),(7589,28,0),(7592,2,0),(7592,15,0),(7592,510,0),(7592,24,0),(7592,25,0),(7592,26,0),(7592,491,0),(7592,27,0),(7592,28,0),(7595,2,0),(7595,15,0),(7595,511,0),(7595,24,0),(7595,25,0),(7595,26,0),(7595,491,0),(7595,27,0),(7595,28,0),(7598,2,0),(7598,15,0),(7598,510,0),(7598,24,0),(7598,25,0),(7598,26,0),(7598,491,0),(7598,27,0),(7598,28,0),(7601,2,0),(7601,15,0),(7601,512,0),(7601,24,0),(7601,25,0),(7601,26,0),(7601,491,0),(7601,27,0),(7601,28,0),(7604,2,0),(7604,15,0),(7604,490,0),(7604,24,0),(7604,25,0),(7604,26,0),(7604,491,0),(7604,27,0),(7604,28,0),(7607,2,0),(7607,15,0),(7607,513,0),(7607,24,0),(7607,25,0),(7607,26,0),(7607,491,0),(7607,27,0),(7607,28,0),(7610,2,0),(7610,15,0),(7610,514,0),(7610,24,0),(7610,25,0),(7610,26,0),(7610,491,0),(7610,27,0),(7610,28,0),(7613,2,0),(7613,15,0),(7613,515,0),(7613,24,0),(7613,25,0),(7613,26,0),(7613,491,0),(7613,27,0),(7613,28,0),(7613,21,0),(7613,155,0),(7613,152,0),(7610,21,0),(7610,155,0),(7610,152,0),(7607,21,0),(7607,155,0),(7607,152,0),(7604,21,0),(7604,155,0),(7604,152,0),(7601,21,0),(7601,155,0),(7601,152,0),(7598,21,0),(7598,155,0),(7598,152,0),(7595,21,0),(7595,155,0),(7595,152,0),(7592,21,0),(7592,155,0),(7592,152,0),(7589,21,0),(7589,155,0),(7589,152,0),(7586,21,0),(7586,155,0),(7586,152,0),(7583,21,0),(7583,155,0),(7583,152,0),(7580,21,0),(7580,155,0),(7580,152,0),(7577,21,0),(7577,155,0),(7577,152,0),(7574,21,0),(7574,155,0),(7574,152,0),(7571,21,0),(7571,155,0),(7571,152,0),(7568,21,0),(7568,155,0),(7568,152,0),(7565,21,0),(7565,155,0),(7565,152,0),(7562,21,0),(7562,155,0),(7562,152,0),(7559,21,0),(7559,155,0),(7559,152,0),(7556,21,0),(7556,155,0),(7556,152,0),(7553,21,0),(7553,437,0),(7553,155,0),(7553,152,0),(7553,62,0),(7550,21,0),(7550,437,0),(7550,155,0),(7550,152,0),(7550,62,0),(7547,21,0),(7547,437,0),(7547,155,0),(7547,152,0),(7547,62,0),(7544,21,0),(7544,437,0),(7544,155,0),(7544,152,0),(7544,62,0),(7541,21,0),(7541,437,0),(7541,155,0),(7541,152,0),(7541,62,0),(7538,21,0),(7538,437,0),(7538,155,0),(7538,152,0),(7538,62,0),(7535,21,0),(7535,437,0),(7535,155,0),(7535,152,0),(7535,62,0),(7532,21,0),(7532,437,0),(7532,155,0),(7532,152,0),(7532,62,0),(7529,21,0),(7529,437,0),(7529,155,0),(7529,152,0),(7529,62,0),(7526,21,0),(7526,437,0),(7526,155,0),(7526,152,0),(7526,62,0),(7523,21,0),(7523,158,0),(7523,437,0),(7523,159,0),(7520,21,0),(7520,158,0),(7520,437,0),(7520,159,0),(7517,21,0),(7517,158,0),(7517,437,0),(7517,159,0),(7514,21,0),(7514,158,0),(7514,437,0),(7514,159,0),(7511,21,0),(7511,158,0),(7511,437,0),(7511,159,0),(7508,21,0),(7508,158,0),(7508,437,0),(7508,159,0),(7568,437,0),(7568,438,0),(7571,437,0),(7571,438,0),(7574,437,0),(7574,438,0),(7577,437,0),(7577,438,0),(7580,437,0),(7580,438,0),(7583,437,0),(7583,438,0),(7586,437,0),(7586,438,0),(7589,437,0),(7589,438,0),(7592,437,0),(7592,438,0),(7595,437,0),(7595,438,0),(7598,437,0),(7598,438,0),(7601,437,0),(7601,438,0),(7604,437,0),(7604,438,0),(7607,437,0),(7607,438,0),(7610,437,0),(7610,438,0),(7613,437,0),(7613,438,0),(7504,437,0),(7504,438,0),(7501,437,0),(7501,438,0),(7498,437,0),(7498,438,0),(7495,437,0),(7495,438,0),(7492,437,0),(7492,438,0),(7489,437,0),(7489,438,0),(7486,437,0),(7486,438,0),(7483,437,0),(7483,438,0),(7480,437,0),(7480,438,0),(7477,437,0),(7477,438,0),(7474,437,0),(7474,438,0),(7471,437,0),(7471,438,0),(7468,437,0),(7468,438,0),(7465,437,0),(7465,438,0),(7462,437,0),(7462,438,0),(7459,437,0),(7459,438,0),(7456,437,0),(7456,438,0),(7453,437,0),(7453,438,0),(7450,437,0),(7450,438,0),(7447,437,0),(7447,438,0),(7444,437,0),(7444,438,0),(7441,437,0),(7441,438,0),(7438,437,0),(7438,438,0),(7435,437,0),(7435,438,0),(7508,438,0),(7511,438,0),(7514,438,0),(7517,438,0),(7520,438,0),(7523,438,0),(7526,438,0),(7529,438,0),(7532,438,0),(7535,438,0),(7538,438,0),(7541,438,0),(7544,438,0),(7547,438,0),(7550,438,0),(7553,438,0),(7556,438,0),(7559,438,0),(7562,438,0),(7565,438,0),(7432,437,0),(7432,438,0),(7429,437,0),(7429,438,0),(7426,437,0),(7426,438,0),(7423,437,0),(7423,438,0),(7420,437,0),(7420,438,0),(7417,437,0),(7417,438,0),(7414,437,0),(7414,438,0),(7411,437,0),(7411,438,0),(7408,437,0),(7408,438,0),(7405,437,0),(7405,438,0),(7402,437,0),(7402,438,0),(7399,437,0),(7399,438,0),(7396,437,0),(7396,438,0),(7393,437,0),(7393,438,0),(7390,437,0),(7390,438,0),(7387,437,0),(7387,438,0),(7384,437,0),(7384,438,0),(7381,437,0),(7381,438,0),(7616,20,0),(7640,2,0),(7640,15,0),(7640,516,0),(7640,24,0),(7640,30,0),(7640,102,0),(7640,27,0),(7640,28,0),(7640,438,0),(7643,2,0),(7643,15,0),(7643,517,0),(7643,24,0),(7643,30,0),(7643,102,0),(7643,27,0),(7643,28,0),(7643,438,0),(7646,2,0),(7646,15,0),(7646,518,0),(7646,24,0),(7646,30,0),(7646,102,0),(7646,27,0),(7646,28,0),(7646,438,0),(7649,2,0),(7649,15,0),(7649,519,0),(7649,24,0),(7649,30,0),(7649,102,0),(7649,113,0),(7649,27,0),(7649,28,0),(7649,438,0),(7652,2,0),(7652,15,0),(7652,518,0),(7652,24,0),(7652,30,0),(7652,102,0),(7652,113,0),(7652,27,0),(7652,28,0),(7652,438,0),(7655,2,0),(7655,15,0),(7655,520,0),(7655,24,0),(7655,30,0),(7655,102,0),(7655,27,0),(7655,28,0),(7655,438,0),(7658,2,0),(7658,15,0),(7658,521,0),(7658,24,0),(7658,30,0),(7658,102,0),(7658,27,0),(7658,28,0),(7658,438,0),(7661,2,0),(7661,15,0),(7661,522,0),(7661,24,0),(7661,30,0),(7661,102,0),(7661,27,0),(7661,28,0),(7661,438,0),(7664,2,0),(7664,15,0),(7664,522,0),(7664,24,0),(7664,30,0),(7664,102,0),(7664,27,0),(7664,28,0),(7664,438,0),(7667,2,0),(7667,15,0),(7667,523,0),(7667,24,0),(7667,30,0),(7667,102,0),(7667,27,0),(7667,28,0),(7667,438,0),(7670,2,0),(7670,15,0),(7670,524,0),(7670,24,0),(7670,30,0),(7670,102,0),(7670,27,0),(7670,28,0),(7670,438,0),(7673,2,0),(7673,15,0),(7673,525,0),(7673,24,0),(7673,30,0),(7673,102,0),(7673,27,0),(7673,28,0),(7673,438,0),(7676,2,0),(7676,15,0),(7676,526,0),(7676,24,0),(7676,30,0),(7676,102,0),(7676,27,0),(7676,28,0),(7676,438,0),(7679,2,0),(7679,15,0),(7679,527,0),(7679,24,0),(7679,30,0),(7679,102,0),(7679,27,0),(7679,28,0),(7679,438,0),(7682,2,0),(7682,15,0),(7682,528,0),(7682,24,0),(7682,30,0),(7682,102,0),(7682,113,0),(7682,27,0),(7682,28,0),(7682,438,0),(7685,2,0),(7685,15,0),(7685,529,0),(7685,24,0),(7685,30,0),(7685,102,0),(7685,27,0),(7685,28,0),(7685,438,0),(7688,2,0),(7688,15,0),(7688,530,0),(7688,24,0),(7688,30,0),(7688,102,0),(7688,27,0),(7688,28,0),(7688,438,0),(7691,2,0),(7691,15,0),(7691,531,0),(7691,24,0),(7691,30,0),(7691,102,0),(7691,27,0),(7691,28,0),(7691,438,0),(7694,2,0),(7694,15,0),(7694,532,0),(7694,24,0),(7694,30,0),(7694,102,0),(7694,27,0),(7694,28,0),(7694,438,0),(7697,2,0),(7697,15,0),(7697,533,0),(7697,24,0),(7697,30,0),(7697,102,0),(7697,27,0),(7697,28,0),(7697,438,0),(7700,2,0),(7700,15,0),(7700,534,0),(7700,24,0),(7700,30,0),(7700,102,0),(7700,27,0),(7700,28,0),(7700,438,0),(7703,2,0),(7703,15,0),(7703,535,0),(7703,24,0),(7703,30,0),(7703,102,0),(7703,27,0),(7703,28,0),(7703,438,0),(7706,2,0),(7706,15,0),(7706,536,0),(7706,24,0),(7706,30,0),(7706,102,0),(7706,440,0),(7706,27,0),(7706,28,0),(7706,438,0),(7709,2,0),(7709,15,0),(7709,531,0),(7709,24,0),(7709,30,0),(7709,102,0),(7709,27,0),(7709,28,0),(7709,438,0),(7712,2,0),(7712,15,0),(7712,447,0),(7712,24,0),(7712,30,0),(7712,102,0),(7712,440,0),(7712,27,0),(7712,28,0),(7712,438,0),(7715,2,0),(7715,15,0),(7715,537,0),(7715,24,0),(7715,30,0),(7715,102,0),(7715,27,0),(7715,28,0),(7715,438,0),(7718,2,0),(7718,15,0),(7718,538,0),(7718,24,0),(7718,30,0),(7718,102,0),(7718,27,0),(7718,28,0),(7718,438,0),(7721,2,0),(7721,15,0),(7721,539,0),(7721,24,0),(7721,30,0),(7721,102,0),(7721,27,0),(7721,28,0),(7721,438,0),(7724,2,0),(7724,15,0),(7724,540,0),(7724,24,0),(7724,30,0),(7724,102,0),(7724,27,0),(7724,28,0),(7724,438,0),(7727,2,0),(7727,15,0),(7727,450,0),(7727,24,0),(7727,30,0),(7727,102,0),(7727,440,0),(7727,27,0),(7727,28,0),(7727,438,0),(7730,2,0),(7730,15,0),(7730,541,0),(7730,24,0),(7730,30,0),(7730,102,0),(7730,27,0),(7730,28,0),(7730,438,0),(7733,2,0),(7733,15,0),(7733,542,0),(7733,24,0),(7733,30,0),(7733,102,0),(7733,27,0),(7733,28,0),(7733,438,0),(7736,2,0),(7736,15,0),(7736,449,0),(7736,24,0),(7736,30,0),(7736,102,0),(7736,440,0),(7736,27,0),(7736,28,0),(7736,438,0),(7739,2,0),(7739,15,0),(7739,457,0),(7739,24,0),(7739,30,0),(7739,102,0),(7739,440,0),(7739,27,0),(7739,28,0),(7739,438,0),(7742,2,0),(7742,15,0),(7742,543,0),(7742,24,0),(7742,30,0),(7742,102,0),(7742,27,0),(7742,28,0),(7742,438,0),(7745,2,0),(7745,15,0),(7745,451,0),(7745,24,0),(7745,30,0),(7745,102,0),(7745,113,0),(7745,27,0),(7745,28,0),(7745,438,0),(7748,2,0),(7748,15,0),(7748,544,0),(7748,24,0),(7748,30,0),(7748,102,0),(7748,440,0),(7748,27,0),(7748,28,0),(7748,438,0),(7751,2,0),(7751,15,0),(7751,452,0),(7751,24,0),(7751,30,0),(7751,102,0),(7751,27,0),(7751,28,0),(7751,438,0),(7754,2,0),(7754,15,0),(7754,489,0),(7754,24,0),(7754,30,0),(7754,102,0),(7754,27,0),(7754,28,0),(7754,438,0),(7757,2,0),(7757,15,0),(7757,545,0),(7757,24,0),(7757,30,0),(7757,102,0),(7757,27,0),(7757,28,0),(7757,438,0),(7760,2,0),(7760,15,0),(7760,40,0),(7760,24,0),(7760,30,0),(7760,102,0),(7760,27,0),(7760,28,0),(7760,438,0),(7763,2,0),(7763,15,0),(7763,546,0),(7763,24,0),(7763,30,0),(7763,102,0),(7763,27,0),(7763,28,0),(7763,438,0),(7766,2,0),(7766,15,0),(7766,547,0),(7766,24,0),(7766,30,0),(7766,102,0),(7766,27,0),(7766,28,0),(7766,438,0),(7769,2,0),(7769,15,0),(7769,29,0),(7769,24,0),(7769,30,0),(7769,102,0),(7769,27,0),(7769,28,0),(7769,438,0),(7772,2,0),(7772,15,0),(7772,548,0),(7772,24,0),(7772,30,0),(7772,102,0),(7772,27,0),(7772,28,0),(7772,438,0),(7775,2,0),(7775,15,0),(7775,488,0),(7775,24,0),(7775,30,0),(7775,102,0),(7775,27,0),(7775,28,0),(7775,438,0),(7778,2,0),(7778,15,0),(7778,549,0),(7778,24,0),(7778,30,0),(7778,102,0),(7778,27,0),(7778,28,0),(7778,438,0),(7781,2,0),(7781,15,0),(7781,550,0),(7781,24,0),(7781,30,0),(7781,102,0),(7781,27,0),(7781,28,0),(7781,438,0),(7784,2,0),(7784,15,0),(7784,551,0),(7784,24,0),(7784,30,0),(7784,102,0),(7784,27,0),(7784,28,0),(7784,438,0),(7787,2,0),(7787,15,0),(7787,552,0),(7787,24,0),(7787,30,0),(7787,102,0),(7787,27,0),(7787,28,0),(7787,438,0),(7790,2,0),(7790,15,0),(7790,553,0),(7790,24,0),(7790,30,0),(7790,102,0),(7790,27,0),(7790,28,0),(7790,438,0),(7793,2,0),(7793,15,0),(7793,554,0),(7793,24,0),(7793,30,0),(7793,102,0),(7793,27,0),(7793,28,0),(7793,438,0),(7796,2,0),(7796,15,0),(7796,555,0),(7796,24,0),(7796,30,0),(7796,102,0),(7796,27,0),(7796,28,0),(7796,438,0),(7799,2,0),(7799,15,0),(7799,556,0),(7799,24,0),(7799,30,0),(7799,102,0),(7799,27,0),(7799,28,0),(7799,438,0),(7802,2,0),(7802,15,0),(7802,557,0),(7802,24,0),(7802,30,0),(7802,102,0),(7802,27,0),(7802,28,0),(7802,438,0),(7805,2,0),(7805,15,0),(7805,558,0),(7805,24,0),(7805,30,0),(7805,102,0),(7805,27,0),(7805,28,0),(7805,438,0),(7808,2,0),(7808,15,0),(7808,45,0),(7808,24,0),(7808,30,0),(7808,102,0),(7808,27,0),(7808,28,0),(7808,438,0),(7811,2,0),(7811,15,0),(7811,485,0),(7811,24,0),(7811,30,0),(7811,102,0),(7811,27,0),(7811,28,0),(7811,438,0),(7814,2,0),(7814,15,0),(7814,559,0),(7814,24,0),(7814,30,0),(7814,102,0),(7814,27,0),(7814,28,0),(7814,438,0),(7817,2,0),(7817,15,0),(7817,560,0),(7817,24,0),(7817,30,0),(7817,102,0),(7817,27,0),(7817,28,0),(7817,438,0),(7820,2,0),(7820,15,0),(7820,561,0),(7820,24,0),(7820,30,0),(7820,102,0),(7820,27,0),(7820,28,0),(7820,438,0),(7823,2,0),(7823,15,0),(7823,562,0),(7823,24,0),(7823,30,0),(7823,102,0),(7823,27,0),(7823,28,0),(7823,438,0),(7826,2,0),(7826,15,0),(7826,563,0),(7826,24,0),(7826,30,0),(7826,102,0),(7826,27,0),(7826,28,0),(7826,438,0),(7829,2,0),(7829,15,0),(7829,564,0),(7829,24,0),(7829,30,0),(7829,102,0),(7829,27,0),(7829,28,0),(7829,438,0),(7832,2,0),(7832,15,0),(7832,565,0),(7832,24,0),(7832,30,0),(7832,102,0),(7832,27,0),(7832,28,0),(7832,438,0),(7835,2,0),(7835,15,0),(7835,566,0),(7835,24,0),(7835,30,0),(7835,102,0),(7835,27,0),(7835,28,0),(7835,438,0),(7838,2,0),(7838,15,0),(7838,567,0),(7838,24,0),(7838,30,0),(7838,102,0),(7838,27,0),(7838,28,0),(7838,438,0),(7841,2,0),(7841,15,0),(7841,33,0),(7841,24,0),(7841,30,0),(7841,102,0),(7841,27,0),(7841,28,0),(7841,438,0),(7844,2,0),(7844,15,0),(7844,568,0),(7844,24,0),(7844,30,0),(7844,102,0),(7844,27,0),(7844,28,0),(7844,438,0),(7847,2,0),(7847,15,0),(7847,569,0),(7847,24,0),(7847,30,0),(7847,102,0),(7847,27,0),(7847,28,0),(7847,438,0),(7850,2,0),(7850,15,0),(7850,570,0),(7850,24,0),(7850,30,0),(7850,102,0),(7850,27,0),(7850,28,0),(7850,438,0),(7853,2,0),(7853,15,0),(7853,571,0),(7853,24,0),(7853,30,0),(7853,102,0),(7853,27,0),(7853,28,0),(7853,438,0),(7856,2,0),(7856,15,0),(7856,572,0),(7856,24,0),(7856,30,0),(7856,102,0),(7856,27,0),(7856,28,0),(7856,438,0),(7859,2,0),(7859,15,0),(7859,573,0),(7859,24,0),(7859,30,0),(7859,102,0),(7859,27,0),(7859,28,0),(7859,438,0),(7862,2,0),(7862,15,0),(7862,574,0),(7862,24,0),(7862,30,0),(7862,102,0),(7862,27,0),(7862,28,0),(7862,438,0),(7865,2,0),(7865,15,0),(7865,575,0),(7865,24,0),(7865,30,0),(7865,102,0),(7865,27,0),(7865,28,0),(7865,438,0),(7868,2,0),(7868,15,0),(7868,576,0),(7868,24,0),(7868,30,0),(7868,102,0),(7868,27,0),(7868,28,0),(7868,438,0),(7871,2,0),(7871,15,0),(7871,577,0),(7871,24,0),(7871,30,0),(7871,102,0),(7871,27,0),(7871,28,0),(7871,438,0),(7874,2,0),(7874,15,0),(7874,578,0),(7874,24,0),(7874,30,0),(7874,102,0),(7874,27,0),(7874,28,0),(7874,438,0),(7877,2,0),(7877,15,0),(7877,579,0),(7877,24,0),(7877,30,0),(7877,102,0),(7877,27,0),(7877,28,0),(7877,438,0),(7880,2,0),(7880,15,0),(7880,580,0),(7880,24,0),(7880,30,0),(7880,102,0),(7880,27,0),(7880,28,0),(7880,438,0),(7883,2,0),(7883,15,0),(7883,581,0),(7883,24,0),(7883,30,0),(7883,102,0),(7883,27,0),(7883,28,0),(7883,438,0),(7886,2,0),(7886,15,0),(7886,582,0),(7886,24,0),(7886,30,0),(7886,102,0),(7886,27,0),(7886,28,0),(7886,438,0),(7889,2,0),(7889,15,0),(7889,583,0),(7889,24,0),(7889,30,0),(7889,102,0),(7889,27,0),(7889,28,0),(7889,438,0),(7892,2,0),(7892,15,0),(7892,584,0),(7892,24,0),(7892,30,0),(7892,102,0),(7892,27,0),(7892,28,0),(7892,438,0),(7895,2,0),(7895,15,0),(7895,585,0),(7895,24,0),(7895,30,0),(7895,102,0),(7895,27,0),(7895,28,0),(7895,438,0),(7898,2,0),(7898,15,0),(7898,545,0),(7898,24,0),(7898,30,0),(7898,102,0),(7898,27,0),(7898,28,0),(7898,438,0),(7901,2,0),(7901,15,0),(7901,548,0),(7901,24,0),(7901,30,0),(7901,102,0),(7901,27,0),(7901,28,0),(7901,438,0),(7904,2,0),(7904,15,0),(7904,586,0),(7904,24,0),(7904,30,0),(7904,102,0),(7904,27,0),(7904,28,0),(7904,438,0),(7907,2,0),(7907,15,0),(7907,587,0),(7907,24,0),(7907,30,0),(7907,102,0),(7907,27,0),(7907,28,0),(7907,438,0),(7910,2,0),(7910,15,0),(7910,588,0),(7910,24,0),(7910,30,0),(7910,102,0),(7910,27,0),(7910,28,0),(7910,438,0),(7913,2,0),(7913,15,0),(7913,589,0),(7913,24,0),(7913,30,0),(7913,102,0),(7913,27,0),(7913,28,0),(7913,438,0),(7916,2,0),(7916,15,0),(7916,483,0),(7916,24,0),(7916,30,0),(7916,102,0),(7916,27,0),(7916,28,0),(7916,438,0),(7919,2,0),(7919,15,0),(7919,583,0),(7919,24,0),(7919,30,0),(7919,102,0),(7919,27,0),(7919,28,0),(7919,438,0),(7922,2,0),(7922,15,0),(7922,590,0),(7922,24,0),(7922,30,0),(7922,102,0),(7922,27,0),(7922,28,0),(7922,438,0),(7925,2,0),(7925,15,0),(7925,580,0),(7925,24,0),(7925,30,0),(7925,102,0),(7925,27,0),(7925,28,0),(7925,438,0),(7928,2,0),(7928,15,0),(7928,591,0),(7928,24,0),(7928,30,0),(7928,102,0),(7928,27,0),(7928,28,0),(7928,438,0),(7931,2,0),(7931,15,0),(7931,592,0),(7931,24,0),(7931,30,0),(7931,102,0),(7931,27,0),(7931,28,0),(7931,438,0),(7934,2,0),(7934,15,0),(7934,566,0),(7934,24,0),(7934,30,0),(7934,102,0),(7934,27,0),(7934,28,0),(7934,438,0),(7937,2,0),(7937,15,0),(7937,593,0),(7937,24,0),(7937,30,0),(7937,102,0),(7937,27,0),(7937,28,0),(7937,438,0),(7940,2,0),(7940,15,0),(7940,594,0),(7940,24,0),(7940,30,0),(7940,102,0),(7940,27,0),(7940,28,0),(7940,438,0),(7943,2,0),(7943,15,0),(7943,595,0),(7943,24,0),(7943,30,0),(7943,102,0),(7943,27,0),(7943,28,0),(7943,438,0),(7946,2,0),(7946,15,0),(7946,596,0),(7946,24,0),(7946,30,0),(7946,102,0),(7946,27,0),(7946,28,0),(7946,438,0),(7949,2,0),(7949,15,0),(7949,597,0),(7949,24,0),(7949,30,0),(7949,102,0),(7949,27,0),(7949,28,0),(7949,438,0),(7952,2,0),(7952,15,0),(7952,546,0),(7952,24,0),(7952,30,0),(7952,102,0),(7952,27,0),(7952,28,0),(7952,438,0),(7955,2,0),(7955,15,0),(7955,598,0),(7955,24,0),(7955,30,0),(7955,102,0),(7955,27,0),(7955,28,0),(7955,438,0),(7958,2,0),(7958,15,0),(7958,599,0),(7958,24,0),(7958,30,0),(7958,102,0),(7958,27,0),(7958,28,0),(7958,438,0),(7961,2,0),(7961,15,0),(7961,600,0),(7961,24,0),(7961,30,0),(7961,102,0),(7961,27,0),(7961,28,0),(7961,438,0),(7964,2,0),(7964,15,0),(7964,601,0),(7964,24,0),(7964,30,0),(7964,102,0),(7964,27,0),(7964,28,0),(7964,438,0),(7967,2,0),(7967,15,0),(7967,602,0),(7967,24,0),(7967,30,0),(7967,102,0),(7967,27,0),(7967,28,0),(7967,438,0),(7970,2,0),(7970,15,0),(7970,559,0),(7970,24,0),(7970,30,0),(7970,102,0),(7970,27,0),(7970,28,0),(7970,438,0),(7973,2,0),(7973,15,0),(7973,603,0),(7973,24,0),(7973,30,0),(7973,102,0),(7973,113,0),(7973,27,0),(7973,28,0),(7973,438,0),(7976,2,0),(7976,15,0),(7976,604,0),(7976,24,0),(7976,30,0),(7976,102,0),(7976,27,0),(7976,28,0),(7976,438,0),(7979,2,0),(7979,15,0),(7979,605,0),(7979,24,0),(7979,30,0),(7979,102,0),(7979,27,0),(7979,28,0),(7979,438,0),(7982,2,0),(7982,15,0),(7982,558,0),(7982,24,0),(7982,30,0),(7982,102,0),(7982,27,0),(7982,28,0),(7982,438,0),(7985,2,0),(7985,15,0),(7985,597,0),(7985,24,0),(7985,30,0),(7985,102,0),(7985,27,0),(7985,28,0),(7985,438,0),(7988,2,0),(7988,15,0),(7988,606,0),(7988,24,0),(7988,30,0),(7988,102,0),(7988,27,0),(7988,28,0),(7988,438,0),(7991,2,0),(7991,15,0),(7991,146,0),(7991,24,0),(7991,30,0),(7991,102,0),(7991,27,0),(7991,28,0),(7991,438,0),(7994,2,0),(7994,15,0),(7994,607,0),(7994,24,0),(7994,30,0),(7994,102,0),(7994,27,0),(7994,28,0),(7994,438,0),(7997,2,0),(7997,15,0),(7997,608,0),(7997,24,0),(7997,30,0),(7997,102,0),(7997,113,0),(7997,27,0),(7997,28,0),(7997,438,0),(8000,2,0),(8000,15,0),(8000,609,0),(8000,24,0),(8000,30,0),(8000,102,0),(8000,27,0),(8000,28,0),(8000,438,0),(8003,2,0),(8003,15,0),(8003,610,0),(8003,24,0),(8003,30,0),(8003,102,0),(8003,27,0),(8003,28,0),(8003,438,0),(8006,2,0),(8006,15,0),(8006,575,0),(8006,24,0),(8006,30,0),(8006,102,0),(8006,27,0),(8006,28,0),(8006,438,0),(8009,2,0),(8009,15,0),(8009,584,0),(8009,24,0),(8009,30,0),(8009,102,0),(8009,27,0),(8009,28,0),(8009,438,0),(8012,2,0),(8012,15,0),(8012,611,0),(8012,24,0),(8012,30,0),(8012,102,0),(8012,27,0),(8012,28,0),(8012,438,0),(8015,2,0),(8015,15,0),(8015,585,0),(8015,24,0),(8015,30,0),(8015,102,0),(8015,27,0),(8015,28,0),(8015,438,0),(8018,2,0),(8018,15,0),(8018,576,0),(8018,24,0),(8018,30,0),(8018,102,0),(8018,27,0),(8018,28,0),(8018,438,0),(8021,2,0),(8021,15,0),(8021,612,0),(8021,24,0),(8021,30,0),(8021,102,0),(8021,27,0),(8021,28,0),(8021,438,0),(8024,2,0),(8024,15,0),(8024,613,0),(8024,24,0),(8024,30,0),(8024,102,0),(8024,27,0),(8024,28,0),(8024,438,0),(8027,2,0),(8027,15,0),(8027,557,0),(8027,24,0),(8027,30,0),(8027,102,0),(8027,27,0),(8027,28,0),(8027,438,0),(8030,2,0),(8030,15,0),(8030,610,0),(8030,24,0),(8030,30,0),(8030,102,0),(8030,27,0),(8030,28,0),(8030,438,0),(8033,2,0),(8033,15,0),(8033,564,0),(8033,24,0),(8033,30,0),(8033,102,0),(8033,113,0),(8033,27,0),(8033,28,0),(8033,438,0),(8036,2,0),(8036,15,0),(8036,614,0),(8036,24,0),(8036,30,0),(8036,102,0),(8036,27,0),(8036,28,0),(8036,438,0),(8036,21,0),(8036,158,0),(8036,437,0),(8033,21,0),(8033,158,0),(8033,437,0),(8030,21,0),(8030,158,0),(8030,437,0),(8027,21,0),(8027,158,0),(8027,437,0),(8024,21,0),(8024,158,0),(8024,437,0),(8021,21,0),(8021,158,0),(8021,437,0),(8018,21,0),(8018,158,0),(8018,437,0),(8015,21,0),(8015,158,0),(8015,437,0),(8012,21,0),(8012,158,0),(8012,437,0),(8009,21,0),(8009,158,0),(8009,437,0),(8006,21,0),(8006,158,0),(8006,437,0),(8003,21,0),(8003,158,0),(8003,437,0),(8000,21,0),(8000,158,0),(8000,437,0),(7997,21,0),(7997,158,0),(7997,437,0),(7994,21,0),(7994,158,0),(7994,437,0),(7991,21,0),(7991,158,0),(7991,437,0),(7988,21,0),(7988,158,0),(7988,437,0),(7985,21,0),(7985,158,0),(7985,437,0),(7982,21,0),(7982,158,0),(7982,437,0),(7979,21,0),(7979,158,0),(7979,437,0),(7976,21,0),(7976,158,0),(7976,437,0),(7973,21,0),(7973,158,0),(7973,437,0),(7970,21,0),(7970,158,0),(7970,437,0),(7967,21,0),(7967,158,0),(7967,437,0),(7964,21,0),(7964,158,0),(7964,437,0),(7961,21,0),(7961,158,0),(7961,437,0),(7958,21,0),(7958,158,0),(7958,437,0),(7955,21,0),(7955,158,0),(7955,437,0),(7952,21,0),(7952,158,0),(7952,437,0),(7949,21,0),(7949,158,0),(7949,437,0),(7946,21,0),(7946,158,0),(7946,437,0),(7943,21,0),(7943,158,0),(7943,437,0),(7940,21,0),(7940,158,0),(7940,437,0),(7937,21,0),(7937,158,0),(7937,437,0),(7934,21,0),(7934,158,0),(7934,437,0),(7931,21,0),(7931,158,0),(7931,437,0),(7928,21,0),(7928,158,0),(7928,437,0),(7925,21,0),(7925,158,0),(7925,437,0),(7922,21,0),(7922,158,0),(7922,437,0),(7919,21,0),(7919,158,0),(7919,437,0),(7916,21,0),(7916,158,0),(7916,437,0),(7913,21,0),(7913,158,0),(7913,437,0),(7910,21,0),(7910,158,0),(7910,437,0),(7907,21,0),(7907,158,0),(7907,437,0),(7904,21,0),(7904,158,0),(7904,437,0),(7901,21,0),(7901,158,0),(7901,437,0),(7898,21,0),(7898,158,0),(7898,437,0),(7895,21,0),(7895,158,0),(7895,437,0),(7892,21,0),(7892,158,0),(7892,437,0),(7889,21,0),(7889,158,0),(7889,437,0),(7886,21,0),(7886,158,0),(7886,437,0),(7883,21,0),(7883,158,0),(7883,437,0),(7880,21,0),(7880,158,0),(7880,437,0),(7877,21,0),(7877,158,0),(7877,437,0),(7874,21,0),(7874,158,0),(7874,437,0),(7871,21,0),(7871,158,0),(7871,437,0),(7868,21,0),(7868,158,0),(7868,437,0),(7865,21,0),(7865,158,0),(7865,437,0),(7862,21,0),(7862,158,0),(7862,437,0),(7859,21,0),(7859,158,0),(7859,437,0),(7856,21,0),(7856,158,0),(7856,437,0),(7853,21,0),(7853,158,0),(7853,437,0),(7850,21,0),(7850,158,0),(7850,437,0),(7847,21,0),(7847,158,0),(7847,437,0),(7844,21,0),(7844,158,0),(7844,437,0),(7841,21,0),(7841,158,0),(7841,437,0),(7838,21,0),(7838,158,0),(7838,437,0),(7835,21,0),(7835,158,0),(7835,437,0),(7832,21,0),(7832,158,0),(7832,437,0),(7829,21,0),(7829,158,0),(7829,437,0),(7826,21,0),(7826,158,0),(7826,437,0),(7823,21,0),(7823,158,0),(7823,437,0),(7820,21,0),(7820,158,0),(7820,437,0),(7817,21,0),(7817,158,0),(7817,437,0),(7814,21,0),(7814,158,0),(7814,437,0),(7811,21,0),(7811,158,0),(7811,437,0),(7808,21,0),(7808,158,0),(7808,437,0),(7805,21,0),(7805,158,0),(7805,437,0),(7802,21,0),(7802,158,0),(7802,437,0),(7799,21,0),(7799,158,0),(7799,437,0),(7796,21,0),(7796,158,0),(7796,437,0),(7793,21,0),(7793,158,0),(7793,437,0),(7790,21,0),(7790,158,0),(7790,437,0),(7787,21,0),(7787,158,0),(7787,437,0),(7784,21,0),(7784,158,0),(7784,437,0),(7781,21,0),(7781,158,0),(7781,437,0),(7778,21,0),(7778,158,0),(7778,437,0),(7775,21,0),(7775,158,0),(7775,437,0),(7772,21,0),(7772,158,0),(7772,437,0),(7769,21,0),(7769,158,0),(7769,437,0),(7766,21,0),(7766,158,0),(7766,437,0),(7763,21,0),(7763,158,0),(7763,437,0),(7760,21,0),(7760,158,0),(7760,437,0),(7757,21,0),(7757,158,0),(7757,437,0),(7754,21,0),(7754,158,0),(7754,437,0),(7751,21,0),(7751,158,0),(7751,437,0),(7748,21,0),(7748,158,0),(7748,437,0),(7745,21,0),(7745,158,0),(7745,437,0),(7742,21,0),(7742,158,0),(7742,437,0),(7739,21,0),(7739,158,0),(7739,437,0),(7736,21,0),(7736,158,0),(7736,437,0),(7733,21,0),(7733,158,0),(7733,437,0),(7730,21,0),(7730,158,0),(7730,437,0),(7727,21,0),(7727,158,0),(7727,437,0),(7724,21,0),(7724,158,0),(7724,437,0),(7721,21,0),(7721,158,0),(7721,437,0),(7718,21,0),(7718,158,0),(7718,437,0),(7715,21,0),(7715,158,0),(7715,437,0),(7712,21,0),(7712,158,0),(7712,437,0),(7709,21,0),(7709,158,0),(7709,437,0),(7706,21,0),(7706,158,0),(7706,437,0),(7703,21,0),(7703,158,0),(7703,437,0),(7700,21,0),(7700,158,0),(7700,437,0),(7697,21,0),(7697,158,0),(7697,437,0),(7694,21,0),(7694,158,0),(7694,437,0),(7691,21,0),(7691,158,0),(7691,437,0),(7688,21,0),(7688,158,0),(7688,437,0),(7685,21,0),(7685,158,0),(7685,437,0),(7682,21,0),(7682,158,0),(7682,437,0),(7679,21,0),(7679,158,0),(7679,437,0),(7676,21,0),(7676,158,0),(7676,437,0),(7673,21,0),(7673,158,0),(7673,437,0),(7670,21,0),(7670,158,0),(7670,437,0),(7667,21,0),(7667,158,0),(7667,437,0),(7664,21,0),(7664,158,0),(7664,437,0),(7661,21,0),(7661,158,0),(7661,437,0),(7658,21,0),(7658,158,0),(7658,437,0),(7652,21,0),(7652,158,0),(7652,437,0),(7649,21,0),(7649,158,0),(7649,437,0),(7646,21,0),(7646,158,0),(7646,437,0),(7643,21,0),(7643,158,0),(7643,437,0),(7640,21,0),(7640,158,0),(7640,437,0),(8044,22,0),(8044,615,0),(8044,24,0),(8044,486,0),(8044,102,0),(8044,440,0),(8044,27,0),(8044,28,0),(8044,2,0),(8044,21,0),(8044,158,0),(8044,437,0),(8048,22,0),(8048,543,0),(8048,24,0),(8048,30,0),(8048,102,0),(8048,27,0),(8048,28,0),(8048,2,0),(8048,21,0),(8048,158,0),(8048,437,0),(8048,438,0),(8059,22,0),(8059,617,0),(8059,101,0),(8059,30,0),(8059,618,0),(8059,440,0),(8059,27,0),(8059,28,0),(8059,2,0),(8059,21,0),(8062,22,0),(8062,619,0),(8062,101,0),(8062,30,0),(8062,620,0),(8062,440,0),(8062,27,0),(8062,28,0),(8062,2,0),(8065,22,0),(8065,616,0),(8065,101,0),(8065,30,0),(8065,408,0),(8065,440,0),(8065,27,0),(8065,28,0),(8065,2,0),(8068,22,0),(8068,621,0),(8068,101,0),(8068,30,0),(8068,620,0),(8068,440,0),(8068,27,0),(8068,28,0),(8068,2,0),(8071,22,0),(8071,622,0),(8071,101,0),(8071,30,0),(8071,411,0),(8071,440,0),(8071,27,0),(8071,28,0),(8071,2,0),(8074,22,0),(8074,623,0),(8074,101,0),(8074,30,0),(8074,620,0),(8074,440,0),(8074,27,0),(8074,28,0),(8074,2,0),(8077,22,0),(8077,624,0),(8077,101,0),(8077,30,0),(8077,625,0),(8077,440,0),(8077,27,0),(8077,28,0),(8077,2,0),(8080,22,0),(8080,626,0),(8080,101,0),(8080,30,0),(8080,411,0),(8080,440,0),(8080,27,0),(8080,28,0),(8080,2,0),(8083,22,0),(8083,627,0),(8083,101,0),(8083,30,0),(8083,618,0),(8083,440,0),(8083,27,0),(8083,28,0),(8083,2,0),(8086,22,0),(8086,628,0),(8086,101,0),(8086,30,0),(8086,618,0),(8086,440,0),(8086,27,0),(8086,28,0),(8086,2,0),(8089,22,0),(8089,629,0),(8089,101,0),(8089,30,0),(8089,620,0),(8089,440,0),(8089,27,0),(8089,28,0),(8089,2,0),(8092,22,0),(8092,630,0),(8092,101,0),(8092,30,0),(8092,620,0),(8092,440,0),(8092,27,0),(8092,28,0),(8092,2,0),(8095,22,0),(8095,631,0),(8095,101,0),(8095,30,0),(8095,618,0),(8095,440,0),(8095,27,0),(8095,28,0),(8095,2,0),(8098,22,0),(8098,632,0),(8098,101,0),(8098,30,0),(8098,620,0),(8098,440,0),(8098,27,0),(8098,28,0),(8098,2,0),(8101,22,0),(8101,633,0),(8101,101,0),(8101,30,0),(8101,618,0),(8101,440,0),(8101,27,0),(8101,28,0),(8101,2,0),(8104,22,0),(8104,634,0),(8104,101,0),(8104,30,0),(8104,408,0),(8104,440,0),(8104,27,0),(8104,28,0),(8104,2,0),(8107,22,0),(8107,635,0),(8107,101,0),(8107,30,0),(8107,618,0),(8107,440,0),(8107,27,0),(8107,28,0),(8107,2,0),(8110,22,0),(8110,636,0),(8110,101,0),(8110,30,0),(8110,620,0),(8110,440,0),(8110,27,0),(8110,28,0),(8110,2,0),(8110,21,0),(8107,21,0),(8104,21,0),(8101,21,0),(8098,21,0),(8095,21,0),(8092,21,0),(8089,21,0),(8086,21,0),(8083,21,0),(8080,21,0),(8077,21,0),(8074,21,0),(8071,21,0),(8068,21,0),(8065,21,0),(8062,21,0),(8110,153,0),(8110,437,0),(8110,438,0),(8110,637,0),(8110,638,0),(8107,153,0),(8107,437,0),(8107,438,0),(8107,637,0),(8107,638,0),(8104,153,0),(8104,437,0),(8104,438,0),(8104,637,0),(8104,638,0),(8101,153,0),(8101,437,0),(8101,438,0),(8101,637,0),(8101,638,0),(8098,153,0),(8098,437,0),(8098,438,0),(8098,637,0),(8098,638,0),(8095,153,0),(8095,437,0),(8095,438,0),(8095,637,0),(8095,638,0),(8092,153,0),(8092,437,0),(8092,438,0),(8092,637,0),(8092,638,0),(8089,153,0),(8089,437,0),(8089,438,0),(8089,637,0),(8089,638,0),(8086,153,0),(8086,437,0),(8086,438,0),(8086,637,0),(8086,638,0),(8083,153,0),(8083,437,0),(8083,438,0),(8083,637,0),(8083,638,0),(8080,153,0),(8080,437,0),(8080,438,0),(8080,637,0),(8080,638,0),(8077,153,0),(8077,437,0),(8077,438,0),(8077,637,0),(8077,638,0),(8074,153,0),(8074,437,0),(8074,438,0),(8074,637,0),(8074,638,0),(8071,153,0),(8071,437,0),(8071,438,0),(8071,637,0),(8071,638,0),(8068,153,0),(8068,437,0),(8068,438,0),(8068,637,0),(8068,638,0),(8065,153,0),(8065,437,0),(8065,438,0),(8065,637,0),(8065,638,0),(8062,153,0),(8062,437,0),(8062,438,0),(8062,637,0),(8062,638,0),(8059,153,0),(8059,437,0),(8059,438,0),(8059,637,0),(8059,638,0),(8223,377,0),(8244,22,0),(8244,639,0),(8244,101,0),(8244,25,0),(8244,640,0),(8244,641,0),(8244,27,0),(8244,28,0),(8247,435,0),(8244,21,0),(8247,22,0),(8247,416,0),(8247,101,0),(8247,25,0),(8247,640,0),(8247,641,0),(8247,27,0),(8247,28,0),(8247,21,0),(8250,22,0),(8250,642,0),(8250,101,0),(8250,25,0),(8250,640,0),(8250,641,0),(8250,27,0),(8250,28,0),(8250,2,0),(8253,22,0),(8253,643,0),(8253,101,0),(8253,25,0),(8253,640,0),(8253,641,0),(8253,27,0),(8253,28,0),(8253,2,0),(8256,22,0),(8256,644,0),(8256,101,0),(8256,25,0),(8256,640,0),(8256,645,0),(8256,27,0),(8256,28,0),(8256,2,0),(8259,22,0),(8259,431,0),(8259,101,0),(8259,25,0),(8259,640,0),(8259,645,0),(8259,27,0),(8259,28,0),(8259,2,0),(8259,21,0),(8256,21,0),(8253,21,0),(8250,21,0),(8262,22,0),(8262,646,0),(8262,101,0),(8262,25,0),(8262,640,0),(8262,645,0),(8262,27,0),(8262,28,0),(8262,2,0),(8265,22,0),(8265,647,0),(8265,101,0),(8265,25,0),(8265,640,0),(8265,645,0),(8265,27,0),(8265,28,0),(8265,2,0),(8268,22,0),(8268,425,0),(8268,101,0),(8268,25,0),(8268,640,0),(8268,645,0),(8268,27,0),(8268,28,0),(8268,2,0),(8268,21,0),(8265,21,0),(8262,21,0),(8271,22,0),(8271,648,0),(8271,101,0),(8271,25,0),(8271,640,0),(8271,645,0),(8271,27,0),(8271,28,0),(8271,2,0),(8271,21,0),(8274,22,0),(8274,643,0),(8274,101,0),(8274,25,0),(8274,640,0),(8274,645,0),(8274,27,0),(8274,28,0),(8274,2,0),(8277,22,0),(8277,428,0),(8277,101,0),(8277,25,0),(8277,640,0),(8277,645,0),(8277,27,0),(8277,28,0),(8277,2,0),(8280,22,0),(8280,429,0),(8280,101,0),(8280,25,0),(8280,640,0),(8280,645,0),(8280,27,0),(8280,28,0),(8280,2,0),(8283,22,0),(8283,649,0),(8283,101,0),(8283,25,0),(8283,640,0),(8283,650,0),(8283,27,0),(8283,28,0),(8283,2,0),(8286,22,0),(8286,651,0),(8286,101,0),(8286,25,0),(8286,640,0),(8286,650,0),(8286,27,0),(8286,28,0),(8286,2,0),(8289,22,0),(8289,652,0),(8289,101,0),(8289,25,0),(8289,640,0),(8289,650,0),(8289,27,0),(8289,28,0),(8289,2,0),(8292,22,0),(8292,653,0),(8292,101,0),(8292,25,0),(8292,640,0),(8292,654,0),(8292,27,0),(8292,28,0),(8292,2,0),(8295,22,0),(8295,426,0),(8295,101,0),(8295,25,0),(8295,640,0),(8295,654,0),(8295,27,0),(8295,28,0),(8295,2,0),(8298,22,0),(8298,429,0),(8298,101,0),(8298,25,0),(8298,640,0),(8298,654,0),(8298,27,0),(8298,28,0),(8298,2,0),(8301,22,0),(8301,655,0),(8301,101,0),(8301,25,0),(8301,640,0),(8301,654,0),(8301,27,0),(8301,28,0),(8301,2,0),(8301,21,0),(8298,21,0),(8295,21,0),(8292,21,0),(8289,21,0),(8286,21,0),(8283,21,0),(8280,21,0),(8277,21,0),(8274,21,0),(8304,22,0),(8304,639,0),(8304,101,0),(8304,25,0),(8304,640,0),(8304,645,0),(8304,27,0),(8304,28,0),(8304,2,0),(8301,153,0),(8301,437,0),(8301,438,0),(8298,153,0),(8298,437,0),(8298,438,0),(8295,153,0),(8295,437,0),(8295,438,0),(8292,153,0),(8292,437,0),(8292,438,0),(8289,153,0),(8289,437,0),(8289,438,0),(8286,153,0),(8286,437,0),(8286,438,0),(8283,153,0),(8283,437,0),(8283,438,0),(8280,153,0),(8280,437,0),(8280,438,0),(8277,153,0),(8277,437,0),(8277,438,0),(8274,153,0),(8274,437,0),(8274,438,0),(8271,153,0),(8271,437,0),(8271,438,0),(8268,153,0),(8268,437,0),(8268,438,0),(8265,153,0),(8265,437,0),(8265,438,0),(8262,153,0),(8262,437,0),(8262,438,0),(8259,153,0),(8259,437,0),(8259,438,0),(8256,153,0),(8256,437,0),(8256,438,0),(8253,153,0),(8253,437,0),(8253,438,0),(8250,153,0),(8250,437,0),(8250,438,0),(8247,153,0),(8247,437,0),(8247,438,0),(8244,153,0),(8244,437,0),(8244,438,0),(8304,21,0),(8304,153,0),(8304,437,0),(8304,438,0),(8244,16,0),(8247,16,0),(8244,435,0),(8334,22,0),(8334,667,0),(8334,35,0),(8334,30,0),(8334,54,0),(8334,668,0),(8334,27,0),(8334,28,0),(8334,2,0),(8337,22,0),(8337,669,0),(8337,35,0),(8337,30,0),(8337,54,0),(8337,668,0),(8337,27,0),(8337,28,0),(8337,2,0),(8340,22,0),(8340,670,0),(8340,35,0),(8340,30,0),(8340,54,0),(8340,668,0),(8340,27,0),(8340,28,0),(8340,2,0),(8343,22,0),(8343,671,0),(8343,92,0),(8343,30,0),(8343,54,0),(8343,672,0),(8343,27,0),(8343,28,0),(8343,2,0),(8346,22,0),(8346,673,0),(8346,35,0),(8346,486,0),(8346,54,0),(8346,674,0),(8346,27,0),(8346,28,0),(8346,2,0),(8349,22,0),(8349,132,0),(8349,35,0),(8349,30,0),(8349,54,0),(8349,668,0),(8349,27,0),(8349,28,0),(8349,2,0),(8352,22,0),(8352,675,0),(8352,35,0),(8352,30,0),(8352,54,0),(8352,668,0),(8352,27,0),(8352,28,0),(8352,2,0),(8355,22,0),(8355,676,0),(8355,35,0),(8355,30,0),(8355,54,0),(8355,672,0),(8355,27,0),(8355,28,0),(8355,2,0),(8358,22,0),(8358,677,0),(8358,35,0),(8358,30,0),(8358,54,0),(8358,668,0),(8358,27,0),(8358,28,0),(8358,2,0),(8361,22,0),(8361,678,0),(8361,35,0),(8361,30,0),(8361,54,0),(8361,668,0),(8361,27,0),(8361,28,0),(8361,2,0),(8364,22,0),(8364,679,0),(8364,35,0),(8364,30,0),(8364,54,0),(8364,668,0),(8364,27,0),(8364,28,0),(8364,2,0),(8367,22,0),(8367,680,0),(8367,35,0),(8367,30,0),(8367,54,0),(8367,668,0),(8367,27,0),(8367,28,0),(8367,2,0),(8370,22,0),(8370,681,0),(8370,35,0),(8370,30,0),(8370,54,0),(8370,668,0),(8370,27,0),(8370,28,0),(8370,2,0),(8370,21,0),(8367,21,0),(8364,21,0),(8361,21,0),(8358,21,0),(8355,21,0),(8352,21,0),(8349,21,0),(8346,21,0),(8343,21,0),(8340,21,0),(8337,21,0),(8334,21,0),(8373,22,0),(8373,682,0),(8373,35,0),(8373,30,0),(8373,54,0),(8373,668,0),(8373,27,0),(8373,28,0),(8373,2,0),(8376,22,0),(8376,683,0),(8376,35,0),(8376,30,0),(8376,54,0),(8376,668,0),(8376,27,0),(8376,28,0),(8376,2,0),(8379,22,0),(8379,684,0),(8379,35,0),(8379,30,0),(8379,54,0),(8379,668,0),(8379,27,0),(8379,28,0),(8379,2,0),(8382,22,0),(8382,685,0),(8382,35,0),(8382,30,0),(8382,54,0),(8382,668,0),(8382,27,0),(8382,28,0),(8382,2,0),(8385,22,0),(8385,686,0),(8385,35,0),(8385,30,0),(8385,54,0),(8385,672,0),(8385,27,0),(8385,28,0),(8385,2,0),(8385,21,0),(8382,21,0),(8379,21,0),(8376,21,0),(8373,21,0),(8388,22,0),(8388,687,0),(8388,35,0),(8388,30,0),(8388,54,0),(8388,668,0),(8388,27,0),(8388,28,0),(8388,2,0),(8388,21,0),(8391,22,0),(8391,688,0),(8391,35,0),(8391,30,0),(8391,54,0),(8391,668,0),(8391,27,0),(8391,28,0),(8391,2,0),(8394,22,0),(8394,689,0),(8394,35,0),(8394,30,0),(8394,54,0),(8394,668,0),(8394,27,0),(8394,28,0),(8394,2,0),(8397,22,0),(8397,690,0),(8397,35,0),(8397,30,0),(8397,54,0),(8397,668,0),(8397,27,0),(8397,28,0),(8397,2,0),(8400,22,0),(8400,691,0),(8400,35,0),(8400,30,0),(8400,54,0),(8400,668,0),(8400,27,0),(8400,28,0),(8400,2,0),(8403,22,0),(8403,692,0),(8403,35,0),(8403,30,0),(8403,54,0),(8403,668,0),(8403,27,0),(8403,28,0),(8403,2,0),(8406,22,0),(8406,693,0),(8406,35,0),(8406,30,0),(8406,54,0),(8406,668,0),(8406,27,0),(8406,28,0),(8406,2,0),(8409,22,0),(8409,694,0),(8409,35,0),(8409,486,0),(8409,54,0),(8409,672,0),(8409,27,0),(8409,28,0),(8409,2,0),(8412,22,0),(8412,695,0),(8412,35,0),(8412,30,0),(8412,54,0),(8412,668,0),(8412,27,0),(8412,28,0),(8412,2,0),(8415,22,0),(8415,696,0),(8415,35,0),(8415,30,0),(8415,54,0),(8415,668,0),(8415,27,0),(8415,28,0),(8415,2,0),(8418,22,0),(8418,697,0),(8418,35,0),(8418,30,0),(8418,54,0),(8418,668,0),(8418,27,0),(8418,28,0),(8418,2,0),(8421,22,0),(8421,698,0),(8421,35,0),(8421,30,0),(8421,54,0),(8421,668,0),(8421,27,0),(8421,28,0),(8421,2,0),(8424,22,0),(8424,699,0),(8424,35,0),(8424,486,0),(8424,54,0),(8424,672,0),(8424,27,0),(8424,28,0),(8424,2,0),(8424,21,0),(8421,21,0),(8418,21,0),(8415,21,0),(8412,21,0),(8409,21,0),(8406,21,0),(8403,21,0),(8400,21,0),(8397,21,0),(8394,21,0),(8391,21,0),(8427,22,0),(8427,700,0),(8427,35,0),(8427,30,0),(8427,54,0),(8427,668,0),(8427,27,0),(8427,28,0),(8427,2,0),(8430,22,0),(8430,700,0),(8430,35,0),(8430,30,0),(8430,54,0),(8430,672,0),(8430,27,0),(8430,28,0),(8430,2,0),(8433,22,0),(8433,701,0),(8433,35,0),(8433,30,0),(8433,54,0),(8433,672,0),(8433,27,0),(8433,28,0),(8433,2,0),(8436,22,0),(8436,702,0),(8436,35,0),(8436,30,0),(8436,54,0),(8436,668,0),(8436,27,0),(8436,28,0),(8436,2,0),(8439,22,0),(8439,694,0),(8439,35,0),(8439,30,0),(8439,54,0),(8439,668,0),(8439,27,0),(8439,28,0),(8439,2,0),(8442,22,0),(8442,703,0),(8442,35,0),(8442,30,0),(8442,54,0),(8442,672,0),(8442,27,0),(8442,28,0),(8442,2,0),(8447,22,0),(8447,704,0),(8447,35,0),(8447,30,0),(8447,54,0),(8447,668,0),(8447,27,0),(8447,28,0),(8447,2,0),(8450,22,0),(8450,705,0),(8450,35,0),(8450,486,0),(8450,54,0),(8450,668,0),(8450,27,0),(8450,28,0),(8450,2,0),(8450,21,0),(8447,21,0),(8442,21,0),(8439,21,0),(8436,21,0),(8433,21,0),(8430,21,0),(8427,21,0),(8453,22,0),(8453,706,0),(8453,35,0),(8453,30,0),(8453,54,0),(8453,672,0),(8453,27,0),(8453,28,0),(8453,2,0),(8456,22,0),(8456,707,0),(8456,35,0),(8456,30,0),(8456,54,0),(8456,672,0),(8456,27,0),(8456,28,0),(8456,2,0),(8459,22,0),(8459,708,0),(8459,35,0),(8459,30,0),(8459,54,0),(8459,668,0),(8459,27,0),(8459,28,0),(8459,2,0),(8462,22,0),(8462,709,0),(8462,35,0),(8462,30,0),(8462,54,0),(8462,710,0),(8462,27,0),(8462,28,0),(8462,2,0),(8465,22,0),(8465,711,0),(8465,35,0),(8465,30,0),(8465,54,0),(8465,712,0),(8465,27,0),(8465,28,0),(8465,2,0),(8468,22,0),(8468,713,0),(8468,35,0),(8468,30,0),(8468,54,0),(8468,668,0),(8468,27,0),(8468,28,0),(8468,2,0),(8468,21,0),(8465,21,0),(8462,21,0),(8459,21,0),(8456,21,0),(8453,21,0),(8468,154,0),(8468,437,0),(8468,438,0),(8465,154,0),(8465,437,0),(8465,438,0),(8462,154,0),(8462,437,0),(8462,438,0),(8459,154,0),(8459,437,0),(8459,438,0),(8456,154,0),(8456,437,0),(8456,438,0),(8453,154,0),(8453,437,0),(8453,438,0),(8450,154,0),(8450,437,0),(8450,438,0),(8447,154,0),(8447,437,0),(8447,438,0),(8442,154,0),(8442,437,0),(8442,438,0),(8439,154,0),(8439,437,0),(8439,438,0),(8436,154,0),(8436,437,0),(8436,438,0),(8433,154,0),(8433,437,0),(8433,438,0),(8430,154,0),(8430,437,0),(8430,438,0),(8427,154,0),(8427,437,0),(8427,438,0),(8424,154,0),(8424,437,0),(8424,438,0),(8421,154,0),(8421,437,0),(8421,438,0),(8418,154,0),(8418,437,0),(8418,438,0),(8415,154,0),(8415,437,0),(8415,438,0),(8412,154,0),(8412,437,0),(8412,438,0),(8409,154,0),(8409,437,0),(8409,438,0),(8406,154,0),(8406,437,0),(8406,438,0),(8403,154,0),(8403,437,0),(8403,438,0),(8400,154,0),(8400,437,0),(8400,438,0),(8397,154,0),(8397,437,0),(8397,438,0),(8394,154,0),(8394,437,0),(8394,438,0),(8391,154,0),(8391,437,0),(8391,438,0),(8388,154,0),(8388,437,0),(8388,438,0),(8385,154,0),(8385,437,0),(8385,438,0),(8382,154,0),(8382,437,0),(8382,438,0),(8379,154,0),(8379,437,0),(8379,438,0),(8376,154,0),(8376,437,0),(8376,438,0),(8373,154,0),(8373,437,0),(8373,438,0),(8370,154,0),(8370,437,0),(8370,438,0),(8367,154,0),(8367,437,0),(8367,438,0),(8364,154,0),(8364,437,0),(8364,438,0),(8361,154,0),(8361,437,0),(8361,438,0),(8358,154,0),(8358,437,0),(8358,438,0),(8355,154,0),(8355,437,0),(8355,438,0),(8352,154,0),(8352,437,0),(8352,438,0),(8349,154,0),(8349,437,0),(8349,438,0),(8346,154,0),(8346,437,0),(8346,438,0),(8343,154,0),(8343,437,0),(8343,438,0),(8340,154,0),(8340,437,0),(8340,438,0),(8337,154,0),(8337,437,0),(8337,438,0),(8334,154,0),(8334,437,0),(8334,438,0),(7283,715,0),(8537,2,0),(8537,15,0),(8544,20,0),(8574,716,0),(8574,2,0),(8575,2,0),(8591,2,0),(8591,15,0),(8592,2,0),(8596,2,0),(8596,15,0),(8597,2,0);

--
-- Table structure for table `wppo_term_taxonomy`
--

CREATE TABLE `wppo_term_taxonomy` (
  `term_taxonomy_id` bigint(20) unsigned NOT NULL AUTO_INCREMENT,
  `term_id` bigint(20) unsigned NOT NULL DEFAULT 0,
  `taxonomy` varchar(32) NOT NULL DEFAULT '',
  `description` longtext NOT NULL,
  `parent` bigint(20) unsigned NOT NULL DEFAULT 0,
  `count` bigint(20) NOT NULL DEFAULT 0,
  PRIMARY KEY (`term_taxonomy_id`),
  UNIQUE KEY `term_id_taxonomy` (`term_id`,`taxonomy`),
  KEY `taxonomy` (`taxonomy`)
) ENGINE=MyISAM AUTO_INCREMENT=717 DEFAULT CHARSET=utf8mb4 COLLATE=utf8mb4_unicode_520_ci;

--
-- Dumping data for table `wppo_term_taxonomy`
--

INSERT INTO `wppo_term_taxonomy` VALUES (1,1,'category','',0,0),(2,2,'product_type','',0,416),(3,3,'product_type','',0,0),(4,4,'product_type','',0,0),(5,5,'product_type','',0,0),(6,6,'product_visibility','',0,0),(7,7,'product_visibility','',0,0),(8,8,'product_visibility','',0,0),(9,9,'product_visibility','',0,0),(10,10,'product_visibility','',0,0),(11,11,'product_visibility','',0,0),(12,12,'product_visibility','',0,0),(13,13,'product_visibility','',0,0),(14,14,'product_visibility','',0,0),(15,15,'product_cat','',0,239),(16,16,'product_type','',0,5),(17,17,'giftcard-category','Select this category in your gift card product if you do not want to display images in your gift card gallery',0,0),(18,18,'giftcard-category','Select this category in your gift card product if you want to display all the images categories in your gift card gallery',0,0),(19,19,'wp_theme','',0,1),(20,20,'nav_menu','',0,15),(21,21,'product_cat','',0,418),(22,22,'product_cat','',21,180),(23,23,'product_tag','',0,1),(24,24,'product_tag','',0,285),(25,25,'product_tag','',0,129),(26,26,'product_tag','',0,78),(27,27,'product_tag','',0,419),(28,28,'product_tag','',0,419),(29,29,'product_tag','',0,2),(30,30,'product_tag','',0,282),(31,31,'product_tag','',0,8),(32,32,'product_tag','',0,1),(33,33,'product_tag','',0,2),(34,34,'product_tag','',0,1),(35,35,'product_tag','',0,58),(36,36,'product_tag','',0,2),(37,37,'product_tag','',0,2),(38,38,'product_tag','',0,2),(39,39,'product_tag','',0,5),(40,40,'product_tag','',0,2),(41,41,'product_tag','',0,2),(42,42,'product_tag','',0,7),(43,43,'product_tag','',0,2),(44,44,'product_tag','',0,6),(45,45,'product_tag','',0,2),(46,46,'product_tag','',0,1),(47,47,'product_tag','',0,1),(48,48,'product_tag','',0,1),(49,49,'product_tag','',0,1),(50,50,'product_tag','',0,1),(51,51,'product_tag','',0,2),(52,52,'product_tag','',0,1),(53,53,'product_tag','',0,1),(54,54,'product_tag','',0,54),(55,55,'product_tag','',0,1),(56,56,'product_tag','',0,2),(57,57,'product_tag','',0,2),(58,58,'product_tag','',0,1),(59,59,'product_tag','',0,4),(60,60,'product_tag','',0,1),(61,61,'product_tag','',0,2),(62,62,'product_tag','',0,11),(63,63,'product_tag','',0,2),(64,64,'product_tag','',0,1),(65,65,'product_tag','',0,1),(66,66,'product_tag','',0,1),(67,67,'product_tag','',0,2),(68,68,'product_tag','',0,2),(69,69,'product_tag','',0,1),(70,70,'product_tag','',0,1),(71,71,'product_tag','',0,2),(72,72,'product_tag','',0,1),(73,73,'product_tag','',0,2),(74,74,'product_tag','',0,2),(75,75,'product_tag','',0,1),(76,76,'product_tag','',0,1),(77,77,'product_tag','',0,5),(78,78,'product_tag','',0,1),(79,79,'product_tag','',0,2),(80,80,'product_tag','',0,1),(81,81,'product_tag','',0,2),(82,82,'product_tag','',0,6),(83,83,'product_tag','',0,1),(84,84,'product_tag','',0,1),(85,85,'product_tag','',0,8),(86,86,'product_tag','',0,2),(87,87,'product_tag','',0,1),(88,88,'product_tag','',0,2),(89,89,'product_tag','',0,2),(90,90,'product_tag','',0,1),(91,91,'product_tag','',0,1),(92,92,'product_tag','',0,14),(93,93,'product_tag','',0,13),(94,94,'product_tag','',0,2),(95,95,'product_tag','',0,1),(96,96,'product_tag','',0,1),(97,97,'product_tag','',0,1),(98,98,'product_tag','',0,1),(99,99,'product_tag','',0,1),(100,100,'product_tag','',0,1),(101,101,'product_tag','',0,62),(102,102,'product_tag','',0,186),(103,103,'product_tag','',0,1),(104,104,'product_tag','',0,1),(105,105,'product_tag','',0,1),(106,106,'product_tag','',0,1),(107,107,'product_tag','',0,1),(108,108,'product_tag','',0,1),(109,109,'product_tag','',0,1),(110,110,'product_tag','',0,1),(111,111,'product_tag','',0,1),(112,112,'product_tag','',0,1),(113,113,'product_tag','',0,9),(114,114,'product_tag','',0,1),(115,115,'product_tag','',0,1),(116,116,'product_tag','',0,1),(117,117,'product_tag','',0,1),(118,118,'product_tag','',0,2),(119,119,'product_tag','',0,2),(120,120,'product_tag','',0,1),(121,121,'product_tag','',0,1),(122,122,'product_tag','',0,0),(123,123,'product_tag','',0,1),(124,124,'product_tag','',0,1),(125,125,'product_tag','',0,1),(126,126,'product_tag','',0,1),(127,127,'product_tag','',0,3),(128,128,'product_tag','',0,1),(129,129,'product_tag','',0,1),(130,130,'product_tag','',0,1),(131,131,'product_tag','',0,2),(132,132,'product_tag','',0,2),(133,133,'product_tag','',0,1),(134,134,'product_tag','',0,2),(135,135,'product_tag','',0,1),(136,136,'product_tag','',0,1),(137,137,'product_tag','',0,1),(138,138,'product_tag','',0,1),(139,139,'product_tag','',0,1),(140,140,'product_tag','',0,1),(141,141,'product_tag','',0,2),(142,142,'product_tag','',0,2),(143,143,'product_tag','',0,1),(144,144,'product_tag','',0,1),(145,145,'product_tag','',0,1),(146,146,'product_tag','',0,2),(147,147,'product_tag','',0,1),(148,148,'product_tag','',0,1),(149,149,'product_tag','',0,1),(150,150,'product_tag','',0,1),(151,151,'product_tag','',0,1),(152,152,'product_tag','',0,30),(153,153,'product_cat','',21,74),(154,154,'product_cat','',21,55),(155,155,'product_cat','',21,89),(156,156,'product_cat','',21,0),(157,157,'product_cat','',21,6),(158,158,'product_cat','',21,194),(159,159,'product_tag','',0,46),(160,160,'product_tag','',0,22),(161,161,'product_tag','',0,0),(391,391,'product_tag','',0,1),(162,162,'category','',0,0),(163,163,'category','',0,0),(164,164,'category','',0,0),(165,165,'category','',0,0),(166,166,'category','',0,0),(167,167,'post_tag','',0,0),(168,168,'post_tag','',0,0),(169,169,'post_tag','',0,0),(170,170,'post_tag','',0,0),(171,171,'post_tag','',0,0),(172,172,'post_tag','',0,0),(173,173,'post_tag','',0,0),(174,174,'post_tag','',0,0),(175,175,'post_tag','',0,0),(176,176,'post_tag','',0,0),(177,177,'post_tag','',0,0),(178,178,'product_tag','',0,0),(179,179,'product_tag','',0,0),(180,180,'product_tag','',0,0),(181,181,'product_tag','',0,0),(182,182,'product_tag','',0,0),(183,183,'product_tag','',0,0),(184,184,'product_tag','',0,0),(185,185,'product_tag','',0,0),(186,186,'product_tag','',0,0),(187,187,'product_tag','',0,0),(188,188,'product_tag','',0,0),(189,189,'product_tag','',0,0),(190,190,'product_tag','',0,0),(191,191,'product_tag','',0,0),(192,192,'product_tag','',0,0),(193,193,'product_tag','',0,0),(194,194,'product_tag','',0,0),(195,195,'product_tag','',0,0),(196,196,'product_tag','',0,0),(197,197,'product_tag','',0,0),(198,198,'product_tag','',0,0),(199,199,'product_tag','',0,0),(200,200,'product_tag','',0,0),(201,201,'product_tag','',0,0),(202,202,'product_cat','',0,0),(203,203,'product_tag','',0,0),(204,204,'product_tag','',0,0),(205,205,'product_tag','',0,0),(206,206,'product_tag','',0,0),(207,207,'product_tag','',0,0),(208,208,'product_tag','',0,0),(209,209,'product_tag','',0,0),(210,210,'product_tag','',0,0),(211,211,'product_tag','',0,0),(212,212,'product_tag','',0,0),(213,213,'product_tag','',0,0),(214,214,'product_tag','',0,0),(215,215,'product_tag','',0,0),(216,216,'product_tag','',0,0),(217,217,'product_tag','',0,0),(218,218,'product_tag','',0,0),(219,219,'product_tag','',0,0),(220,220,'product_tag','',0,0),(221,221,'product_tag','',0,0),(222,222,'product_tag','',0,0),(223,223,'product_tag','',0,0),(224,224,'product_tag','',0,0),(225,225,'product_tag','',0,0),(226,226,'product_tag','',0,0),(227,227,'product_tag','',0,0),(228,228,'product_tag','',0,0),(229,229,'product_tag','',0,0),(230,230,'product_tag','',0,0),(231,231,'product_tag','',0,0),(232,232,'product_tag','',0,0),(233,233,'product_tag','',0,0),(234,234,'product_tag','',0,0),(235,235,'product_tag','',0,0),(236,236,'product_tag','',0,0),(237,237,'product_tag','',0,0),(238,238,'product_tag','',0,0),(239,239,'product_tag','',0,0),(240,240,'product_tag','',0,0),(241,241,'product_tag','',0,0),(242,242,'product_tag','',0,0),(243,243,'product_tag','',0,0),(244,244,'product_tag','',0,0),(245,245,'product_cat','',0,0),(246,246,'product_tag','',0,0),(247,247,'product_tag','',0,0),(248,248,'product_cat','',0,0),(249,249,'product_tag','',0,0),(250,250,'product_tag','',0,0),(251,251,'product_tag','',0,0),(252,252,'product_tag','',0,0),(253,253,'product_tag','',0,0),(254,254,'product_tag','',0,0),(255,255,'product_tag','',0,0),(256,256,'product_tag','',0,0),(257,257,'product_tag','',0,0),(258,258,'product_tag','',0,0),(259,259,'product_tag','',0,0),(260,260,'product_tag','',0,0),(261,261,'product_tag','',0,0),(262,262,'product_tag','',0,0),(263,263,'product_tag','',0,0),(264,264,'product_tag','',0,0),(265,265,'product_tag','',0,0),(266,266,'product_tag','',0,0),(267,267,'product_tag','',0,0),(268,268,'product_tag','',0,0),(269,269,'product_tag','',0,0),(270,270,'product_tag','',0,0),(271,271,'product_tag','',0,0),(272,272,'product_tag','',0,0),(273,273,'product_tag','',0,0),(274,274,'product_tag','',0,0),(275,275,'product_tag','',0,0),(276,276,'product_tag','',0,0),(277,277,'product_tag','',0,0),(278,278,'product_tag','',0,0),(279,279,'product_tag','',0,0),(280,280,'product_tag','',0,0),(281,281,'product_tag','',0,0),(282,282,'product_tag','',0,0),(283,283,'product_tag','',0,0),(284,284,'product_tag','',0,0),(285,285,'product_tag','',0,0),(286,286,'product_tag','',0,0),(287,287,'product_tag','',0,0),(288,288,'product_tag','',0,0),(289,289,'product_tag','',0,0),(290,290,'product_tag','',0,0),(291,291,'product_tag','',0,0),(292,292,'product_tag','',0,0),(293,293,'product_tag','',0,0),(294,294,'product_tag','',0,0),(295,295,'product_tag','',0,0),(296,296,'product_tag','',0,0),(297,297,'product_tag','',0,0),(298,298,'product_tag','',0,0),(299,299,'product_tag','',0,0),(300,300,'product_tag','',0,0),(301,301,'product_tag','',0,0),(302,302,'product_tag','',0,0),(303,303,'product_tag','',0,0),(304,304,'product_tag','',0,0),(305,305,'product_tag','',0,0),(306,306,'product_tag','',0,0),(307,307,'product_tag','',0,0),(308,308,'product_tag','',0,0),(309,309,'product_tag','',0,0),(310,310,'product_tag','',0,0),(311,311,'product_tag','',0,0),(312,312,'product_tag','',0,0),(313,313,'product_tag','',0,0),(314,314,'product_tag','',0,0),(315,315,'product_tag','',0,0),(316,316,'product_tag','',0,0),(317,317,'product_tag','',0,0),(318,318,'product_tag','',0,0),(319,319,'product_tag','',0,0),(320,320,'product_tag','',0,0),(321,321,'product_tag','',0,0),(322,322,'product_tag','',0,0),(323,323,'product_tag','',0,0),(324,324,'product_tag','',0,0),(325,325,'product_tag','',0,0),(326,326,'product_tag','',0,0),(327,327,'product_tag','',0,0),(328,328,'product_tag','',0,0),(329,329,'product_tag','',0,0),(330,330,'product_tag','',0,0),(331,331,'product_tag','',0,0),(332,332,'product_tag','',0,0),(333,333,'product_tag','',0,0),(334,334,'product_tag','',0,0),(335,335,'product_tag','',0,0),(336,336,'product_tag','',0,0),(337,337,'product_tag','',0,0),(338,338,'product_tag','',0,0),(339,339,'product_tag','',0,0),(340,340,'product_tag','',0,0),(341,341,'product_tag','',0,0),(342,342,'product_tag','',0,0),(343,343,'product_tag','',0,0),(344,344,'product_tag','',0,0),(345,345,'product_tag','',0,0),(346,346,'product_tag','',0,0),(347,347,'product_tag','',0,0),(348,348,'product_tag','',0,0),(349,349,'product_tag','',0,0),(350,350,'product_tag','',0,0),(351,351,'product_tag','',0,0),(352,352,'product_tag','',0,0),(353,353,'product_tag','',0,0),(354,354,'product_tag','',0,0),(355,355,'product_tag','',0,0),(356,356,'product_tag','',0,0),(357,357,'product_tag','',0,0),(358,358,'product_tag','',0,0),(359,359,'product_tag','',0,0),(360,360,'product_tag','',0,0),(361,361,'product_tag','',0,0),(362,362,'product_tag','',0,0),(363,363,'product_tag','',0,0),(364,364,'product_tag','',0,0),(365,365,'product_tag','',0,0),(366,366,'product_tag','',0,0),(367,367,'product_tag','',0,0),(368,368,'product_tag','',0,0),(369,369,'product_tag','',0,0),(370,370,'product_tag','',0,0),(371,371,'product_tag','',0,0),(372,372,'nav_menu','',0,5),(373,373,'nav_menu','',0,4),(374,374,'nav_menu','',0,3),(376,376,'nav_menu','',0,3),(377,377,'nav_menu','',0,8),(378,378,'pa_yr','',0,0),(379,379,'pa_yr','',0,0),(380,380,'pa_yr','',0,0),(381,381,'pa_yr','',0,0),(382,382,'pa_yr','',0,0),(383,383,'pa_autor','',0,0),(384,384,'pa_covtyp','',0,0),(385,385,'pa_covtyp','',0,0),(386,386,'pa_covtyp','',0,0),(387,387,'pa_autor','',0,0),(388,388,'pa_covtyp','',0,0),(389,389,'pa_autor','',0,0),(390,390,'product_cat','',0,3),(392,392,'product_tag','',0,6),(438,438,'product_tag','',0,418),(393,393,'product_tag','',0,1),(394,394,'product_tag','',0,1),(395,395,'product_tag','',0,1),(396,396,'product_tag','',0,1),(397,397,'product_tag','',0,6),(398,398,'product_tag','',0,3),(399,399,'product_tag','',0,1),(400,400,'product_tag','',0,1),(401,401,'product_tag','',0,1),(402,402,'product_tag','',0,3),(403,403,'product_tag','',0,1),(404,404,'product_tag','',0,1),(405,405,'product_tag','',0,1),(406,406,'product_tag','',0,1),(407,407,'product_tag','',0,1),(408,408,'product_tag','',0,3),(409,409,'product_tag','',0,3),(410,410,'product_tag','',0,1),(411,411,'product_tag','',0,4),(412,412,'product_tag','',0,1),(413,413,'product_tag','',0,2),(414,414,'product_tag','',0,10),(415,415,'product_tag','',0,2),(416,416,'product_tag','',0,3),(417,417,'product_tag','',0,1),(418,418,'product_tag','',0,2),(419,419,'product_tag','',0,1),(420,420,'product_cat','',21,6),(421,421,'product_cat','',21,6),(422,422,'product_tag','',0,6),(423,423,'product_tag','',0,6),(424,424,'product_tag','',0,6),(425,425,'product_tag','',0,3),(426,426,'product_tag','',0,2),(427,427,'product_tag','',0,1),(428,428,'product_tag','',0,3),(429,429,'product_tag','',0,4),(430,430,'product_tag','',0,1),(431,431,'product_tag','',0,3),(432,432,'product_tag','',0,1),(433,433,'product_tag','',0,1),(434,434,'yith_wcact_auction_status','',0,0),(435,435,'yith_wcact_auction_status','',0,3),(436,436,'yith_wcact_auction_status','',0,2),(437,437,'product_cat','',21,414),(439,439,'product_tag','',0,1),(440,440,'product_tag','',0,65),(441,441,'product_tag','',0,1),(442,442,'product_tag','',0,1),(443,443,'product_tag','',0,1),(444,444,'product_tag','',0,1),(445,445,'product_tag','',0,1),(446,446,'product_tag','',0,1),(447,447,'product_tag','',0,2),(448,448,'product_tag','',0,1),(449,449,'product_tag','',0,2),(450,450,'product_tag','',0,2),(451,451,'product_tag','',0,2),(452,452,'product_tag','',0,2),(453,453,'product_tag','',0,1),(454,454,'product_tag','',0,1),(455,455,'product_tag','',0,1),(456,456,'product_tag','',0,1),(457,457,'product_tag','',0,2),(458,458,'product_tag','',0,1),(459,459,'product_tag','',0,1),(460,460,'product_tag','',0,1),(461,461,'product_tag','',0,1),(462,462,'product_tag','',0,1),(463,463,'product_tag','',0,1),(464,464,'product_tag','',0,1),(465,465,'product_tag','',0,1),(466,466,'product_tag','',0,1),(467,467,'product_tag','',0,1),(468,468,'product_tag','',0,1),(469,469,'product_tag','',0,1),(470,470,'product_tag','',0,1),(471,471,'product_tag','',0,1),(472,472,'product_tag','',0,1),(473,473,'product_tag','',0,1),(474,474,'product_tag','',0,1),(475,475,'product_tag','',0,1),(476,476,'product_tag','',0,1),(477,477,'product_tag','',0,1),(478,478,'product_tag','',0,1),(479,479,'product_tag','',0,1),(480,480,'product_tag','',0,1),(481,481,'product_tag','',0,0),(482,482,'product_tag','',0,1),(656,656,'product_cat','',21,0),(483,483,'product_tag','',0,2),(484,484,'product_tag','',0,1),(485,485,'product_tag','',0,2),(486,486,'product_tag','',0,6),(487,487,'product_tag','',0,1),(488,488,'product_tag','',0,2),(489,489,'product_tag','',0,2),(490,490,'product_tag','',0,3),(491,491,'product_tag','',0,30),(492,492,'product_tag','',0,1),(493,493,'product_tag','',0,1),(494,494,'product_tag','',0,1),(495,495,'product_tag','',0,1),(496,496,'product_tag','',0,1),(497,497,'product_tag','',0,1),(498,498,'product_tag','',0,1),(499,499,'product_tag','',0,1),(500,500,'product_tag','',0,1),(501,501,'product_tag','',0,1),(502,502,'product_tag','',0,1),(503,503,'product_tag','',0,1),(504,504,'product_tag','',0,2),(505,505,'product_tag','',0,1),(506,506,'product_tag','',0,1),(507,507,'product_tag','',0,1),(508,508,'product_tag','',0,1),(509,509,'product_tag','',0,1),(510,510,'product_tag','',0,2),(511,511,'product_tag','',0,1),(512,512,'product_tag','',0,1),(513,513,'product_tag','',0,1),(514,514,'product_tag','',0,1),(515,515,'product_tag','',0,1),(516,516,'product_tag','',0,1),(517,517,'product_tag','',0,1),(518,518,'product_tag','',0,2),(519,519,'product_tag','',0,1),(520,520,'product_tag','',0,1),(521,521,'product_tag','',0,1),(522,522,'product_tag','',0,2),(523,523,'product_tag','',0,1),(524,524,'product_tag','',0,1),(525,525,'product_tag','',0,1),(526,526,'product_tag','',0,1),(527,527,'product_tag','',0,1),(528,528,'product_tag','',0,1),(529,529,'product_tag','',0,1),(530,530,'product_tag','',0,1),(531,531,'product_tag','',0,2),(532,532,'product_tag','',0,1),(533,533,'product_tag','',0,1),(534,534,'product_tag','',0,1),(535,535,'product_tag','',0,1),(536,536,'product_tag','',0,1),(537,537,'product_tag','',0,1),(538,538,'product_tag','',0,1),(539,539,'product_tag','',0,1),(540,540,'product_tag','',0,1),(541,541,'product_tag','',0,1),(542,542,'product_tag','',0,1),(543,543,'product_tag','',0,2),(544,544,'product_tag','',0,1),(545,545,'product_tag','',0,2),(546,546,'product_tag','',0,2),(547,547,'product_tag','',0,1),(548,548,'product_tag','',0,2),(549,549,'product_tag','',0,1),(550,550,'product_tag','',0,1),(551,551,'product_tag','',0,1),(552,552,'product_tag','',0,1),(553,553,'product_tag','',0,1),(554,554,'product_tag','',0,1),(555,555,'product_tag','',0,1),(556,556,'product_tag','',0,1),(557,557,'product_tag','',0,2),(558,558,'product_tag','',0,2),(559,559,'product_tag','',0,2),(560,560,'product_tag','',0,1),(561,561,'product_tag','',0,1),(562,562,'product_tag','',0,1),(563,563,'product_tag','',0,1),(564,564,'product_tag','',0,2),(565,565,'product_tag','',0,1),(566,566,'product_tag','',0,2),(567,567,'product_tag','',0,1),(568,568,'product_tag','',0,1),(569,569,'product_tag','',0,1),(570,570,'product_tag','',0,1),(571,571,'product_tag','',0,1),(572,572,'product_tag','',0,1),(573,573,'product_tag','',0,1),(574,574,'product_tag','',0,1),(575,575,'product_tag','',0,2),(576,576,'product_tag','',0,2),(577,577,'product_tag','',0,1),(578,578,'product_tag','',0,1),(579,579,'product_tag','',0,1),(580,580,'product_tag','',0,2),(581,581,'product_tag','',0,1),(582,582,'product_tag','',0,1),(583,583,'product_tag','',0,2),(584,584,'product_tag','',0,2),(585,585,'product_tag','',0,2),(586,586,'product_tag','',0,1),(587,587,'product_tag','',0,1),(588,588,'product_tag','',0,1),(589,589,'product_tag','',0,1),(590,590,'product_tag','',0,1),(591,591,'product_tag','',0,1),(592,592,'product_tag','',0,1),(593,593,'product_tag','',0,1),(594,594,'product_tag','',0,1),(595,595,'product_tag','',0,1),(596,596,'product_tag','',0,1),(597,597,'product_tag','',0,2),(598,598,'product_tag','',0,1),(599,599,'product_tag','',0,1),(600,600,'product_tag','',0,1),(601,601,'product_tag','',0,1),(602,602,'product_tag','',0,1),(603,603,'product_tag','',0,1),(604,604,'product_tag','',0,1),(605,605,'product_tag','',0,1),(606,606,'product_tag','',0,1),(607,607,'product_tag','',0,1),(608,608,'product_tag','',0,1),(609,609,'product_tag','',0,1),(610,610,'product_tag','',0,2),(611,611,'product_tag','',0,1),(612,612,'product_tag','',0,1),(613,613,'product_tag','',0,1),(614,614,'product_tag','',0,1),(615,615,'product_tag','',0,1),(616,616,'product_tag','',0,1),(617,617,'product_tag','',0,1),(618,618,'product_tag','',0,6),(619,619,'product_tag','',0,1),(620,620,'product_tag','',0,7),(621,621,'product_tag','',0,1),(622,622,'product_tag','',0,1),(623,623,'product_tag','',0,1),(624,624,'product_tag','',0,1),(625,625,'product_tag','',0,1),(626,626,'product_tag','',0,1),(627,627,'product_tag','',0,1),(628,628,'product_tag','',0,1),(629,629,'product_tag','',0,1),(630,630,'product_tag','',0,1),(631,631,'product_tag','',0,1),(632,632,'product_tag','',0,1),(633,633,'product_tag','',0,1),(634,634,'product_tag','',0,1),(635,635,'product_tag','',0,1),(636,636,'product_tag','',0,1),(637,637,'product_tag','',0,18),(638,638,'product_tag','',0,18),(714,714,'product_cat','',0,0),(639,639,'product_tag','',0,2),(640,640,'product_tag','',0,21),(641,641,'product_tag','',0,4),(642,642,'product_tag','',0,1),(643,643,'product_tag','',0,2),(644,644,'product_tag','',0,1),(645,645,'product_tag','',0,10),(646,646,'product_tag','',0,1),(647,647,'product_tag','',0,1),(648,648,'product_tag','',0,1),(649,649,'product_tag','',0,1),(650,650,'product_tag','',0,3),(651,651,'product_tag','',0,1),(652,652,'product_tag','',0,1),(653,653,'product_tag','',0,1),(654,654,'product_tag','',0,4),(655,655,'product_tag','',0,1),(657,657,'product_tag','',0,0),(658,658,'product_tag','',0,0),(659,659,'product_tag','',0,0),(660,660,'product_tag','',0,0),(661,661,'product_tag','',0,0),(662,662,'product_tag','',0,0),(663,663,'product_tag','',0,0),(664,664,'product_tag','',0,0),(665,665,'product_tag','',0,0),(666,666,'product_tag','',0,0),(667,667,'product_tag','',0,1),(668,668,'product_tag','',0,32),(669,669,'product_tag','',0,1),(670,670,'product_tag','',0,1),(671,671,'product_tag','',0,1),(672,672,'product_tag','',0,10),(673,673,'product_tag','',0,1),(674,674,'product_tag','',0,1),(675,675,'product_tag','',0,1),(676,676,'product_tag','',0,1),(677,677,'product_tag','',0,1),(678,678,'product_tag','',0,1),(679,679,'product_tag','',0,1),(680,680,'product_tag','',0,1),(681,681,'product_tag','',0,1),(682,682,'product_tag','',0,1),(683,683,'product_tag','',0,1),(684,684,'product_tag','',0,1),(685,685,'product_tag','',0,1),(686,686,'product_tag','',0,1),(687,687,'product_tag','',0,1),(688,688,'product_tag','',0,1),(689,689,'product_tag','',0,1),(690,690,'product_tag','',0,1),(691,691,'product_tag','',0,1),(692,692,'product_tag','',0,1),(693,693,'product_tag','',0,1),(694,694,'product_tag','',0,2),(695,695,'product_tag','',0,1),(696,696,'product_tag','',0,1),(697,697,'product_tag','',0,1),(698,698,'product_tag','',0,1),(699,699,'product_tag','',0,1),(700,700,'product_tag','',0,2),(701,701,'product_tag','',0,1),(702,702,'product_tag','',0,1),(703,703,'product_tag','',0,1),(704,704,'product_tag','',0,1),(705,705,'product_tag','',0,1),(706,706,'product_tag','',0,1),(707,707,'product_tag','',0,1),(708,708,'product_tag','',0,1),(709,709,'product_tag','',0,1),(710,710,'product_tag','',0,1),(711,711,'product_tag','',0,1),(712,712,'product_tag','',0,1),(713,713,'product_tag','',0,1),(715,715,'product_cat','',21,1),(716,716,'product_cat','',0,1);

--
-- Table structure for table `wppo_termmeta`
--

CREATE TABLE `wppo_termmeta` (
  `meta_id` bigint(20) unsigned NOT NULL AUTO_INCREMENT,
  `term_id` bigint(20) unsigned NOT NULL DEFAULT 0,
  `meta_key` varchar(255) DEFAULT NULL,
  `meta_value` longtext DEFAULT NULL,
  PRIMARY KEY (`meta_id`),
  KEY `term_id` (`term_id`),
  KEY `meta_key` (`meta_key`(191))
) ENGINE=MyISAM AUTO_INCREMENT=739 DEFAULT CHARSET=utf8mb4 COLLATE=utf8mb4_unicode_520_ci;

--
-- Dumping data for table `wppo_termmeta`
--

INSERT INTO `wppo_termmeta` VALUES (1,15,'product_count_product_cat','239'),(2,21,'order','0'),(3,22,'order','0'),(4,22,'product_count_product_cat','180'),(5,21,'product_count_product_cat','418'),(6,23,'product_count_product_tag','1'),(7,24,'product_count_product_tag','285'),(8,25,'product_count_product_tag','129'),(9,26,'product_count_product_tag','78'),(10,27,'product_count_product_tag','419'),(11,28,'product_count_product_tag','419'),(12,29,'product_count_product_tag','2'),(13,30,'product_count_product_tag','282'),(14,31,'product_count_product_tag','8'),(15,32,'product_count_product_tag','1'),(16,33,'product_count_product_tag','2'),(17,34,'product_count_product_tag','1'),(18,35,'product_count_product_tag','58'),(19,36,'product_count_product_tag','2'),(20,37,'product_count_product_tag','2'),(21,38,'product_count_product_tag','2'),(22,39,'product_count_product_tag','5'),(23,40,'product_count_product_tag','2'),(24,41,'product_count_product_tag','2'),(25,42,'product_count_product_tag','7'),(26,43,'product_count_product_tag','2'),(27,44,'product_count_product_tag','6'),(28,45,'product_count_product_tag','2'),(29,46,'product_count_product_tag','1'),(30,47,'product_count_product_tag','1'),(31,48,'product_count_product_tag','1'),(32,49,'product_count_product_tag','1'),(33,50,'product_count_product_tag','1'),(34,51,'product_count_product_tag','2'),(35,52,'product_count_product_tag','1'),(36,53,'product_count_product_tag','1'),(37,54,'product_count_product_tag','54'),(38,55,'product_count_product_tag','1'),(39,56,'product_count_product_tag','2'),(40,57,'product_count_product_tag','2'),(41,58,'product_count_product_tag','1'),(42,59,'product_count_product_tag','4'),(43,60,'product_count_product_tag','1'),(44,61,'product_count_product_tag','2'),(45,62,'product_count_product_tag','11'),(46,63,'product_count_product_tag','2'),(47,64,'product_count_product_tag','1'),(48,65,'product_count_product_tag','1'),(49,66,'product_count_product_tag','1'),(50,67,'product_count_product_tag','2'),(51,68,'product_count_product_tag','2'),(52,69,'product_count_product_tag','1'),(53,70,'product_count_product_tag','1'),(54,71,'product_count_product_tag','2'),(55,72,'product_count_product_tag','1'),(56,73,'product_count_product_tag','2'),(57,74,'product_count_product_tag','2'),(58,75,'product_count_product_tag','1'),(59,76,'product_count_product_tag','1'),(60,77,'product_count_product_tag','5'),(61,78,'product_count_product_tag','1'),(62,79,'product_count_product_tag','2'),(63,80,'product_count_product_tag','1'),(64,81,'product_count_product_tag','2'),(65,82,'product_count_product_tag','6'),(66,83,'product_count_product_tag','1'),(67,84,'product_count_product_tag','1'),(68,85,'product_count_product_tag','8'),(69,86,'product_count_product_tag','2'),(70,87,'product_count_product_tag','1'),(71,88,'product_count_product_tag','2'),(72,89,'product_count_product_tag','2'),(73,90,'product_count_product_tag','1'),(74,91,'product_count_product_tag','1'),(75,92,'product_count_product_tag','14'),(76,93,'product_count_product_tag','13'),(77,94,'product_count_product_tag','2'),(78,95,'product_count_product_tag','1'),(79,96,'product_count_product_tag','1'),(80,97,'product_count_product_tag','1'),(81,98,'product_count_product_tag','1'),(82,99,'product_count_product_tag','1'),(83,100,'product_count_product_tag','1'),(84,101,'product_count_product_tag','62'),(85,102,'product_count_product_tag','186'),(86,103,'product_count_product_tag','1'),(87,104,'product_count_product_tag','1'),(88,105,'product_count_product_tag','1'),(89,106,'product_count_product_tag','1'),(90,107,'product_count_product_tag','1'),(91,108,'product_count_product_tag','1'),(92,109,'product_count_product_tag','1'),(93,110,'product_count_product_tag','1'),(94,111,'product_count_product_tag','1'),(95,112,'product_count_product_tag','1'),(96,113,'product_count_product_tag','9'),(97,114,'product_count_product_tag','1'),(98,115,'product_count_product_tag','1'),(99,116,'product_count_product_tag','1'),(100,117,'product_count_product_tag','1'),(101,118,'product_count_product_tag','2'),(102,119,'product_count_product_tag','2'),(103,120,'product_count_product_tag','1'),(104,121,'product_count_product_tag','1'),(105,122,'product_count_product_tag','0'),(106,123,'product_count_product_tag','1'),(107,124,'product_count_product_tag','1'),(108,125,'product_count_product_tag','1'),(109,126,'product_count_product_tag','1'),(110,127,'product_count_product_tag','3'),(111,128,'product_count_product_tag','1'),(112,129,'product_count_product_tag','1'),(113,130,'product_count_product_tag','1'),(114,131,'product_count_product_tag','2'),(115,132,'product_count_product_tag','2'),(116,133,'product_count_product_tag','1'),(117,134,'product_count_product_tag','2'),(118,135,'product_count_product_tag','1'),(119,136,'product_count_product_tag','1'),(120,137,'product_count_product_tag','1'),(121,138,'product_count_product_tag','1'),(122,139,'product_count_product_tag','1'),(123,140,'product_count_product_tag','1'),(124,141,'product_count_product_tag','2'),(125,142,'product_count_product_tag','2'),(126,143,'product_count_product_tag','1'),(127,144,'product_count_product_tag','1'),(128,145,'product_count_product_tag','1'),(129,146,'product_count_product_tag','2'),(130,147,'product_count_product_tag','1'),(131,148,'product_count_product_tag','1'),(132,149,'product_count_product_tag','1'),(133,150,'product_count_product_tag','1'),(134,151,'product_count_product_tag','1'),(135,152,'product_count_product_tag','30'),(136,153,'order','0'),(137,153,'thumbnail_id','383'),(138,153,'display_type',''),(139,153,'product-category-image-id-v1',''),(140,154,'order','0'),(141,154,'thumbnail_id','384'),(142,154,'display_type',''),(143,155,'order','0'),(144,155,'thumbnail_id','7169'),(145,155,'display_type',''),(146,156,'order','0'),(147,156,'thumbnail_id','386'),(148,156,'display_type',''),(149,155,'product-category-image-id-v1',''),(150,157,'order','0'),(151,157,'thumbnail_id','390'),(152,157,'display_type',''),(153,157,'product-category-image-id-v1',''),(154,155,'product_count_product_cat','89'),(155,158,'order','0'),(156,158,'thumbnail_id','391'),(157,158,'display_type',''),(158,158,'product-category-image-id-v1',''),(159,158,'product_count_product_cat','194'),(160,159,'product_count_product_tag','46'),(161,153,'product_count_product_cat','74'),(162,160,'product_count_product_tag','22'),(163,154,'product_count_product_cat','55'),(164,161,'product_count_product_tag','0'),(222,157,'product_count_product_cat','6'),(165,179,'product_count_product_tag','0'),(166,180,'product_count_product_tag','0'),(167,193,'product_count_product_tag','0'),(168,198,'product_count_product_tag','0'),(169,202,'order','0'),(170,202,'order','0'),(171,202,'display_type',''),(172,202,'thumbnail_id','0'),(173,202,'product_count_product_cat','0'),(174,234,'product_count_product_tag','0'),(175,238,'product_count_product_tag','0'),(176,241,'product_count_product_tag','0'),(177,245,'order','0'),(178,245,'product_count_product_cat','0'),(179,248,'order','0'),(180,248,'order','0'),(181,248,'product_count_product_cat','0'),(182,248,'display_type',''),(183,248,'thumbnail_id','0'),(184,252,'product_count_product_tag','0'),(185,262,'product_count_product_tag','0'),(186,272,'product_count_product_tag','0'),(187,276,'product_count_product_tag','0'),(188,280,'product_count_product_tag','0'),(189,325,'product_count_product_tag','0'),(190,337,'product_count_product_tag','0'),(191,356,'product_count_product_tag','0'),(192,364,'product_count_product_tag','0'),(193,366,'product_count_product_tag','0'),(194,378,'order','0'),(195,378,'order_pa_yr','0'),(196,379,'order','0'),(197,379,'order_pa_yr','0'),(198,380,'order','0'),(199,380,'order_pa_yr','0'),(200,381,'order','0'),(201,381,'order_pa_yr','0'),(202,382,'order','0'),(203,382,'order_pa_yr','0'),(204,383,'order','0'),(205,383,'order_pa_autor','0'),(206,384,'order','0'),(207,384,'order_pa_covtyp','0'),(208,385,'order','0'),(209,385,'order_pa_covtyp','0'),(210,386,'order','0'),(211,386,'order_pa_covtyp','0'),(212,387,'order','0'),(213,387,'order_pa_autor','0'),(214,388,'order','0'),(215,388,'order_pa_covtyp','0'),(216,389,'order','0'),(217,389,'order_pa_autor','0'),(218,154,'product-category-image-id-v1',''),(219,21,'thumbnail_id','272'),(220,21,'display_type',''),(221,21,'product-category-image-id-v1',''),(223,156,'product_count_product_cat','0'),(224,178,'product_count_product_tag','0'),(225,181,'product_count_product_tag','0'),(226,182,'product_count_product_tag','0'),(227,183,'product_count_product_tag','0'),(228,184,'product_count_product_tag','0'),(229,185,'product_count_product_tag','0'),(230,186,'product_count_product_tag','0'),(231,187,'product_count_product_tag','0'),(232,188,'product_count_product_tag','0'),(233,189,'product_count_product_tag','0'),(234,190,'product_count_product_tag','0'),(235,191,'product_count_product_tag','0'),(236,192,'product_count_product_tag','0'),(237,194,'product_count_product_tag','0'),(238,195,'product_count_product_tag','0'),(239,196,'product_count_product_tag','0'),(240,197,'product_count_product_tag','0'),(241,199,'product_count_product_tag','0'),(242,200,'product_count_product_tag','0'),(243,201,'product_count_product_tag','0'),(244,203,'product_count_product_tag','0'),(245,204,'product_count_product_tag','0'),(246,205,'product_count_product_tag','0'),(247,206,'product_count_product_tag','0'),(248,207,'product_count_product_tag','0'),(249,208,'product_count_product_tag','0'),(250,209,'product_count_product_tag','0'),(251,210,'product_count_product_tag','0'),(252,211,'product_count_product_tag','0'),(253,212,'product_count_product_tag','0'),(254,213,'product_count_product_tag','0'),(255,214,'product_count_product_tag','0'),(256,215,'product_count_product_tag','0'),(257,216,'product_count_product_tag','0'),(258,217,'product_count_product_tag','0'),(259,218,'product_count_product_tag','0'),(260,219,'product_count_product_tag','0'),(261,220,'product_count_product_tag','0'),(262,221,'product_count_product_tag','0'),(263,222,'product_count_product_tag','0'),(264,223,'product_count_product_tag','0'),(265,224,'product_count_product_tag','0'),(266,225,'product_count_product_tag','0'),(267,226,'product_count_product_tag','0'),(268,227,'product_count_product_tag','0'),(269,228,'product_count_product_tag','0'),(270,229,'product_count_product_tag','0'),(271,230,'product_count_product_tag','0'),(272,231,'product_count_product_tag','0'),(273,232,'product_count_product_tag','0'),(274,233,'product_count_product_tag','0'),(275,235,'product_count_product_tag','0'),(276,236,'product_count_product_tag','0'),(277,237,'product_count_product_tag','0'),(278,239,'product_count_product_tag','0'),(279,240,'product_count_product_tag','0'),(280,242,'product_count_product_tag','0'),(281,243,'product_count_product_tag','0'),(282,244,'product_count_product_tag','0'),(283,246,'product_count_product_tag','0'),(284,247,'product_count_product_tag','0'),(285,249,'product_count_product_tag','0'),(286,250,'product_count_product_tag','0'),(287,251,'product_count_product_tag','0'),(288,253,'product_count_product_tag','0'),(289,254,'product_count_product_tag','0'),(290,255,'product_count_product_tag','0'),(291,256,'product_count_product_tag','0'),(292,257,'product_count_product_tag','0'),(293,258,'product_count_product_tag','0'),(294,259,'product_count_product_tag','0'),(295,260,'product_count_product_tag','0'),(296,261,'product_count_product_tag','0'),(297,263,'product_count_product_tag','0'),(298,264,'product_count_product_tag','0'),(299,265,'product_count_product_tag','0'),(300,266,'product_count_product_tag','0'),(301,267,'product_count_product_tag','0'),(302,268,'product_count_product_tag','0'),(303,269,'product_count_product_tag','0'),(304,270,'product_count_product_tag','0'),(305,271,'product_count_product_tag','0'),(306,273,'product_count_product_tag','0'),(307,274,'product_count_product_tag','0'),(308,275,'product_count_product_tag','0'),(309,277,'product_count_product_tag','0'),(310,278,'product_count_product_tag','0'),(311,279,'product_count_product_tag','0'),(312,281,'product_count_product_tag','0'),(313,282,'product_count_product_tag','0'),(314,283,'product_count_product_tag','0'),(315,284,'product_count_product_tag','0'),(316,285,'product_count_product_tag','0'),(317,286,'product_count_product_tag','0'),(318,287,'product_count_product_tag','0'),(319,288,'product_count_product_tag','0'),(320,289,'product_count_product_tag','0'),(321,290,'product_count_product_tag','0'),(322,291,'product_count_product_tag','0'),(323,292,'product_count_product_tag','0'),(324,293,'product_count_product_tag','0'),(325,294,'product_count_product_tag','0'),(326,295,'product_count_product_tag','0'),(327,296,'product_count_product_tag','0'),(328,297,'product_count_product_tag','0'),(329,298,'product_count_product_tag','0'),(330,299,'product_count_product_tag','0'),(331,300,'product_count_product_tag','0'),(332,301,'product_count_product_tag','0'),(333,302,'product_count_product_tag','0'),(334,303,'product_count_product_tag','0'),(335,304,'product_count_product_tag','0'),(336,305,'product_count_product_tag','0'),(337,306,'product_count_product_tag','0'),(338,307,'product_count_product_tag','0'),(339,308,'product_count_product_tag','0'),(340,309,'product_count_product_tag','0'),(341,310,'product_count_product_tag','0'),(342,311,'product_count_product_tag','0'),(343,312,'product_count_product_tag','0'),(344,313,'product_count_product_tag','0'),(345,314,'product_count_product_tag','0'),(346,315,'product_count_product_tag','0'),(347,316,'product_count_product_tag','0'),(348,317,'product_count_product_tag','0'),(349,318,'product_count_product_tag','0'),(350,319,'product_count_product_tag','0'),(351,320,'product_count_product_tag','0'),(352,321,'product_count_product_tag','0'),(353,322,'product_count_product_tag','0'),(354,323,'product_count_product_tag','0'),(355,324,'product_count_product_tag','0'),(356,326,'product_count_product_tag','0'),(357,327,'product_count_product_tag','0'),(358,328,'product_count_product_tag','0'),(359,329,'product_count_product_tag','0'),(360,330,'product_count_product_tag','0'),(361,331,'product_count_product_tag','0'),(362,332,'product_count_product_tag','0'),(363,333,'product_count_product_tag','0'),(364,334,'product_count_product_tag','0'),(365,335,'product_count_product_tag','0'),(366,336,'product_count_product_tag','0'),(367,338,'product_count_product_tag','0'),(368,339,'product_count_product_tag','0'),(369,340,'product_count_product_tag','0'),(370,341,'product_count_product_tag','0'),(371,342,'product_count_product_tag','0'),(372,343,'product_count_product_tag','0'),(373,344,'product_count_product_tag','0'),(374,345,'product_count_product_tag','0'),(375,346,'product_count_product_tag','0'),(376,347,'product_count_product_tag','0'),(377,348,'product_count_product_tag','0'),(378,349,'product_count_product_tag','0'),(379,350,'product_count_product_tag','0'),(380,351,'product_count_product_tag','0'),(381,352,'product_count_product_tag','0'),(382,353,'product_count_product_tag','0'),(383,354,'product_count_product_tag','0'),(384,355,'product_count_product_tag','0'),(385,357,'product_count_product_tag','0'),(386,358,'product_count_product_tag','0'),(387,359,'product_count_product_tag','0'),(388,360,'product_count_product_tag','0'),(389,361,'product_count_product_tag','0'),(390,362,'product_count_product_tag','0'),(391,363,'product_count_product_tag','0'),(392,365,'product_count_product_tag','0'),(393,367,'product_count_product_tag','0'),(394,368,'product_count_product_tag','0'),(395,369,'product_count_product_tag','0'),(396,370,'product_count_product_tag','0'),(397,371,'product_count_product_tag','0'),(398,390,'order','0'),(399,390,'thumbnail_id','0'),(400,390,'display_type',''),(401,390,'product_count_product_cat','3'),(402,391,'product_count_product_tag','1'),(403,392,'product_count_product_tag','6'),(404,393,'product_count_product_tag','1'),(405,394,'product_count_product_tag','1'),(406,395,'product_count_product_tag','1'),(407,396,'product_count_product_tag','1'),(408,397,'product_count_product_tag','6'),(409,398,'product_count_product_tag','3'),(410,399,'product_count_product_tag','1'),(411,400,'product_count_product_tag','1'),(412,401,'product_count_product_tag','1'),(413,402,'product_count_product_tag','3'),(414,403,'product_count_product_tag','1'),(415,404,'product_count_product_tag','1'),(416,405,'product_count_product_tag','1'),(417,406,'product_count_product_tag','1'),(418,407,'product_count_product_tag','1'),(419,408,'product_count_product_tag','3'),(420,409,'product_count_product_tag','3'),(421,410,'product_count_product_tag','1'),(422,411,'product_count_product_tag','4'),(423,412,'product_count_product_tag','1'),(424,413,'product_count_product_tag','2'),(425,414,'product_count_product_tag','10'),(426,415,'product_count_product_tag','2'),(427,416,'product_count_product_tag','3'),(428,417,'product_count_product_tag','1'),(429,418,'product_count_product_tag','2'),(430,419,'product_count_product_tag','1'),(431,420,'order','0'),(432,420,'thumbnail_id','7275'),(433,420,'display_type',''),(434,420,'product-category-image-id-v1',''),(435,421,'order','0'),(436,421,'thumbnail_id','7276'),(437,421,'display_type',''),(438,421,'product-category-image-id-v1',''),(439,421,'product_count_product_cat','6'),(440,420,'product_count_product_cat','6'),(441,422,'product_count_product_tag','6'),(442,423,'product_count_product_tag','6'),(443,424,'product_count_product_tag','6'),(444,425,'product_count_product_tag','3'),(445,426,'product_count_product_tag','2'),(446,427,'product_count_product_tag','1'),(447,428,'product_count_product_tag','3'),(448,429,'product_count_product_tag','4'),(449,430,'product_count_product_tag','1'),(450,431,'product_count_product_tag','3'),(451,432,'product_count_product_tag','1'),(452,433,'product_count_product_tag','1'),(453,437,'order','0'),(454,437,'thumbnail_id','0'),(455,437,'display_type',''),(456,437,'product_count_product_cat','414'),(457,438,'product_count_product_tag','418'),(458,439,'product_count_product_tag','1'),(459,440,'product_count_product_tag','65'),(460,441,'product_count_product_tag','1'),(461,442,'product_count_product_tag','1'),(462,443,'product_count_product_tag','1'),(463,444,'product_count_product_tag','1'),(464,445,'product_count_product_tag','1'),(465,446,'product_count_product_tag','1'),(466,447,'product_count_product_tag','2'),(467,448,'product_count_product_tag','1'),(468,449,'product_count_product_tag','2'),(469,450,'product_count_product_tag','2'),(470,451,'product_count_product_tag','2'),(471,452,'product_count_product_tag','2'),(472,453,'product_count_product_tag','1'),(473,454,'product_count_product_tag','1'),(474,455,'product_count_product_tag','1'),(475,456,'product_count_product_tag','1'),(476,457,'product_count_product_tag','2'),(477,458,'product_count_product_tag','1'),(478,459,'product_count_product_tag','1'),(479,460,'product_count_product_tag','1'),(480,461,'product_count_product_tag','1'),(481,462,'product_count_product_tag','1'),(482,463,'product_count_product_tag','1'),(483,464,'product_count_product_tag','1'),(484,465,'product_count_product_tag','1'),(485,466,'product_count_product_tag','1'),(486,467,'product_count_product_tag','1'),(487,468,'product_count_product_tag','1'),(488,469,'product_count_product_tag','1'),(489,470,'product_count_product_tag','1'),(490,471,'product_count_product_tag','1'),(491,472,'product_count_product_tag','1'),(492,473,'product_count_product_tag','1'),(493,474,'product_count_product_tag','1'),(494,475,'product_count_product_tag','1'),(495,476,'product_count_product_tag','1'),(496,477,'product_count_product_tag','1'),(497,478,'product_count_product_tag','1'),(498,479,'product_count_product_tag','1'),(499,480,'product_count_product_tag','1'),(500,481,'product_count_product_tag','0'),(501,482,'product_count_product_tag','1'),(502,483,'product_count_product_tag','2'),(503,484,'product_count_product_tag','1'),(504,485,'product_count_product_tag','2'),(505,486,'product_count_product_tag','6'),(506,487,'product_count_product_tag','1'),(507,488,'product_count_product_tag','2'),(508,489,'product_count_product_tag','2'),(509,490,'product_count_product_tag','3'),(510,491,'product_count_product_tag','30'),(511,492,'product_count_product_tag','1'),(512,493,'product_count_product_tag','1'),(513,494,'product_count_product_tag','1'),(514,495,'product_count_product_tag','1'),(515,496,'product_count_product_tag','1'),(516,497,'product_count_product_tag','1'),(517,498,'product_count_product_tag','1'),(518,499,'product_count_product_tag','1'),(519,500,'product_count_product_tag','1'),(520,501,'product_count_product_tag','1'),(521,502,'product_count_product_tag','1'),(522,503,'product_count_product_tag','1'),(523,504,'product_count_product_tag','2'),(524,505,'product_count_product_tag','1'),(525,506,'product_count_product_tag','1'),(526,507,'product_count_product_tag','1'),(527,508,'product_count_product_tag','1'),(528,509,'product_count_product_tag','1'),(529,510,'product_count_product_tag','2'),(530,511,'product_count_product_tag','1'),(531,512,'product_count_product_tag','1'),(532,513,'product_count_product_tag','1'),(533,514,'product_count_product_tag','1'),(534,515,'product_count_product_tag','1'),(535,516,'product_count_product_tag','1'),(536,517,'product_count_product_tag','1'),(537,518,'product_count_product_tag','2'),(538,519,'product_count_product_tag','1'),(539,520,'product_count_product_tag','1'),(540,521,'product_count_product_tag','1'),(541,522,'product_count_product_tag','2'),(542,523,'product_count_product_tag','1'),(543,524,'product_count_product_tag','1'),(544,525,'product_count_product_tag','1'),(545,526,'product_count_product_tag','1'),(546,527,'product_count_product_tag','1'),(547,528,'product_count_product_tag','1'),(548,529,'product_count_product_tag','1'),(549,530,'product_count_product_tag','1'),(550,531,'product_count_product_tag','2'),(551,532,'product_count_product_tag','1'),(552,533,'product_count_product_tag','1'),(553,534,'product_count_product_tag','1'),(554,535,'product_count_product_tag','1'),(555,536,'product_count_product_tag','1'),(556,537,'product_count_product_tag','1'),(557,538,'product_count_product_tag','1'),(558,539,'product_count_product_tag','1'),(559,540,'product_count_product_tag','1'),(560,541,'product_count_product_tag','1'),(561,542,'product_count_product_tag','1'),(562,543,'product_count_product_tag','2'),(563,544,'product_count_product_tag','1'),(564,545,'product_count_product_tag','2'),(565,546,'product_count_product_tag','2'),(566,547,'product_count_product_tag','1'),(567,548,'product_count_product_tag','2'),(568,549,'product_count_product_tag','1'),(569,550,'product_count_product_tag','1'),(570,551,'product_count_product_tag','1'),(571,552,'product_count_product_tag','1'),(572,553,'product_count_product_tag','1'),(573,554,'product_count_product_tag','1'),(574,555,'product_count_product_tag','1'),(575,556,'product_count_product_tag','1'),(576,557,'product_count_product_tag','2'),(577,558,'product_count_product_tag','2'),(578,559,'product_count_product_tag','2'),(579,560,'product_count_product_tag','1'),(580,561,'product_count_product_tag','1'),(581,562,'product_count_product_tag','1'),(582,563,'product_count_product_tag','1'),(583,564,'product_count_product_tag','2'),(584,565,'product_count_product_tag','1'),(585,566,'product_count_product_tag','2'),(586,567,'product_count_product_tag','1'),(587,568,'product_count_product_tag','1'),(588,569,'product_count_product_tag','1'),(589,570,'product_count_product_tag','1'),(590,571,'product_count_product_tag','1'),(591,572,'product_count_product_tag','1'),(592,573,'product_count_product_tag','1'),(593,574,'product_count_product_tag','1'),(594,575,'product_count_product_tag','2'),(595,576,'product_count_product_tag','2'),(596,577,'product_count_product_tag','1'),(597,578,'product_count_product_tag','1'),(598,579,'product_count_product_tag','1'),(599,580,'product_count_product_tag','2'),(600,581,'product_count_product_tag','1'),(601,582,'product_count_product_tag','1'),(602,583,'product_count_product_tag','2'),(603,584,'product_count_product_tag','2'),(604,585,'product_count_product_tag','2'),(605,586,'product_count_product_tag','1'),(606,587,'product_count_product_tag','1'),(607,588,'product_count_product_tag','1'),(608,589,'product_count_product_tag','1'),(609,590,'product_count_product_tag','1'),(610,591,'product_count_product_tag','1'),(611,592,'product_count_product_tag','1'),(612,593,'product_count_product_tag','1'),(613,594,'product_count_product_tag','1'),(614,595,'product_count_product_tag','1'),(615,596,'product_count_product_tag','1'),(616,597,'product_count_product_tag','2'),(617,598,'product_count_product_tag','1'),(618,599,'product_count_product_tag','1'),(619,600,'product_count_product_tag','1'),(620,601,'product_count_product_tag','1'),(621,602,'product_count_product_tag','1'),(622,603,'product_count_product_tag','1'),(623,604,'product_count_product_tag','1'),(624,605,'product_count_product_tag','1'),(625,606,'product_count_product_tag','1'),(626,607,'product_count_product_tag','1'),(627,608,'product_count_product_tag','1'),(628,609,'product_count_product_tag','1'),(629,610,'product_count_product_tag','2'),(630,611,'product_count_product_tag','1'),(631,612,'product_count_product_tag','1'),(632,613,'product_count_product_tag','1'),(633,614,'product_count_product_tag','1'),(634,615,'product_count_product_tag','1'),(635,617,'product_count_product_tag','1'),(636,618,'product_count_product_tag','6'),(637,619,'product_count_product_tag','1'),(638,620,'product_count_product_tag','7'),(639,616,'product_count_product_tag','1'),(640,621,'product_count_product_tag','1'),(641,622,'product_count_product_tag','1'),(642,623,'product_count_product_tag','1'),(643,624,'product_count_product_tag','1'),(644,625,'product_count_product_tag','1'),(645,626,'product_count_product_tag','1'),(646,627,'product_count_product_tag','1'),(647,628,'product_count_product_tag','1'),(648,629,'product_count_product_tag','1'),(649,630,'product_count_product_tag','1'),(650,631,'product_count_product_tag','1'),(651,632,'product_count_product_tag','1'),(652,633,'product_count_product_tag','1'),(653,634,'product_count_product_tag','1'),(654,635,'product_count_product_tag','1'),(655,636,'product_count_product_tag','1'),(656,637,'product_count_product_tag','18'),(657,638,'product_count_product_tag','18'),(658,639,'product_count_product_tag','2'),(659,640,'product_count_product_tag','21'),(660,641,'product_count_product_tag','4'),(661,642,'product_count_product_tag','1'),(662,643,'product_count_product_tag','2'),(663,644,'product_count_product_tag','1'),(664,645,'product_count_product_tag','10'),(665,646,'product_count_product_tag','1'),(666,647,'product_count_product_tag','1'),(667,648,'product_count_product_tag','1'),(668,649,'product_count_product_tag','1'),(669,650,'product_count_product_tag','3'),(670,651,'product_count_product_tag','1'),(671,652,'product_count_product_tag','1'),(672,653,'product_count_product_tag','1'),(673,654,'product_count_product_tag','4'),(674,655,'product_count_product_tag','1'),(675,656,'display_type',''),(676,656,'product_count_product_cat','0'),(677,657,'product_count_product_tag','0'),(678,658,'product_count_product_tag','0'),(679,659,'product_count_product_tag','0'),(680,660,'product_count_product_tag','0'),(681,661,'product_count_product_tag','0'),(682,662,'product_count_product_tag','0'),(683,663,'product_count_product_tag','0'),(684,664,'product_count_product_tag','0'),(685,665,'product_count_product_tag','0'),(686,666,'product_count_product_tag','0'),(687,667,'product_count_product_tag','1'),(688,668,'product_count_product_tag','32'),(689,669,'product_count_product_tag','1'),(690,670,'product_count_product_tag','1'),(691,671,'product_count_product_tag','1'),(692,672,'product_count_product_tag','10'),(693,673,'product_count_product_tag','1'),(694,674,'product_count_product_tag','1'),(695,675,'product_count_product_tag','1'),(696,676,'product_count_product_tag','1'),(697,677,'product_count_product_tag','1'),(698,678,'product_count_product_tag','1'),(699,679,'product_count_product_tag','1'),(700,680,'product_count_product_tag','1'),(701,681,'product_count_product_tag','1'),(702,682,'product_count_product_tag','1'),(703,683,'product_count_product_tag','1'),(704,684,'product_count_product_tag','1'),(705,685,'product_count_product_tag','1'),(706,686,'product_count_product_tag','1'),(707,687,'product_count_product_tag','1'),(708,688,'product_count_product_tag','1'),(709,689,'product_count_product_tag','1'),(710,690,'product_count_product_tag','1'),(711,691,'product_count_product_tag','1'),(712,692,'product_count_product_tag','1'),(713,693,'product_count_product_tag','1'),(714,694,'product_count_product_tag','2'),(715,695,'product_count_product_tag','1'),(716,696,'product_count_product_tag','1'),(717,697,'product_count_product_tag','1'),(718,698,'product_count_product_tag','1'),(719,699,'product_count_product_tag','1'),(720,700,'product_count_product_tag','2'),(721,701,'product_count_product_tag','1'),(722,702,'product_count_product_tag','1'),(723,703,'product_count_product_tag','1'),(724,704,'product_count_product_tag','1'),(725,705,'product_count_product_tag','1'),(726,706,'product_count_product_tag','1'),(727,707,'product_count_product_tag','1'),(728,708,'product_count_product_tag','1'),(729,709,'product_count_product_tag','1'),(730,710,'product_count_product_tag','1'),(731,711,'product_count_product_tag','1'),(732,712,'product_count_product_tag','1'),(733,713,'product_count_product_tag','1'),(734,714,'order','0'),(735,715,'order','0'),(736,715,'product_count_product_cat','1'),(737,716,'order','0'),(738,716,'product_count_product_cat','1');

--
-- Table structure for table `wppo_terms`
--

CREATE TABLE `wppo_terms` (
  `term_id` bigint(20) unsigned NOT NULL AUTO_INCREMENT,
  `name` varchar(200) NOT NULL DEFAULT '',
  `slug` varchar(200) NOT NULL DEFAULT '',
  `term_group` bigint(10) NOT NULL DEFAULT 0,
  PRIMARY KEY (`term_id`),
  KEY `slug` (`slug`(191)),
  KEY `name` (`name`(191))
) ENGINE=MyISAM AUTO_INCREMENT=717 DEFAULT CHARSET=utf8mb4 COLLATE=utf8mb4_unicode_520_ci;

--
-- Dumping data for table `wppo_terms`
--

INSERT INTO `wppo_terms` VALUES (1,'Uncategorized','uncategorized',0),(2,'simple','simple',0),(3,'grouped','grouped',0),(4,'variable','variable',0),(5,'external','external',0),(6,'exclude-from-search','exclude-from-search',0),(7,'exclude-from-catalog','exclude-from-catalog',0),(8,'featured','featured',0),(9,'outofstock','outofstock',0),(10,'rated-1','rated-1',0),(11,'rated-2','rated-2',0),(12,'rated-3','rated-3',0),(13,'rated-4','rated-4',0),(14,'rated-5','rated-5',0),(15,'Uncategorized','uncategorized',0),(16,'auction','auction',0),(17,'None','none',0),(18,'All','all',0),(19,'ibid-child','ibid-child',0),(20,'Main Menu','main-menu',0),(21,'Trading Cards','trading-cards',0),(22,'Investment','investment',0),(23,'Deybi Flores','deybi-flores',0),(24,'2025-26','2025-26',0),(25,'Panini','panini',0),(26,'Donruss Soccer','donruss-soccer',0),(27,'Investment','investment',0),(28,'Raw','raw',0),(29,'Karl-anthony Towns','karl-anthony-towns',0),(30,'Topps','topps',0),(31,'Nba Hoops','nba-hoops',0),(32,'All Star 2025','all-star-2025',0),(33,'Anthony Edwards','anthony-edwards',0),(34,'Stephon Castle','stephon-castle',0),(35,'2026','2026',0),(36,'Nico Schlotterbeck','nico-schlotterbeck',0),(37,'Panini Donruss','panini-donruss',0),(38,'Donruss Road To Fifa World Cup Zero Gravity','donruss-road-to-fifa-world-cup-zero-gravity',0),(39,'Zero Gravity - RED','zero-gravity-red',0),(40,'Amen Thompson','amen-thompson',0),(41,'Brenden Aaronson','brenden-aaronson',0),(42,'Zero Gravity','zero-gravity',0),(43,'Gonçalo Ramos','goncalo-ramos',0),(44,'Craftsmen','craftsmen',0),(45,'Donovan Mitchell','donovan-mitchell',0),(46,'James Harden','james-harden',0),(47,'Blue','blue',0),(48,'Alessandro Bastoni','alessandro-bastoni',0),(49,'João Neves','joao-neves',0),(50,'Donruss Road To Fifa World Cup 26 Zero Gravity','donruss-road-to-fifa-world-cup-26-zero-gravity',0),(51,'Ruben Vargas','ruben-vargas',0),(52,'Marcus Rashford','marcus-rashford',0),(53,'Carson Williams','carson-williams',0),(54,'Bowman Baseball','bowman-baseball',0),(55,'Sterling Rookie Revelation','sterling-rookie-revelation',0),(56,'Christian Pulisic','christian-pulisic',0),(57,'Lionel Messi','lionel-messi',0),(58,'Optic','optic',0),(59,'Cristiano Ronaldo','cristiano-ronaldo',0),(60,'Optic Prizm','optic-prizm',0),(61,'Lamine Yamal','lamine-yamal',0),(62,'Donruss Road To Fifa World Cup 26 Soccer','donruss-road-to-fifa-world-cup-26-soccer',0),(63,'Vini Jr.','vini-jr',0),(64,'Donruss Optic Road To Fifa World Cup','donruss-optic-road-to-fifa-world-cup',0),(65,'Yellow','yellow',0),(66,'Red','red',0),(67,'Piotr Zieliński','piotr-zielinski',0),(68,'Miguel Almirón','miguel-almiron',0),(69,'Daniel Muñoz','daniel-munoz',0),(70,'Andy Robertson','andy-robertson',0),(71,'Isaac Price','isaac-price',0),(72,'Franco Mastantuono','franco-mastantuono',0),(73,'Topps Chrome Uefa Club Competitions','topps-chrome-uefa-club-competitions',0),(74,'Wonderkids - Refractor','wonderkids-refractor',0),(75,'Christian Kofane','christian-kofane',0),(76,'James Rodríguez','james-rodriguez',0),(77,'Craftsman - RED','craftsman-red',0),(78,'Fabián Ruiz','fabian-ruiz',0),(79,'Gabriel Martinelli','gabriel-martinelli',0),(80,'Eduardo Camavinga','eduardo-camavinga',0),(81,'Youssef En-nesyri','youssef-en-nesyri',0),(82,'Net Marvels - RED','net-marvels-red',0),(83,'Victor Boniface','victor-boniface',0),(84,'Dominic Solanke','dominic-solanke',0),(85,'Net Marvels','net-marvels',0),(86,'Julián Álvarez','julian-alvarez',0),(87,'Raúl Jiménez','raul-jimenez',0),(88,'Viktor Gyökeres','viktor-gyokeres',0),(89,'Robert Lewandowski','robert-lewandowski',0),(90,'Red Laser','red-laser',0),(91,'Devonta Smith','devonta-smith',0),(92,'2024','2024',0),(93,'Phoenix Football','phoenix-football',0),(94,'Jaylen Waddle','jaylen-waddle',0),(95,'Drake London','drake-london',0),(96,'Danielle Hunter','danielle-hunter',0),(97,'Justin Herbert','justin-herbert',0),(98,'Chris Jones','chris-jones',0),(99,'Tyreek Hill','tyreek-hill',0),(100,'Carter Bryant','carter-bryant',0),(101,'2025','2025',0),(102,'Bowman Basketball','bowman-basketball',0),(103,'Mega Rookie Mojo Refractor','mega-rookie-mojo-refractor',0),(104,'Joe Burrow','joe-burrow',0),(105,'Kylian Mbappé','kylian-mbappe',0),(106,'Endrick','endrick',0),(107,'Trey Benson','trey-benson',0),(108,'Rookie','rookie',0),(109,'Julio Rodríguez','julio-rodriguez',0),(110,'BowmanBaseball','bowmanbaseball',0),(111,'Sterling Revelation Chrome','sterling-revelation-chrome',0),(112,'Cade Stover','cade-stover',0),(113,'Base','base',0),(114,'Javier Zanetti','javier-zanetti',0),(115,'Topps Chrome UEFA Champions League','topps-chrome-uefa-champions-league',0),(116,'Last Chance','last-chance',0),(117,'Jeremie Frimpong','jeremie-frimpong',0),(118,'UEFA Champions League Chrome','uefa-champions-league-chrome',0),(119,'Power Players','power-players',0),(120,'Alphonso Davies','alphonso-davies',0),(121,'Levi Colwill','levi-colwill',0),(122,'Zero-Gravity','zero-gravity-2',0),(123,'Ethan Ampadu','ethan-ampadu',0),(124,'Leonardo Bernal','leonardo-bernal',0),(125,'Top 100 Prospects','top-100-prospects',0),(126,'Dakota Jordan','dakota-jordan',0),(127,'Topps 100 Prospects','topps-100-prospects',0),(128,'Michael Arroyo','michael-arroyo',0),(129,'Ike Irish','ike-irish',0),(130,'Connelly Early','connelly-early',0),(131,'Under the Radar','under-the-radar',0),(132,'Edward Florentino','edward-florentino',0),(133,'Samuel Basallo','samuel-basallo',0),(134,'Electric Sluggers','electric-sluggers',0),(135,'Jesús Made','jesus-made',0),(136,'Jase McClellan','jase-mcclellan',0),(137,'Rookie Lazer','rookie-lazer',0),(138,'Marshawn Lloyd','marshawn-lloyd',0),(139,'Keegan Murray','keegan-murray',0),(140,'Green','green',0),(141,'Sarah Strong','sarah-strong',0),(142,'Mega Prospects','mega-prospects',0),(143,'Juju Watkins','juju-watkins',0),(144,'Pascal Siakam','pascal-siakam',0),(145,'Highlights Shimmer Parallel','highlights-shimmer-parallel',0),(146,'Zach LaVine','zach-lavine',0),(147,'Jam Packed','jam-packed',0),(148,'Samu Aghehowa','samu-aghehowa',0),(149,'Cristian Romero','cristian-romero',0),(150,'Craftsman','craftsman',0),(151,'Rafael Leão','rafael-leao',0),(152,'Soccer','soccer',0),(153,'Football','football',0),(154,'Baseball','baseball',0),(155,'Soccer','soccer',0),(156,'Hockey','hockey',0),(157,'Combat Sports','combat-sports',0),(158,'Basketball','basketball',0),(159,'Basketball','basketball',0),(160,'Football','football',0),(161,'Baseball','baseball',0),(162,'Gadgets','gadgets',0),(163,'Machinery','machinery',0),(164,'Memorabilia','memorabilia',0),(165,'Smart','smart',0),(166,'Technology','technology',0),(167,'Android','android',0),(168,'Countries','countries',0),(169,'Devices','buy',0),(170,'Gaming','gaming',0),(171,'Laptop','laptop',0),(172,'OS','os',0),(173,'Phone','phone',0),(174,'Review','review',0),(175,'Smartphone','smartphone',0),(176,'Store','store',0),(177,'Technology','technology',0),(178,'a','a',0),(179,'Accessories','accessories',0),(180,'act','act',0),(181,'Album','album',0),(182,'AlderaanppAll','alderaanppall',0),(183,'aliquappp','aliquappp',0),(184,'aliquid','aliquid',0),(185,'aloneppFooPhone','aloneppfoophone',0),(186,'an','an',0),(187,'aquatic','aquatic',0),(188,'are','are',0),(189,'atqueppIn','atqueppin',0),(190,'attempt','attempt',0),(191,'be','be',0),(192,'beamed','beamed',0),(193,'Bed','bed',0),(194,'Beverage','beverage',0),(195,'Bike','bike',0),(196,'bil','bil',0),(197,'Black','black',0),(198,'black friday','black-friday',0),(199,'blanditiis','blanditiis',0),(200,'Blender','blender',0),(201,'Book','book',0),(202,'Boxing','boxing',0),(203,'Brown','brown',0),(204,'businesses','businesses',0),(205,'by','by',0),(206,'called','called',0),(207,'cant','cant',0),(208,'card','card',0),(209,'CD','cd',0),(210,'Cleaner','cleaner',0),(211,'Cola','cola',0),(212,'commodi','commodi',0),(213,'conscious','conscious',0),(214,'consumed','consumed',0),(215,'Cushion','cushion',0),(216,'delectusp','delectusp',0),(217,'deleniti','deleniti',0),(218,'derived','derived',0),(219,'Diamond','diamond',0),(220,'dignissimos','dignissimos',0),(221,'diverse','diverse',0),(222,'Doll','doll',0),(223,'dolores','dolores',0),(224,'down','down',0),(225,'Download','download',0),(226,'ea','ea',0),(227,'earum','earum',0),(228,'effectsppYehappOf','effectsppyehappof',0),(229,'Egg','egg',0),(230,'esse','esse',0),(231,'et','et',0),(232,'eum','eum',0),(233,'ex','ex',0),(234,'film','film',0),(235,'Fire','fire',0),(236,'Fish','fish',0),(237,'fleshy','fleshy',0),(238,'food','food',0),(239,'Force','force',0),(240,'from','from',0),(241,'Gaming','gaming',0),(242,'gammal','gammal',0),(243,'Gel','gel',0),(244,'Gift','gift',0),(245,'Gifts','gifts',0),(246,'go','go',0),(247,'Gold','gold',0),(248,'Golf','golf',0),(249,'Grey','grey',0),(250,'Hair','hair',0),(251,'happened','happened',0),(252,'Hard Cover','hard-cover',0),(253,'have','have',0),(254,'HDMI','hdmi',0),(255,'Heater','heater',0),(256,'helpppDo','helpppdo',0),(257,'his','his',0),(258,'I','i',0),(259,'Im','im',0),(260,'in','in',0),(261,'incididunt','incididunt',0),(262,'industry','industry',0),(263,'Internet','internet',0),(264,'iPhone','iphone',0),(265,'Ipsum','ipsum',0),(266,'is','is',0),(267,'it','it',0),(268,'iure','iure',0),(269,'iusto','iusto',0),(270,'Jazz','jazz',0),(271,'Juice','juice',0),(272,'Kids Toys','kids-toys',0),(273,'Knife','knife',0),(274,'labore','labore',0),(275,'Lamb','lamb',0),(276,'languages','languages',0),(277,'Laptop','laptop',0),(278,'Large','large',0),(279,'lets','lets',0),(280,'literature','literature',0),(281,'Lotion','lotion',0),(282,'LukeppSed','lukeppsed',0),(283,'magna','magna',0),(284,'market','market',0),(285,'May','may',0),(286,'Meat','meat',0),(287,'mechanism','mechanism',0),(288,'Mixer','mixer',0),(289,'mobile','mobile',0),(290,'moderate','moderate',0),(291,'modi','modi',0),(292,'Motorola','motorola',0),(293,'Movie','movie',0),(294,'nations','nations',0),(295,'natus','natus',0),(296,'needs','needs',0),(297,'nonep','nonep',0),(298,'noseppAn','noseppan',0),(299,'not','not',0),(300,'odio','odio',0),(301,'of','of',0),(302,'operating','operating',0),(303,'pDo','pdo',0),(304,'PeanutsppI','peanutsppi',0),(305,'Perl','perl',0),(306,'Personal Care','personal-care',0),(307,'Petshop','petshop',0),(308,'phone','phone',0),(309,'placeppppBut','placeppppbut',0),(310,'planppNon','planppnon',0),(311,'Plastic','plastic',0),(312,'Player','player',0),(313,'ponds','ponds',0),(314,'portable','portable',0),(315,'Potato','potato',0),(316,'praesentium','praesentium',0),(317,'productsppNisi','productsppnisi',0),(318,'progen','progen',0),(319,'qui','qui',0),(320,'Rebel','rebel',0),(321,'Refrigerator','refrigerator',0),(322,'responsibility','responsibility',0),(323,'Rooster','rooster',0),(324,'RUIMppIt','ruimppit',0),(325,'sales','sales',0),(326,'sapiente','sapiente',0),(327,'schoolp','schoolp',0),(328,'Seat','seat',0),(329,'Sheet','sheet',0),(330,'Shower','shower',0),(331,'skrutt','skrutt',0),(332,'Small','small',0),(333,'Smoothie','smoothie',0),(334,'some','some',0),(335,'sour','sour',0),(336,'Soy','soy',0),(337,'speech','speech',0),(338,'strawberries','strawberries',0),(339,'Strawberry','strawberry',0),(340,'such','such',0),(341,'suggest','suggest',0),(342,'suit','suit',0),(343,'sweet','sweet',0),(344,'Sword','sword',0),(345,'swords','swords',0),(346,'Tablets','tablets',0),(347,'tempora','tempora',0),(348,'the','the',0),(349,'Thermal','thermal',0),(350,'these','these',0),(351,'to','to',0),(352,'tomatoes','tomatoes',0),(353,'Towel','towel',0),(354,'transmissions','transmissions',0),(355,'Trouser','trouser',0),(356,'TV','tv',0),(357,'unde','unde',0),(358,'upppI','upppi',0),(359,'users','users',0),(360,'ut','ut',0),(361,'vel','vel',0),(362,'velit','velit',0),(363,'Video','video',0),(364,'vintage','vintage',0),(365,'Violet','violet',0),(366,'vocational','vocational',0),(367,'Water','water',0),(368,'were','were',0),(369,'with','with',0),(370,'you','you',0),(371,'your','your',0),(372,'Category Menu','category-menu',0),(373,'Header 2','header-2',0),(374,'Links','links',0),(390,'Featured','featured',0),(376,'Menu','menu',0),(377,'My Account','my-account',0),(378,'1900 - 1949','1900-1949',0),(379,'1950 - 1999','1950-1999',0),(380,'2000 - 2009','2000-2009',0),(381,'2010 - 2019','2010-2019',0),(382,'Before 1900','before-1900',0),(383,'Black','black',0),(384,'Comicbook','comicbook',0),(385,'In waranty','in-waranty',0),(386,'New','new',0),(387,'Red','red',0),(388,'Used','used',0),(389,'Yellow','yellow',0),(391,'Stefon Diggs','stefon-diggs',0),(392,'Topps Chrome Football','topps-chrome-football',0),(393,'Saquon Barkley','saquon-barkley',0),(394,'C.j. Stroud','c-j-stroud',0),(395,'Tristan Wirfs','tristan-wirfs',0),(396,'Seth Rollins','seth-rollins',0),(397,'Topps Chrome Wwe','topps-chrome-wwe',0),(398,'Eras of Excellence','eras-of-excellence',0),(399,'Sheamus','sheamus',0),(400,'Alexa Bliss','alexa-bliss',0),(401,'Oba Femi','oba-femi',0),(402,'Focus Reel','focus-reel',0),(403,'Johnny Gargano','johnny-gargano',0),(404,'Bron Breakker','bron-breakker',0),(405,'Dj Moore','dj-moore',0),(406,'A.j. Terrell','a-j-terrell',0),(407,'Eli Sanders','eli-sanders',0),(408,'Bowman Chrome University Football','bowman-chrome-university-football',0),(409,'Pink Wave Refractor','pink-wave-refractor',0),(410,'Reed Harris','reed-harris',0),(411,'Bowman University Chrome Football','bowman-university-chrome-football',0),(412,'Steve Angeli','steve-angeli',0),(413,'Shedeur Sanders','shedeur-sanders',0),(414,'Score Football','score-football',0),(415,'Hot Rookies','hot-rookies',0),(416,'Abdul Carter','abdul-carter',0),(417,'RC','rc',0),(418,'Emerged','emerged',0),(419,'NFL Draft','nfl-draft',0),(420,'WWE','wwe',0),(421,'Pro Wrestling','pro-wrestling',0),(422,'Pro Wrestling','pro-wrestling',0),(423,'Combat Sports','combat-sports',0),(424,'WWE','wwe',0),(425,'Cam Ward','cam-ward',0),(426,'Jaxson Dart','jaxson-dart',0),(427,'Rookie Card','rookie-card',0),(428,'Tyler Warren','tyler-warren',0),(429,'Ashton Jeanty','ashton-jeanty',0),(430,'Score Football Emerged','score-football-emerged',0),(431,'Travis Hunter','travis-hunter',0),(432,'Score','score',0),(433,'Score Hot Rookies','score-hot-rookies',0),(434,'scheduled','scheduled',0),(435,'started','started',0),(436,'finished','finished',0),(437,'Singles','singles',0),(438,'singles','singles',0),(439,'Zuby Ejiofor','zuby-ejiofor',0),(440,'1st Bowman','1st-bowman',0),(441,'Emilee Skinner','emilee-skinner',0),(442,'Bryson Tiller','bryson-tiller',0),(443,'Jason Edwards','jason-edwards',0),(444,'Ayla Mcdowell','ayla-mcdowell',0),(445,'Xaivian Lee','xaivian-lee',0),(446,'Jasper Johnson','jasper-johnson',0),(447,'Nick Martinelli','nick-martinelli',0),(448,'Hailee Swain','hailee-swain',0),(449,'Addison Deal','addison-deal',0),(450,'Tounde Yessoufou','tounde-yessoufou',0),(451,'John Blackwell','john-blackwell',0),(452,'Josh Dix','josh-dix',0),(453,'Acaden Lewis','acaden-lewis',0),(454,'Kelis Fisher','kelis-fisher',0),(455,'Aaliyah Crump','aaliyah-crump',0),(456,'Niko Bundalo','niko-bundalo',0),(457,'Alexandra Eschmeyer','alexandra-eschmeyer',0),(458,'Darianna Alexander','darianna-alexander',0),(459,'Bennett Stirtz','bennett-stirtz',0),(460,'Brandon Garrison','brandon-garrison',0),(461,'Tarris Reed Jr.','tarris-reed-jr',0),(462,'Davis Fogle','davis-fogle',0),(463,'Isiah Harwell','isiah-harwell',0),(464,'Isaiah Denis','isaiah-denis',0),(465,'Derek Dixon','derek-dixon',0),(466,'Sadiq White','sadiq-white',0),(467,'Deniya Prawl','deniya-prawl',0),(468,'Richie Saunders','richie-saunders',0),(469,'Tre Holloman','tre-holloman',0),(470,'Brayden Burries','brayden-burries',0),(471,'Davion Hannah','davion-hannah',0),(472,'Braeden Shrewsberry','braeden-shrewsberry',0),(473,'Jaland Lowe','jaland-lowe',0),(474,'Boopie Miller','boopie-miller',0),(475,'Cj Ingram','cj-ingram',0),(476,'Zakiyah Johnson','zakiyah-johnson',0),(477,'Sienna Betts','sienna-betts',0),(478,'Sebastian Wilkins','sebastian-wilkins',0),(479,'JT Toppin','jt-toppin',0),(480,'Keyshawn Hall','keyshawn-hall',0),(481,'Bowman Basketbaal','bowman-basketbaal',0),(482,'Base (1st Bowman)','base-1st-bowman',0),(483,'Jordan Clarkson','jordan-clarkson',0),(484,'Nikola Jokić','nikola-jokic',0),(485,'Obi Toppin','obi-toppin',0),(486,'Bowman','bowman',0),(487,'Derrick White','derrick-white',0),(488,'Julius Randle','julius-randle',0),(489,'Tristan Da Silva','tristan-da-silva',0),(490,'Franjo Ivanović','franjo-ivanovic',0),(491,'Rated Rookie','rated-rookie',0),(492,'Ognjen Mimović','ognjen-mimovic',0),(493,'Besfort Zeneli','besfort-zeneli',0),(494,'Nick Woltemade','nick-woltemade',0),(495,'Max Johnston','max-johnston',0),(496,'Ilay Camara','ilay-camara',0),(497,'Jordan James','jordan-james',0),(498,'Ebenezer Annan','ebenezer-annan',0),(499,'Osame Sahraoui','osame-sahraoui',0),(500,'Antoine Mendy','antoine-mendy',0),(501,'Tommy Conway','tommy-conway',0),(502,'Sebastian Nanasi','sebastian-nanasi',0),(503,'Przemysław Wiśniewski','przemyslaw-wisniewski',0),(504,'Justin Devenny','justin-devenny',0),(505,'Lewis Koumas','lewis-koumas',0),(506,'Nils Zätterström','nils-zatterstrom',0),(507,'James Wilson','james-wilson',0),(508,'Erik Lira','erik-lira',0),(509,'Petar Sučić','petar-sucic',0),(510,'Andrew Moran','andrew-moran',0),(511,'Lawrence Agyekum','lawrence-agyekum',0),(512,'Trai Hume','trai-hume',0),(513,'Troy Parrott','troy-parrott',0),(514,'Denzell García','denzell-garcia',0),(515,'El Hadji Malick Diouf','el-hadji-malick-diouf',0),(516,'Yanic Konan-niederhauser','yanic-konan-niederhauser',0),(517,'Ben Saraf','ben-saraf',0),(518,'Hugo González','hugo-gonzalez',0),(519,'Joan Beringer','joan-beringer',0),(520,'Jase Richardson','jase-richardson',0),(521,'Kam Jones','kam-jones',0),(522,'John Tonje','john-tonje',0),(523,'Thomas Sorber','thomas-sorber',0),(524,'Drake Powell','drake-powell',0),(525,'Javon Small','javon-small',0),(526,'Chaz Lanier','chaz-lanier',0),(527,'Ryan Kalkbrenner','ryan-kalkbrenner',0),(528,'Max Shulga','max-shulga',0),(529,'Walter Clayton Jr.','walter-clayton-jr',0),(530,'Kasparas Jakučionis','kasparas-jakucionis',0),(531,'Taelon Peter','taelon-peter',0),(532,'Yang Hansen','yang-hansen',0),(533,'Tre Johnson Iii','tre-johnson-iii',0),(534,'Noa Essengue','noa-essengue',0),(535,'Alex Toohey','alex-toohey',0),(536,'Silas Demary Jr.','silas-demary-jr',0),(537,'Kyle Filipowski','kyle-filipowski',0),(538,'Asa Newell','asa-newell',0),(539,'Koby Brea','koby-brea',0),(540,'Wesley Yates Iii','wesley-yates-iii',0),(541,'Pharrel Payne','pharrel-payne',0),(542,'Egor Dëmin','egor-demin',0),(543,'Liam Mcneeley','liam-mcneeley',0),(544,'Serah Williams','serah-williams',0),(545,'Aj Johnson','aj-johnson',0),(546,'Bennedict Mathurin','bennedict-mathurin',0),(547,'Nic Claxton','nic-claxton',0),(548,'Trae Young','trae-young',0),(549,'Bradley Beal','bradley-beal',0),(550,'Jaren Jackson Jr.','jaren-jackson-jr',0),(551,'Jaylon Tyson','jaylon-tyson',0),(552,'Mark Williams','mark-williams',0),(553,'Onyeka Okongwu','onyeka-okongwu',0),(554,'Chris Paul','chris-paul',0),(555,'Brandon Miller','brandon-miller',0),(556,'Kyshawn George','kyshawn-george',0),(557,'Jalen Green','jalen-green',0),(558,'Jaylen Brown','jaylen-brown',0),(559,'Nikola Vučević','nikola-vucevic',0),(560,'Rob Dillingham','rob-dillingham',0),(561,'Evan Mobley','evan-mobley',0),(562,'Myles Turner','myles-turner',0),(563,'Coby White','coby-white',0),(564,'Austin Reaves','austin-reaves',0),(565,'Matas Buzelis','matas-buzelis',0),(566,'Draymond Green','draymond-green',0),(567,'Deni Avdija','deni-avdija',0),(568,'Buddy Hield','buddy-hield',0),(569,'Lauri Markkanen','lauri-markkanen',0),(570,'Jaime Jaquez Jr.','jaime-jaquez-jr',0),(571,'Jonathan Kuminga','jonathan-kuminga',0),(572,'Joel Embiid','joel-embiid',0),(573,'Kyle Kuzma','kyle-kuzma',0),(574,'Scottie Barnes','scottie-barnes',0),(575,'Paolo Banchero','paolo-banchero',0),(576,'Alex Sarr','alex-sarr',0),(577,'Bub Carrington','bub-carrington',0),(578,'Tyrese Haliburton','tyrese-haliburton',0),(579,'Payton Pritchard','payton-pritchard',0),(580,'Immanuel Quickley','immanuel-quickley',0),(581,'Josh Hart','josh-hart',0),(582,'Jalen Wilson','jalen-wilson',0),(583,'Tidjane Salaün','tidjane-salaun',0),(584,'Kel\'el Ware','kelel-ware',0),(585,'Peyton Watson','peyton-watson',0),(586,'Luguentz Dort','luguentz-dort',0),(587,'Patrick Williams','patrick-williams',0),(588,'Toumani Camara','toumani-camara',0),(589,'Naz Reid','naz-reid',0),(590,'Kristaps Porzingis','kristaps-porzingis',0),(591,'Devin Carter','devin-carter',0),(592,'Russell Westbrook','russell-westbrook',0),(593,'Kevin Durant','kevin-durant',0),(594,'Scoot Henderson','scoot-henderson',0),(595,'Chet Holmgren','chet-holmgren',0),(596,'Jordan Poole','jordan-poole',0),(597,'Jalen Brunson','jalen-brunson',0),(598,'Zaccharie Risacher','zaccharie-risacher',0),(599,'Giannis Antetokounmpo','giannis-antetokounmpo',0),(600,'Domantas Sabonis','domantas-sabonis',0),(601,'Cam Thomas','cam-thomas',0),(602,'Kyrie Irving','kyrie-irving',0),(603,'Jimmy Butler Iii','jimmy-butler-iii',0),(604,'Gary Trent Jr.','gary-trent-jr',0),(605,'Jamal Murray','jamal-murray',0),(606,'Bronny James Jr.','bronny-james-jr',0),(607,'Jared Mccain','jared-mccain',0),(608,'Zach Edey','zach-edey',0),(609,'Ivica Zubac','ivica-zubac',0),(610,'Desmond Bane','desmond-bane',0),(611,'Dalton Knecht','dalton-knecht',0),(612,'Santi Aldama','santi-aldama',0),(613,'Kawhi Leonard','kawhi-leonard',0),(614,'Cameron Johnson','cameron-johnson',0),(615,'Caleb Wilson','caleb-wilson',0),(616,'Jaivian Thomas','jaivian-thomas',0),(617,'Max Klare','max-klare',0),(618,'Bowman University Chrome','bowman-university-chrome',0),(619,'Micah Alejado','micah-alejado',0),(620,'Bowman Chrome University','bowman-chrome-university',0),(621,'Sawyer Robertson','sawyer-robertson',0),(622,'Ahmad Hardy','ahmad-hardy',0),(623,'Matt Lauter','matt-lauter',0),(624,'Sam Leavitt','sam-leavitt',0),(625,'Bowman Chrome University Lettered Up','bowman-chrome-university-lettered-up',0),(626,'Anthony Rogers','anthony-rogers',0),(627,'Evan Pryor','evan-pryor',0),(628,'Durell Robinson','durell-robinson',0),(629,'Kenny Johnson','kenny-johnson',0),(630,'Decker Degraaf','decker-degraaf',0),(631,'D\'angelo Ponds','dangelo-ponds',0),(632,'Maddux Madsen','maddux-madsen',0),(633,'Dylan Stewart','dylan-stewart',0),(634,'Tucker Gleason','tucker-gleason',0),(635,'Jonah Coleman','jonah-coleman',0),(636,'Mark Gronowski','mark-gronowski',0),(637,'College','college',0),(638,'College Football','college-football',0),(639,'Matthew Golden','matthew-golden',0),(640,'Absolute Football','absolute-football',0),(641,'Rookie Wave','rookie-wave',0),(642,'Quinshon Judkins','quinshon-judkins',0),(643,'Emeka Egbuka','emeka-egbuka',0),(644,'Treveyon Henderson','treveyon-henderson',0),(645,'By Storm','by-storm',0),(646,'Tetairoa Mcmillan','tetairoa-mcmillan',0),(647,'Omarion Hampton','omarion-hampton',0),(648,'Cam Skattebo','cam-skattebo',0),(649,'Nico Collins','nico-collins',0),(650,'Draft Diamonds','draft-diamonds',0),(651,'Jalen Hurts','jalen-hurts',0),(652,'Maxx Crosby','maxx-crosby',0),(653,'Bijan Robinson','bijan-robinson',0),(654,'Hog Heaven','hog-heaven',0),(655,'Patrick Mahomes Ii','patrick-mahomes-ii',0),(656,'Portfolio Stabilizer (Star)','portfolio-stabilizer-star',0),(657,'Aaron Donald','aaron-donald',0),(658,'2021','2021',0),(659,'Panini Score','panini-score',0),(660,'Portfolio Stabilizer (Star)','portfolio-stabilizer-star',0),(661,'Graded/Slabbed','graded-slabbed',0),(662,'Arena Club 9.5','arena-club-9-5',0),(663,'Aaron Judge','aaron-judge',0),(664,'2019','2019',0),(665,'Chronicles Classics','chronicles-classics',0),(666,'Light Blue','light-blue',0),(667,'Gabriel Rodriguez','gabriel-rodriguez',0),(668,'Chrome','chrome',0),(669,'Dax Kilby','dax-kilby',0),(670,'Ricardo Cova','ricardo-cova',0),(671,'Nick Kurtz','nick-kurtz',0),(672,'Mojo Refractor','mojo-refractor',0),(673,'Sean Paul Liñan','sean-paul-linan',0),(674,'Raywave Refractor','raywave-refractor',0),(675,'Jojo Parker','jojo-parker',0),(676,'Carson Benge','carson-benge',0),(677,'Isaiah Jackson','isaiah-jackson',0),(678,'Elian Peña','elian-pena',0),(679,'Brady Ebel','brady-ebel',0),(680,'Theo Gillen','theo-gillen',0),(681,'Jr Ritchie','jr-ritchie',0),(682,'Riley Nelson','riley-nelson',0),(683,'Sam Petersen','sam-petersen',0),(684,'Liam Doyle','liam-doyle',0),(685,'Tatsuya Imai','tatsuya-imai',0),(686,'Vladimir Guerrero Jr.','vladimir-guerrero-jr',0),(687,'Victor Figueroa','victor-figueroa',0),(688,'Xavier Neyens','xavier-neyens',0),(689,'Daniel Hernandez','daniel-hernandez',0),(690,'Bryce Rainer','bryce-rainer',0),(691,'Braden Montgomery','braden-montgomery',0),(692,'Enddy Azocar','enddy-azocar',0),(693,'Esteban Mejia','esteban-mejia',0),(694,'Francisco Espinoza','francisco-espinoza',0),(695,'Gage Jump','gage-jump',0),(696,'Henry Lalane','henry-lalane',0),(697,'Alimber Santa','alimber-santa',0),(698,'Charlie Condon','charlie-condon',0),(699,'Colson Montgomery','colson-montgomery',0),(700,'Victor Arias','victor-arias',0),(701,'Junior Caminero','junior-caminero',0),(702,'David Shields','david-shields',0),(703,'Marek Houston','marek-houston',0),(704,'Justin Gonzales','justin-gonzales',0),(705,'Marconi German','marconi-german',0),(706,'Wehiwa Aloy','wehiwa-aloy',0),(707,'Alex Freeland','alex-freeland',0),(708,'Felnin Celesten','felnin-celesten',0),(709,'Dillon Lewis','dillon-lewis',0),(710,'1st Bowman Chrome','1st-bowman-chrome',0),(711,'Wyatt Sanford','wyatt-sanford',0),(712,'Mega Box Refractor','mega-box-refractor',0),(713,'Kehden Hettiger','kehden-hettiger',0),(714,'Auctions','auctions',0),(715,'Auctions','auctions-trading-cards',0),(716,'Rip Packs','rip-packs',0);

--
